MONTHLY CLIMATOLOGICAL SUMMARY for SEP. 2023

NAME: N2KI Weather System - KNYWASHI15   CITY: Washingtonville STATE: NY
ELEV: 300ft LAT: 041:26:00 LONG: 0074:07:00

                            TEMPERATURE ( F), RAIN (in.), WIND SPEED (mph)

                                               HEAT     COOL           AVG
      MEAN                                     DEG      DEG            WIND                       DOM
DAY   TEMP    HIGH   TIME     LOW    TIME      DAYS     DAYS    RAIN   SPEED    HIGH    TIME      DIR
--------------------------------------------------------------------------------------------------------
01    61.2   075.1   14:55    47.6   07:03     03.8     00.0   00.00   00.0     08.1    13:58     ESE
02    66.5   081.1   15:12    51.5   07:05     00.0     01.6   00.00   00.0     09.2    11:16     SSW
03    73.7   087.2   16:25    61.5   06:59     00.0     08.7   00.00   00.0     08.1    14:06      W 
04    75.2   087.2   15:03    64.9   05:53     00.0     10.2   00.00   00.0     05.8    13:24      SW
05    76.8   090.9   14:29    65.5   07:02     00.0     11.8   00.00   00.0     03.5    11:52      SE
06    77.9   090.4   14:46    67.0   06:49     00.0     12.9   00.00   00.0     03.5    12:49     SSE
07    77.5   093.0   15:00    67.7   07:05     00.0     12.6   00.20   00.1     21.9    19:20     SSW
08    71.2   086.8   14:30    65.7   07:02     00.0     06.2   01.13   00.1     14.9    16:27     WSW
09    69.6   081.0   16:13    65.7   06:53     00.0     04.7   00.02   00.0     04.6    17:14     SSE
10    70.0   074.6   17:06    66.4   05:24     00.0     05.1   00.01   00.0     05.8    11:49      SW
11    71.8   082.3   14:43    66.8   23:46     00.0     06.8   00.13   00.0     06.9    15:08      SW
12    70.6   082.0   14:19    64.2   00:00     00.0     05.6   00.00   00.0     06.9    14:37      SW
13    69.0   078.0   17:18    63.7   01:29     00.0     04.1   00.45   00.0     05.8    17:18     WSW
14    65.4   075.5   14:45    54.1   23:50     00.0     00.4   00.00   00.0     08.1    14:03      SW
15    57.9   067.6   14:23    48.4   06:51     07.0     00.0   00.00   00.1     08.1    12:59     SSE
16    62.0   074.9   17:28    51.7   06:21     02.9     00.0   00.00   00.1     08.1    14:49      SW
17    61.7   075.9   13:52    47.8   06:24     03.2     00.0   00.29   00.0     08.1    13:02     WSW
18    62.3   065.0   11:25    57.8   00:00     02.7     00.0   01.58   00.0     04.6    16:40      SE
19    60.9   071.0   14:16    51.2   00:00     04.1     00.0   00.00   00.2     12.7    13:46     WSW
20    58.9   073.0   16:35    48.5   02:36     06.0     00.0   00.00   00.0     09.2    15:12      W 
21    55.9   070.3   14:02    43.6   07:20     09.0     00.0   00.00   00.0     05.8    16:06     SSW
22    58.3   071.1   13:55    45.4   06:47     06.6     00.0   00.00   00.1     10.3    13:22      SE
23    55.9   059.2   00:09    54.6   11:04     09.0     00.0   00.38   00.0     06.9    19:55      N 
24    57.6   059.1   17:54    55.8   00:32     07.4     00.0   00.68   00.0     04.6    12:22      E 
25    56.4   058.4   00:24    53.9   12:43     08.6     00.0   00.56   00.0     08.1    18:13      SE
26    56.2   063.4   16:22    46.3   00:00     08.8     00.0   00.00   00.0     08.1    15:12      E 
27    54.2   067.1   16:51    43.7   01:51     10.8     00.0   00.00   00.0     08.1    13:13      E 
28    53.8   062.2   15:44    42.9   05:34     11.1     00.0   00.00   00.0     03.5    09:01      SE
29    56.3   058.0   15:00    54.1   08:10     08.6     00.0   00.86   00.0     04.6    09:23     WSW
--------------------------------------------------------------------------------------------------------
64.3 (65.2)   93.0  day 07     42.9  day 28   109.5    090.9   06.29   00.0     21.9   day 07      S 
Max >=  86: 6
Min <=  86: 29
Max Rain: 1.58 ON 18-09-23
Days of Rain: 12 (> .008in) 10 (> .08in) 3 (> 0.8in)