MONTHLY CLIMATOLOGICAL SUMMARY for SEP. 2022

NAME: N2KI - Skywarn Spotter ID 15-360NYC   CITY: Washingtonville STATE: NY
ELEV: 300ft LAT: 041:26:00 LONG: 0074:07:00

                            TEMPERATURE ( F), RAIN (in.), WIND SPEED (mph)

                                               HEAT     COOL           AVG
      MEAN                                     DEG      DEG            WIND                       DOM
DAY   TEMP    HIGH   TIME     LOW    TIME      DAYS     DAYS    RAIN   SPEED    HIGH    TIME      DIR
--------------------------------------------------------------------------------------------------------
01    69.7   081.3   16:09    57.5   06:42     00.0     04.8   00.00   00.2     11.5    11:10      W 
02    65.5   081.3   17:00    46.9   06:56     00.0     00.6   00.00   00.1     10.3    21:35      SW
03    69.8   083.4   15:02    53.5   06:40     00.0     04.8   00.00   00.1     09.2    19:53      SW
04    74.5   087.6   14:06    66.5   07:07     00.0     09.5   00.00   00.0     08.1    16:34      W 
05    70.1   079.8   14:02    64.8   08:03     00.0     05.2   00.37   00.0     04.6    14:10     SSW
06    67.3   069.4   11:09    63.8   00:00     00.0     02.3   01.02   00.0     05.8    12:41      SE
07    65.0   069.7   13:14    62.7   09:24     00.0     00.0   00.04   00.0     08.1    10:56      SE
08    67.2   078.8   15:28    59.5   00:00     00.0     02.3   00.00   00.0     04.6    16:00      SE
09    65.9   081.4   14:31    52.6   07:02     00.0     01.0   00.00   00.0     05.8    13:38      SE
10    68.2   086.1   14:51    53.0   07:11     00.0     03.3   00.00   00.0     06.9    15:20      SE
11    65.8   072.7   13:20    62.5   04:55     00.0     00.8   00.04   00.0     05.8    16:11     SSW
12    69.4   079.5   17:01    64.1   07:03     00.0     04.4   00.02   00.0     00.0    00:00     WNW
13    72.8   082.0   15:25    61.8   00:00     00.0     07.9   00.32   00.1     16.1    00:46     SSW
14    66.7   079.4   14:49    55.9   06:24     00.0     01.7   00.00   00.2     11.5    09:35      W 
15    62.3   072.3   16:27    48.0   00:00     02.7     00.0   00.00   00.1     06.9    16:54      W 
16    57.9   073.7   16:51    42.1   06:50     07.0     00.0   00.00   00.0     03.5    16:11     WSW
17    66.0   076.5   16:11    58.1   08:03     00.0     01.1   00.00   00.2     10.3    21:10     SSW
18    72.1   084.0   14:42    60.4   07:40     00.0     07.1   00.00   00.1     10.3    16:41      W 
19    70.7   083.4   13:02    63.8   23:46     00.0     05.7   00.25   00.1     09.2    16:59     WNW
20    67.1   075.6   16:00    58.8   07:35     00.0     02.2   00.00   00.1     06.9    16:21     WNW
21    67.4   079.4   16:45    53.1   07:32     00.0     02.4   00.00   00.0     06.9    15:50     WSW
22    64.2   070.6   00:03    52.6   00:00     00.7     00.0   00.25   00.2     14.9    17:33     WSW
23    52.8   061.8   14:04    46.9   07:08     12.1     00.0   00.00   00.8     13.8    13:17      W 
24    53.2   069.2   14:27    39.8   07:13     11.8     00.0   00.00   00.1     08.1    12:27      W 
25    58.5   068.7   15:40    48.3   00:12     06.5     00.0   00.01   00.1     10.3    14:55     WSW
26    62.2   073.3   15:15    51.2   00:00     02.7     00.0   00.00   00.4     14.9    17:06     WSW
27    55.1   065.1   15:25    47.2   00:00     09.8     00.0   00.00   00.2     11.5    16:50     WNW
28    56.4   068.9   15:25    44.0   05:46     08.6     00.0   00.00   00.1     09.2    17:46      W 
29    53.2   066.0   14:42    40.7   07:32     11.7     00.0   00.00   00.0     05.8    13:12     SSE
30    51.0   061.0   15:06    41.2   04:02     14.0     00.0   00.00   00.0     04.6    18:27     ESE
--------------------------------------------------------------------------------------------------------
64.3 (64.7)   87.6  day 04     39.8  day 24   087.5    067.2   02.33   00.1     16.1   day 26     WSW
Max >=  86: 2
Min <=  86: 30
Max Rain: 1.02 ON 6-09-22
Days of Rain: 9 (> .008in) 5 (> .08in) 1 (> 0.8in)