MONTHLY CLIMATOLOGICAL SUMMARY for SEP. 2021

NAME: N2KI - Skywarn Spotter ID 15-360NYC   CITY: Washingtonville STATE: NY
ELEV: 300ft LAT: 041:26:00 LONG: 0074:07:00

                            TEMPERATURE ( F), RAIN (in.), WIND SPEED (mph)

                                               HEAT     COOL           AVG
      MEAN                                     DEG      DEG            WIND                       DOM
DAY   TEMP    HIGH   TIME     LOW    TIME      DAYS     DAYS    RAIN   SPEED    HIGH    TIME      DIR
--------------------------------------------------------------------------------------------------------
01    65.0   067.5   03:58    60.9   22:44     00.0     00.0   03.90   00.5     09.2    20:17     NNE
02    64.9   074.4   14:34    57.3   07:36     00.0     00.0   00.15   00.5     08.1    15:53     ENE
03    61.4   073.2   14:19    50.9   06:29     03.5     00.0   00.00   00.1     03.5    22:44     SSE
04    64.4   078.7   15:49    52.7   06:37     00.5     00.0   00.00   00.2     04.6    15:04      SW
05    65.2   070.0   16:56    58.3   04:39     00.0     00.2   00.01   00.2     05.8    08:36      SW
06    69.3   080.2   16:10    58.0   00:00     00.0     04.4   00.19   00.4     06.9    16:06     WSW
07    65.6   078.7   15:12    52.9   06:47     00.0     00.7   00.00   00.3     04.6    23:49     WSW
08    73.5   083.2   15:01    63.1   07:07     00.0     08.5   00.11   00.8     11.5    21:01      W 
09    67.9   071.3   14:03    63.7   00:00     00.0     03.0   00.24   00.0     03.5    13:00     WSW
10    64.0   073.7   14:48    52.4   00:00     00.9     00.0   00.00   00.4     06.9    16:49      W 
11    63.4   076.8   14:56    49.0   06:31     01.5     00.0   00.00   00.3     05.8    12:15     WNW
12    71.3   081.4   14:56    60.8   04:42     00.0     06.4   00.00   00.6     08.1    10:02     WNW
13    73.5   083.2   14:10    63.5   00:00     00.0     08.6   00.00   00.2     06.9    14:09      W 
14    70.0   080.2   16:36    61.2   07:16     00.0     05.0   00.02   00.4     09.2    21:57     SSW
15    75.4   086.4   14:17    67.1   06:18     00.0     10.5   00.03   00.4     09.2    14:25     WSW
16    69.4   076.5   15:39    64.0   08:22     00.0     04.4   00.37   00.2     03.5    23:32     ESE
17    69.8   073.6   16:31    66.4   09:06     00.0     04.9   00.01   00.0     03.5    16:30      SE
18    72.8   082.5   16:52    66.8   23:10     00.0     07.8   00.00   00.1     04.6    14:50      S 
19    63.8   073.9   13:37    53.7   00:00     01.1     00.0   00.00   00.2     03.5    16:12      NE
20    61.9   076.3   14:13    48.7   07:06     03.0     00.0   00.00   00.3     08.1    21:16     ENE
21    64.1   074.3   16:23    51.5   06:42     00.9     00.0   00.00   00.3     05.8    19:38     SSE
22    73.5   080.6   14:22    67.2   00:30     00.0     08.5   00.04   00.7     09.2    23:10     SSE
23    72.6   077.5   13:21    63.0   00:00     00.0     07.7   01.08   01.0     13.8    12:36     SSE
24    61.3   072.4   14:46    52.2   00:00     03.7     00.0   00.51   00.3     05.8    11:46     WSW
25    59.8   076.1   14:25    47.3   07:13     05.1     00.0   00.00   00.1     03.5    15:16      S 
26    60.3   070.9   14:06    51.9   23:48     04.7     00.0   00.00   00.4     06.9    15:48      W 
27    64.4   077.8   14:40    49.8   03:11     00.6     00.0   00.00   00.5     09.2    15:07      W 
28    63.1   068.4   16:15    53.5   00:00     01.9     00.0   00.19   00.3     05.8    04:05     WNW
29    55.9   067.2   15:06    44.5   07:30     09.1     00.0   00.00   00.1     05.8    12:14     SSW
30    55.6   064.3   13:54    46.2   23:37     09.4     00.0   00.00   00.1     03.5    15:54     WSW
--------------------------------------------------------------------------------------------------------
66.1 (66.2)   86.4  day 15     44.5  day 29   045.8    080.6   06.86   00.3     13.8   day 23     WSW
Max >=  86: 1
Min <=  86: 30
Max Rain: 3.90 ON 1-09-21
Days of Rain: 14 (> .008in) 9 (> .08in) 2 (> 0.8in)