MONTHLY CLIMATOLOGICAL SUMMARY for SEP. 2020

NAME: N2KI - Skywarn Spotter ID 15-360NYC   CITY: Washingtonville STATE: NY
ELEV: 300ft LAT: 041:26:00 LONG: 0074:07:00

                            TEMPERATURE ( F), RAIN (in.), WIND SPEED (mph)

                                               HEAT     COOL           AVG
      MEAN                                     DEG      DEG            WIND                       DOM
DAY   TEMP    HIGH   TIME     LOW    TIME      DAYS     DAYS    RAIN   SPEED    HIGH    TIME      DIR
--------------------------------------------------------------------------------------------------------
01    67.9   074.0   15:13    60.2   01:11     00.0     02.9   00.02   00.6     10.3    12:29      SE
02    71.7   077.8   17:14    66.3   05:43     00.0     06.8   00.33   00.3     05.8    21:27      W 
03    73.9   084.0   15:08    65.1   07:21     00.0     08.9   00.56   00.1     06.9    00:14      SW
04    71.8   082.4   15:09    58.6   00:00     00.0     06.9   00.00   00.4     06.9    15:27      W 
05    64.7   078.6   15:47    51.5   07:04     00.2     00.0   00.00   00.3     05.8    13:34     WSW
06    68.5   080.4   14:24    56.2   07:19     00.0     03.6   00.00   00.2     06.9    22:33      SW
07    70.5   080.2   13:47    59.4   07:15     00.0     05.5   00.00   00.6     11.5    15:48     WSW
08    71.2   085.9   15:36    57.3   06:46     00.0     06.3   00.00   00.3     06.9    13:07     SSW
09    71.6   085.6   13:36    59.1   06:04     00.0     06.7   00.00   00.1     04.6    17:25      W 
10    73.8   081.5   14:00    68.1   05:45     00.0     08.8   00.18   00.1     03.5    17:58     NNW
11    67.2   072.4   14:54    56.0   00:00     00.0     02.2   00.00   00.4     04.6    14:04     ENE
12    61.5   072.9   15:09    49.3   07:21     03.5     00.0   00.00   00.5     09.2    22:08      SE
13    66.2   077.4   13:14    52.9   02:19     00.0     01.3   00.00   00.5     10.3    13:55      SW
14    66.2   074.7   14:44    50.1   00:00     00.0     01.3   00.00   00.3     06.9    16:31      W 
15    52.8   065.9   15:23    40.4   07:27     12.2     00.0   00.00   00.2     06.9    11:29      S 
16    55.8   071.3   14:53    40.9   07:15     09.2     00.0   00.00   00.4     08.1    16:07     WSW
17    60.9   075.7   15:26    45.8   06:34     04.0     00.0   00.00   00.2     06.9    22:07     WNW
18    59.9   070.2   15:13    51.3   00:00     05.0     00.0   00.00   00.7     05.8    09:02     ENE
19    49.3   062.5   14:56    34.9   07:09     15.6     00.0   00.00   00.4     06.9    11:18     NNE
20    47.8   062.8   14:50    36.5   02:04     17.2     00.0   00.00   00.4     06.9    12:21     SSE
21    46.8   064.3   15:22    30.3   07:17     18.1     00.0   00.00   00.3     06.9    13:12     ESE
22    51.3   071.9   16:23    30.9   07:08     13.7     00.0   00.00   00.3     06.9    17:54      S 
23    62.9   079.3   15:09    47.3   01:20     02.1     00.0   00.00   00.6     08.1    13:01     WSW
24    61.2   076.2   15:38    48.6   07:21     03.8     00.0   00.00   00.2     06.9    15:10      W 
25    64.4   081.5   13:52    50.0   07:15     00.6     00.0   00.00   00.1     04.6    17:57      NW
26    64.6   076.3   15:57    53.3   06:59     00.3     00.0   00.00   00.3     08.1    16:22     ESE
27    70.8   079.6   15:12    63.0   06:29     00.0     05.9   00.00   00.3     09.2    00:12      SW
28    72.8   078.8   15:57    68.6   05:21     00.0     07.9   00.02   00.8     11.5    13:17     SSE
29    69.3   073.5   17:05    65.8   05:39     00.0     04.4   00.40   00.5     10.3    23:51     WSW
30    63.2   071.8   02:17    56.7   06:19     01.7     00.0   01.24   01.2     11.5    13:29      W 
--------------------------------------------------------------------------------------------------------
64.1 (64.1)   85.9  day 08     30.3  day 21   107.1    081.8   02.93   00.4     11.5   day 30      SW
Min <=  86: 31
Max Rain: 1.24 ON 30-09-20
Days of Rain: 7 (> .008in) 5 (> .08in) 1 (> 0.8in)