MONTHLY CLIMATOLOGICAL SUMMARY for SEP. 2019

NAME: N2KI - Skywarn Spotter ID 15-360NYC   CITY: Washingtonville STATE: NY
ELEV: 300ft LAT: 041:26:00 LONG: 0074:07:00

                            TEMPERATURE ( F), RAIN (in.), WIND SPEED (mph)

                                               HEAT     COOL           AVG
      MEAN                                     DEG      DEG            WIND                       DOM
DAY   TEMP    HIGH   TIME     LOW    TIME      DAYS     DAYS    RAIN   SPEED    HIGH    TIME      DIR
--------------------------------------------------------------------------------------------------------
01    65.3   077.5   15:15    52.8   07:11     00.0     00.3   00.00   00.3     12.7    23:59     WSW
02    70.2   078.6   16:17    65.6   06:43     00.0     05.2   00.20   00.5     17.3    10:27      W 
03    71.3   082.9   16:10    62.3   08:08     00.0     06.4   00.00   00.0     08.1    20:56      W 
04    72.1   085.7   15:59    63.1   03:51     00.0     07.2   00.00   00.3     12.7    16:20     WNW
05    63.3   072.8   15:20    54.4   07:52     01.6     00.0   00.00   00.0     01.1    22:42      N 
06    59.6   066.7   14:09    53.0   05:37     05.3     00.0   00.13   00.0     06.9    16:17      NE
07    61.1   072.8   15:40    50.1   07:22     03.8     00.0   00.04   00.1     11.5    17:40     WNW
08    64.5   077.1   15:28    54.4   02:31     00.4     00.0   00.00   00.0     00.0    00:00      W 
09    65.6   076.3   15:49    55.6   07:21     00.0     00.6   00.00   00.0     02.3    13:44     SSW
10    68.5   077.7   16:03    61.0   07:07     00.0     03.6   00.03   00.2     11.5    23:52      S 
11    76.0   088.7   15:40    66.9   05:22     00.0     11.1   00.00   00.2     10.3    09:26     WNW
12    66.1   072.0   00:05    60.4   00:00     00.0     01.1   00.02   00.0     00.0    00:00      W 
13    61.8   070.4   14:01    52.3   07:22     03.1     00.0   00.00   00.0     00.0    00:00      SE
14    65.7   070.9   15:52    60.5   03:21     00.0     00.7   00.07   00.0     00.0    00:00     SSW
15    67.2   080.3   15:14    57.9   07:41     00.0     02.3   00.00   00.0     00.0    00:00      SW
16    64.9   074.1   16:11    57.3   00:00     00.1     00.0   00.00   00.0     00.0    00:00      SW
17    60.4   075.7   15:11    47.9   07:26     04.6     00.0   00.00   00.0     00.0    00:00      S 
18    55.8   069.3   15:12    44.4   07:07     09.1     00.0   00.00   00.0     00.0    00:00      SE
19    53.4   070.8   15:14    37.8   07:15     11.5     00.0   00.00   00.0     00.0    00:00     SSE
20    58.5   078.3   16:56    41.3   04:07     06.4     00.0   00.00   00.0     00.0    00:00      W 
21    63.7   083.6   14:58    47.9   07:12     01.2     00.0   00.00   00.0     00.0    00:00     SSW
22    69.9   088.3   14:11    49.4   07:30     00.0     05.0   00.00   00.0     10.3    15:32     SSW
23    78.4   090.8   14:52    66.1   07:08     00.0     13.4   00.00   00.5     17.3    12:30     WNW
24    65.7   074.9   00:02    52.2   00:00     00.0     00.8   00.00   00.4     12.7    14:54      W 
25    61.1   077.8   17:19    47.6   06:57     03.8     00.0   00.00   00.1     09.2    12:06     WSW
26    59.5   076.0   11:44    49.0   07:23     05.4     00.0   00.11   00.1     11.5    10:21     WSW
27    59.4   074.4   17:17    45.0   07:37     05.5     00.0   00.01   00.1     08.1    16:29      W 
28    68.5   082.5   17:21    52.6   07:48     00.0     03.5   00.00   00.3     12.7    15:02     WNW
29    66.2   074.8   14:53    57.4   23:23     00.0     01.2   00.00   00.2     10.3    15:45      E 
30    59.5   068.4   13:54    51.2   06:01     05.5     00.0   00.02   00.0     06.9    14:17      SE
--------------------------------------------------------------------------------------------------------
64.8 (65.5)   90.8  day 23     37.8  day 19   067.3    062.5   00.64   00.1     17.3   day 24     WSW
Max >=  86: 3
Min <=  86: 30
Max Rain: 0.20 ON 2-09-19
Days of Rain: 9 (> .008in) 3 (> .08in) 0 (> 0.8in)