MONTHLY CLIMATOLOGICAL SUMMARY for SEP. 2018

NAME: N2KI - Skywarn Spotter ID 15-360NYC   CITY: Washingtonville STATE: NY
ELEV: 300ft LAT: 041:26:00 LONG: 0074:07:00

                            TEMPERATURE ( F), RAIN (in.), WIND SPEED (mph)

                                               HEAT     COOL           AVG
      MEAN                                     DEG      DEG            WIND                       DOM
DAY   TEMP    HIGH   TIME     LOW    TIME      DAYS     DAYS    RAIN   SPEED    HIGH    TIME      DIR
--------------------------------------------------------------------------------------------------------
01    70.3   077.0   16:24    66.3   07:40     00.0     05.3   00.00   00.0     04.6    18:23      SE
02    71.5   082.5   16:32    61.0   06:51     00.0     06.6   00.00   00.0     06.9    15:43     WSW
03    79.1   091.5   14:27    70.9   02:38     00.0     14.2   00.00   00.0     08.1    13:07     WNW
04    79.2   090.8   16:26    70.1   07:29     00.0     14.3   00.00   00.0     08.1    17:49      SW
05    79.3   092.3   15:15    67.2   07:08     00.0     14.4   00.00   00.1     13.8    21:07      W 
06    78.9   092.9   15:19    72.7   00:00     00.0     14.0   00.92   00.1     08.1    16:37     WSW
07    67.9   072.8   00:55    64.9   00:00     00.0     03.0   00.02   00.0     04.6    17:20     SSE
08    61.5   065.0   04:38    54.5   00:00     03.4     00.0   00.02   00.0     05.8    10:48      E 
09    55.7   059.1   15:52    53.1   05:05     09.2     00.0   00.10   00.0     03.5    23:56     ESE
10    55.4   058.6   16:11    51.7   04:50     09.5     00.0   01.22   00.0     17.3    13:22     SSE
11    64.2   073.0   17:16    57.9   04:47     00.8     00.0   00.03   00.0     03.5    14:43     WSW
12    69.2   072.8   16:28    66.8   07:40     00.0     04.3   00.21   00.0     03.5    16:17     SSE
13    71.6   078.5   17:01    67.0   00:00     00.0     06.7   00.01   00.0     03.5    13:09     ESE
14    69.4   073.7   17:29    65.9   00:59     00.0     04.5   00.01   00.0     06.9    12:36     ESE
15    71.4   083.6   15:34    62.5   07:24     00.0     06.5   00.00   00.0     04.6    14:14      SE
16    72.2   086.1   15:12    61.2   07:16     00.0     07.3   00.00   00.0     01.1    22:21      SE
17    70.3   079.1   14:25    61.1   07:19     00.0     05.4   00.07   00.0     09.2    12:09     SSE
18    72.4   077.3   10:34    65.8   00:00     00.0     07.4   00.82   00.1     09.2    03:10      SE
19    68.5   077.5   16:28    61.5   07:08     00.0     03.5   00.01   00.0     06.9    13:03      SE
20    64.9   070.4   16:14    60.3   08:14     00.1     00.0   00.00   00.0     06.9    19:31      SE
21    68.1   072.3   23:59    65.0   07:21     00.0     03.1   00.00   00.3     18.4    11:28      SW
22    64.9   072.4   01:45    54.0   00:00     00.0     00.0   00.00   00.1     12.7    01:10      W 
23    55.6   061.9   15:20    51.5   00:00     09.3     00.0   00.00   00.0     02.3    09:34     WSW
24    56.4   061.9   13:58    50.8   08:10     08.5     00.0   00.00   00.0     08.1    21:57      S 
25    56.0   059.7   16:04    51.6   06:11     09.0     00.0   01.49   00.0     08.1    01:49     ESE
26    70.0   082.4   13:50    59.0   00:06     00.0     05.0   00.55   00.2     11.5    16:37      S 
27    61.9   068.1   13:55    56.0   06:28     03.1     00.0   00.15   00.0     04.6    11:52      SE
28    56.4   061.8   17:16    52.0   00:00     08.5     00.0   00.65   00.0     05.8    10:03     ESE
29    57.9   070.1   15:15    49.9   02:31     07.1     00.0   00.00   00.1     11.5    16:05     SSW
30    56.1   067.0   15:36    47.5   05:58     08.9     00.0   00.00   00.0     03.5    15:57     WNW
--------------------------------------------------------------------------------------------------------
66.5 (67.2)   92.9  day 06     47.5  day 30   077.4    125.4   06.28   00.0     18.4   day 10      S 
Max >=  86: 5
Min <=  86: 30
Max Rain: 1.49 ON 25-09-18
Days of Rain: 16 (> .008in) 9 (> .08in) 4 (> 0.8in)