MONTHLY CLIMATOLOGICAL SUMMARY for SEP. 2017

NAME: N2KI - Skywarn Spotter ID 15-360NYC   CITY: Washingtonville STATE: NY
ELEV: 300ft LAT: 041:26:00 LONG: 0074:07:00

                            TEMPERATURE ( F), RAIN (in.), WIND SPEED (mph)

                                               HEAT     COOL           AVG
      MEAN                                     DEG      DEG            WIND                       DOM
DAY   TEMP    HIGH   TIME     LOW    TIME      DAYS     DAYS    RAIN   SPEED    HIGH    TIME      DIR
--------------------------------------------------------------------------------------------------------
01    56.9   070.0   16:10    42.9   07:06     08.1     00.0   00.00   00.2     11.5    14:25      W 
02    54.2   065.7   14:10    40.0   07:01     10.7     00.0   00.48   00.1     06.9    13:21     SSW
03    57.5   064.8   18:25    53.8   01:32     07.5     00.0   00.40   00.0     06.9    18:08      SE
04    67.8   080.0   16:33    56.0   04:13     00.0     02.8   00.00   00.4     12.7    14:51      W 
05    73.2   085.8   14:53    65.9   07:30     00.0     08.3   00.01   00.3     11.5    19:50      W 
06    61.8   066.4   00:04    58.5   00:00     03.2     00.0   00.67   00.0     08.1    09:51      S 
07    60.2   070.4   15:57    53.9   23:55     04.8     00.0   00.11   00.2     12.7    16:42      W 
08    58.1   069.5   15:58    49.5   07:16     06.8     00.0   00.00   00.3     11.5    15:59      W 
09    54.5   064.5   13:37    44.4   07:17     10.5     00.0   00.00   00.0     04.6    18:24     WSW
10    56.3   071.2   16:24    42.6   07:03     08.6     00.0   00.00   00.0     08.1    12:12      S 
11    57.8   075.6   16:20    43.2   06:57     07.1     00.0   00.00   00.0     05.8    14:16     SSE
12    61.0   078.9   16:18    46.3   06:41     03.9     00.0   00.00   00.0     06.9    14:25      W 
13    65.6   080.5   14:17    50.9   07:14     00.0     00.6   00.00   00.1     06.9    15:30      W 
14    68.7   076.0   14:11    63.4   07:30     00.0     03.8   00.52   00.0     05.8    13:15     WSW
15    68.4   081.7   15:51    60.5   06:42     00.0     03.5   00.01   00.0     04.6    07:47     WSW
16    69.3   083.2   16:00    59.7   06:25     00.0     04.3   00.00   00.0     06.9    16:11     SSE
17    69.1   082.5   15:36    61.2   04:45     00.0     04.1   00.00   00.0     06.9    17:47      SE
18    68.6   079.9   15:59    60.8   05:12     00.0     03.7   00.00   00.1     06.9    17:44     SSE
19    69.6   077.8   15:14    61.7   01:44     00.0     04.6   00.00   00.1     08.1    14:53      E 
20    71.9   078.0   16:48    68.3   23:31     00.0     06.9   00.00   00.1     09.2    12:11     ESE
21    70.4   078.9   15:21    62.3   00:00     00.0     05.4   00.00   00.0     05.8    09:06      SE
22    67.8   079.5   15:16    56.1   07:27     00.0     02.9   00.00   00.1     09.2    11:22     ESE
23    68.5   086.1   16:01    54.3   07:10     00.0     03.5   00.00   00.0     04.6    12:00     ESE
24    71.2   088.9   16:30    56.8   07:02     00.0     06.3   00.00   00.0     03.5    16:33     ESE
25    74.7   089.7   16:26    61.3   07:29     00.0     09.8   00.00   00.0     06.9    19:04      SE
26    73.7   087.9   15:03    61.6   07:14     00.0     08.8   00.00   00.0     04.6    17:50      SE
27    72.5   087.2   14:19    58.7   07:17     00.0     07.6   00.00   00.0     03.5    15:34     ESE
28    66.3   073.9   14:55    51.8   00:00     00.0     01.3   00.00   00.2     13.8    15:50     WSW
29    53.9   065.8   16:45    43.2   07:36     11.0     00.0   00.00   00.1     06.9    17:56      W 
30    52.5   057.0   15:44    48.2   06:32     12.5     00.0   00.06   00.1     06.9    16:40      NW
--------------------------------------------------------------------------------------------------------
64.7 (65.6)   89.7  day 25     40.0  day 02   094.6    088.3   02.27   00.1     13.8   day 28     SSW
Max >=  86: 5
Min <=  86: 30
Max Rain: 0.67 ON 6-09-17
Days of Rain: 8 (> .008in) 5 (> .08in) 0 (> 0.8in)