MONTHLY CLIMATOLOGICAL SUMMARY for SEP. 2015

NAME: N2KI - Skywarn Spotter ID 13-330NYC   CITY: Washingtonville STATE: NY
ELEV: 300ft LAT: 041:26:00 LONG: 0074:07:00

                            TEMPERATURE ( F), RAIN (in.), WIND SPEED (mph)

                                               HEAT     COOL           AVG
      MEAN                                     DEG      DEG            WIND                       DOM
DAY   TEMP    HIGH   TIME     LOW    TIME      DAYS     DAYS    RAIN   SPEED    HIGH    TIME      DIR
--------------------------------------------------------------------------------------------------------
01    73.5   086.7   16:56    62.9   07:12     00.0     08.6   00.00   00.0     05.8    13:34     SSW
02    74.2   091.0   15:55    59.8   06:15     00.0     09.2   00.00   00.1     06.9    16:09     SSW
03    75.1   090.1   15:48    61.7   06:25     00.0     10.1   00.00   00.0     08.1    14:07      W 
04    73.7   081.1   17:43    67.6   06:55     00.0     08.8   00.00   00.1     08.1    23:38     ESE
05    71.9   084.6   16:56    58.9   07:18     00.0     06.9   00.00   00.1     10.3    19:44      SE
06    71.1   088.0   16:30    53.8   07:05     00.0     06.1   00.00   00.1     08.1    15:22      SW
07    75.0   091.7   16:16    56.0   07:01     00.0     10.0   00.00   00.3     11.5    15:02      W 
08    79.7   094.8   15:26    66.1   07:14     00.0     14.7   00.00   00.3     10.3    16:19      W 
09    79.3   093.2   16:08    66.2   06:44     00.0     14.4   00.03   00.5     12.7    20:08      W 
10    70.1   075.2   14:50    65.2   21:02     00.0     05.2   01.53   00.0     08.1    14:49      SE
11    68.6   080.8   16:35    61.8   00:00     00.0     03.7   00.02   00.0     08.1    13:06      SE
12    65.9   075.0   13:49    58.1   03:59     00.0     00.9   01.31   00.1     11.5    22:38     ESE
13    67.2   076.5   14:41    56.6   00:00     00.0     02.3   00.08   00.4     11.5    18:16     WSW
14    60.9   073.5   16:34    52.5   00:00     04.0     00.0   00.00   00.5     19.6    12:22      W 
15    64.8   082.4   15:56    51.9   07:14     00.1     00.0   00.00   00.1     06.9    15:42     WSW
16    65.4   084.9   16:27    50.3   07:19     00.0     00.4   00.00   00.0     05.8    13:15      W 
17    67.4   085.9   15:02    52.4   07:12     00.0     02.4   00.00   00.1     06.9    16:31     WSW
18    69.0   085.6   15:48    52.2   07:15     00.0     04.1   00.00   00.2     11.5    20:00      SW
19    69.3   082.1   14:56    53.9   07:08     00.0     04.3   00.00   00.3     11.5    12:18     WSW
20    66.9   073.7   15:35    50.6   00:00     00.0     01.9   00.00   00.1     09.2    00:30      NE
21    58.4   070.3   15:31    48.9   07:10     06.5     00.0   00.00   00.0     06.9    14:18      E 
22    59.1   068.9   16:41    50.9   00:00     05.9     00.0   00.00   00.0     05.8    13:16     ENE
23    57.7   077.6   16:13    44.3   06:39     07.2     00.0   00.00   00.0     04.6    12:18     ENE
24    60.3   078.5   16:36    43.5   07:01     04.6     00.0   00.00   00.0     08.1    11:54      SE
25    60.7   072.4   15:49    52.5   06:50     04.2     00.0   00.00   00.0     08.1    16:03      E 
26    57.9   069.3   16:46    50.1   04:48     07.1     00.0   00.00   00.0     08.1    23:26     ESE
27    58.0   073.7   15:23    42.6   07:22     07.0     00.0   00.00   00.1     08.1    16:40      SE
28    66.4   077.5   15:39    54.3   00:17     00.0     01.5   00.00   00.2     11.5    17:13     SSE
29    72.3   081.4   13:37    67.1   02:03     00.0     07.4   00.15   00.1     10.3    13:52     WSW
30    66.3   074.5   10:00    54.5   23:39     00.0     01.4   01.95   00.2     11.5    06:39      E 
--------------------------------------------------------------------------------------------------------
67.5 (68.1)   94.8  day 08     42.6  day 27   046.6    124.3   05.07   00.1     19.6   day 30     SSW
Max >=  86: 7
Min <=  86: 30
Max Rain: 1.95 ON 30-09-15
Days of Rain: 7 (> .008in) 5 (> .08in) 3 (> 0.8in)