MONTHLY CLIMATOLOGICAL SUMMARY for SEP. 2014

NAME: N2KI - Skywarn Spotter ID 13-330NYC   CITY: Washingtonville STATE: NY
ELEV: 300ft LAT: 041:26:00 LONG: 0074:07:00

                            TEMPERATURE ( F), RAIN (in.), WIND SPEED (mph)

                                               HEAT     COOL           AVG
      MEAN                                     DEG      DEG            WIND                       DOM
DAY   TEMP    HIGH   TIME     LOW    TIME      DAYS     DAYS    RAIN   SPEED    HIGH    TIME      DIR
----------------------------------------------------------------------------------------------------------------------------------------------------------
01    76.2   086.6   16:45    67.5   07:01     00.0     11.2   00.00   00.1     09.2    13:09      N 
02    79.6   091.0   15:13    68.4   07:07     00.0     14.7   00.00   00.4     12.7    23:56      N 
03    73.3   085.9   15:48    60.7   00:00     00.0     08.3   00.00   00.2     11.5    00:39      N 
04    72.1   087.9   16:49    54.1   06:49     00.0     07.1   00.00   00.3     12.7    21:31      N 
05    76.1   087.0   15:22    62.9   07:08     00.0     11.1   00.00   00.4     12.7    13:55      N 
06    76.6   089.3   13:35    62.4   00:00     00.0     11.7   00.00   00.3     13.8    14:07      N 
07    66.1   078.1   16:32    55.6   00:00     00.0     01.2   00.00   00.0     05.8    13:45      N 
08    63.1   076.1   15:06    48.6   06:59     01.8     00.0   00.00   00.2     11.5    14:53      N 
09    63.2   071.6   17:08    53.5   07:05     01.8     00.0   00.00   00.0     04.6    23:36      N 
10    67.0   078.2   16:13    54.5   07:10     00.0     02.0   00.00   00.5     16.1    21:30      N 
11    71.0   078.7   16:55    64.4   00:00     00.0     06.1   00.00   00.6     12.7    06:48      N 
12    63.2   072.5   14:01    55.2   04:53     01.7     00.0   00.00   00.0     09.2    14:10      N 
13    56.7   061.1   17:47    52.0   03:28     08.3     00.0   00.00   00.0     06.9    11:58      N 
14    54.6   067.5   16:36    43.3   06:20     10.3     00.0   00.00   00.0     03.5    16:12      N 
15    54.5   070.1   16:29    41.8   07:14     10.5     00.0   00.00   00.0     08.1    16:30      N 
16    58.0   068.8   14:15    50.6   00:00     06.9     00.0   00.18   00.0     05.8    17:07      W 
17    55.4   071.2   16:31    42.5   07:02     09.5     00.0   00.01   00.1     08.1    16:06      W 
18    57.1   075.8   15:11    41.3   07:06     07.9     00.0   00.00   00.1     08.1    13:08      W 
19    56.0   071.2   12:34    49.6   07:20     09.0     00.0   00.00   00.3     13.8    11:51      SW
20    70.4   075.1   00:59    64.1   00:00     00.0     05.5   00.00   01.6     25.3    19:33      S 
21    68.5   079.6   15:43    60.3   03:44     00.0     03.6   00.03   00.2     10.3    17:51     SSW
22    60.1   068.0   12:52    46.6   00:00     04.8     00.0   00.01   00.7     19.6    14:10      W 
23    55.5   073.8   16:07    39.8   07:15     09.5     00.0   00.00   00.1     06.9    13:05     WSW
24    58.2   071.8   14:14    43.5   07:28     06.7     00.0   00.00   00.1     10.3    17:28     SSE
25    59.1   063.4   16:20    55.2   23:59     05.8     00.0   00.01   00.0     05.8    10:53      E 
26    60.8   077.0   16:37    46.1   07:32     04.1     00.0   00.00   00.1     06.9    15:13      E 
27    62.3   082.6   15:32    45.0   07:20     02.7     00.0   00.00   00.0     08.1    12:28     ENE
28    65.3   086.3   16:10    48.6   07:26     00.0     00.4   00.00   00.1     06.9    14:49      NW
29    65.2   076.5   15:13    56.2   07:16     00.0     00.2   00.00   00.0     03.5    21:17     WSW
30    63.0   074.6   13:14    54.6   07:44     01.9     00.0   00.00   00.2     14.9    14:58      S 
----------------------------------------------------------------------------------------------------------------------------------------------------------
64.0 (64.8)   91.0  day 02     39.8  day 23   111.9    083.1   00.83   00.2     25.3   day 20     NNW
Max >=  86: 6
Min <=  86: 31
Max Rain: 0.18 ON 16-09-14
Days of Rain: 5 (> .008in) 1 (> .08in) 0 (> 0.8in)