MONTHLY CLIMATOLOGICAL SUMMARY for SEP. 2013

NAME: N2KI - Skywarn Spotter ID 13-330NYC   CITY: Washingtonville STATE: NY
ELEV: 300ft LAT: 041:26:00 LONG: 0074:07:00

                            TEMPERATURE ( F), RAIN (in.), WIND SPEED (mph)

                                               HEAT     COOL           AVG
      MEAN                                     DEG      DEG            WIND                       DOM
DAY   TEMP    HIGH   TIME     LOW    TIME      DAYS     DAYS    RAIN   SPEED    HIGH    TIME      DIR
----------------------------------------------------------------------------------------------------------------------------------------------------------
01    75.5   080.3   14:36    71.0   15:33     00.0     10.6   00.95   00.1     08.1    23:33      W 
02    74.2   082.8   15:03    69.0   00:00     00.0     09.3   00.70   00.1     09.2    15:53     WNW
03    69.1   078.2   16:21    60.4   00:00     00.0     04.1   00.11   00.2     11.5    15:48     SSW
04    67.6   080.2   16:13    58.6   07:01     00.0     02.7   00.01   00.4     12.7    15:39      W 
05    65.4   073.8   15:56    50.3   00:00     00.0     00.4   00.00   00.2     11.5    12:18      W 
06    55.1   069.6   16:59    42.9   06:51     09.8     00.0   00.00   00.0     05.8    12:08      NW
07    61.0   077.8   15:51    45.8   06:18     03.9     00.0   00.00   00.2     08.1    13:26     WSW
08    66.5   078.2   14:10    50.5   00:00     00.0     01.6   00.00   00.2     13.8    12:45      SW
09    55.1   072.4   16:12    42.9   07:00     09.8     00.0   00.00   00.2     10.3    22:01      S 
10    75.5   085.0   16:27    64.8   00:10     00.0     10.6   00.00   00.4     10.3    16:39      W 
11    81.0   093.9   14:35    70.5   07:03     00.0     16.0   00.00   00.3     14.9    20:05      W 
12    72.7   080.7   15:02    66.4   00:00     00.0     07.7   00.67   00.2     11.5    19:34      W 
13    65.5   074.7   14:52    53.2   00:00     00.0     00.6   00.02   00.3     16.1    18:51     WSW
14    54.9   064.6   16:53    46.9   06:56     10.0     00.0   00.00   00.2     11.5    17:19     WSW
15    55.1   069.9   17:05    42.4   06:59     09.8     00.0   00.00   00.1     06.9    15:38     WSW
16    58.9   068.3   14:28    51.2   00:00     06.0     00.0   00.00   00.0     08.1    12:32      SW
17    51.3   063.1   16:18    39.9   07:19     13.6     00.0   00.00   00.1     06.9    13:34      E 
18    53.3   071.8   16:11    37.5   06:59     11.7     00.0   00.00   00.1     08.1    15:48      S 
19    57.6   077.3   16:21    43.3   07:05     07.4     00.0   00.00   00.1     06.9    13:20     WSW
20    62.7   080.1   15:43    45.3   06:25     02.3     00.0   00.00   00.3     17.3    22:05     WSW
21    65.7   075.4   15:18    53.5   06:57     00.0     00.7   00.00   00.9     18.4    17:14     SSW
22    59.0   064.3   13:47    48.8   23:59     05.9     00.0   00.00   00.4     11.5    15:15      W 
23    52.9   065.7   16:27    41.3   07:17     12.1     00.0   00.00   00.1     11.5    10:27     WSW
24    52.9   074.7   16:19    36.9   07:21     12.0     00.0   00.00   00.2     10.3    15:48      W 
25    53.0   071.3   15:46    37.3   07:09     12.0     00.0   00.00   00.0     04.6    10:57      SW
26    55.7   068.5   15:10    45.4   05:49     09.2     00.0   00.00   00.1     08.1    10:34      SE
27    55.7   066.3   13:50    42.7   07:30     09.2     00.0   00.00   00.0     06.9    12:36      SE
28    58.6   072.4   16:56    47.0   06:38     06.3     00.0   00.00   00.1     06.9    11:36     ESE
29    56.2   072.9   16:15    44.2   07:10     08.7     00.0   00.00   00.0     06.9    14:11     ESE
30    56.8   074.0   15:35    43.3   07:24     08.1     00.0   00.00   00.0     04.6    12:57     ESE
----------------------------------------------------------------------------------------------------------------------------------------------------------
61.5 (62.0)   93.9  day 11     36.9  day 24   167.9    064.3   02.46   00.2     18.4   day 21      SW
Max >=  86: 1
Min <=  86: 30
Max Rain: 0.95 ON 1-09-13
Days of Rain: 6 (> .008in) 4 (> .08in) 1 (> 0.8in)