MONTHLY CLIMATOLOGICAL SUMMARY for SEP. 2012

NAME: N2KI - The Garrison   CITY: Washingtonville STATE: NY
ELEV: 300 LAT: 041:26:00 LONG: 0074:07:00

                            TEMPERATURE ( F), RAIN (in.), WIND SPEED (mph)

                                               HEAT     COOL           AVG
      MEAN                                     DEG      DEG            WIND                       DOM
DAY   TEMP    HIGH   TIME     LOW    TIME      DAYS     DAYS    RAIN   SPEED    HIGH    TIME      DIR
----------------------------------------------------------------------------------------------------------------------------------------------------------
01    77.2   0089.1   16:07    67.2   04:03     00.0     12.3   00.00   00.5     06.0    14:00     SSE
02    73.7   0084.7   16:07    65.8   00:00     00.0     08.8   00.00   00.5     04.0    15:00     ENE
03    69.7   0073.5   15:06    64.7   01:03     00.0     04.7   00.00   00.2     05.0    22:05     ESE
04    73.2   0079.4   17:03    67.7   07:05     00.0     08.3   00.20   00.8     07.0    21:10     SSW
05    74.8   0083.0   15:07    66.5   00:00     00.0     09.8   00.00   00.9     10.0    01:09      W 
06    69.8   0082.3   17:01    61.1   07:01     00.0     04.9   00.00   00.3     03.0    16:11     ENE
07    75.7   0088.6   16:02    66.1   07:01     00.0     10.8   00.00   00.1     02.0    04:02      W 
08    72.1   0083.9   15:07    62.2   00:00     00.0     07.2   01.50   02.6     17.0    16:04     SSW
09    64.3   0076.9   16:06    56.3   07:05     00.7     00.0   00.00   00.3     06.0    13:08     WSW
10    61.2   0070.7   14:09    50.0   07:00     03.7     00.0   00.00   00.8     10.0    14:00     WSW
11    61.8   0063.2   20:01    51.2   00:00     03.1     00.0   00.00   00.0     00.0    00:00     WSW
12    62.4   0081.2   16:04    46.1   07:00     02.6     00.0   00.00   00.4     04.0    14:03     WSW
13    65.0   0082.8   16:08    49.9   07:03     00.0     00.1   00.00   00.7     06.0    14:01      W 
14    67.2   0081.5   16:01    52.7   07:02     00.0     02.2   00.00   01.0     09.0    22:00      W 
15    62.6   0072.0   15:11    49.9   00:00     02.4     00.0   00.00   01.3     10.0    12:07     WSW
16    58.8   0073.1   16:08    48.5   01:09     06.1     00.0   00.00   01.0     08.0    16:03      W 
17    61.8   0078.6   16:03    46.3   05:05     03.1     00.0   00.00   01.0     07.0    23:01     WSW
18    69.0   0075.7   16:02    64.2   00:02     00.0     04.1   00.00   05.0     22.0    18:01     SSW
19    60.7   0069.3   15:06    48.5   00:00     04.2     00.0   03.50   01.5     12.0    01:05      W 
20    53.3   0062.4   19:00    32.0   22:01     11.7     00.0   00.01   00.0     03.0    23:34      SW
21    57.5   0058.3   23:00    57.3   00:00     07.4     00.0   00.00   00.1     03.0    23:02      NE
22    63.4   0076.7   15:09    51.8   05:07     01.6     00.0   00.29   00.5     15.0    19:43     SSE
23    57.2   0067.4   15:57    45.6   00:00     07.8     00.0   00.01   00.3     10.0    15:42      W 
24    52.5   0064.8   16:30    43.9   02:57     12.5     00.0   00.00   00.3     10.0    16:00     WSW
25    56.5   0072.0   15:04    39.8   07:21     08.4     00.0   00.00   00.5     12.0    14:02      W 
26    63.6   0069.3   16:04    58.5   03:41     01.3     00.0   00.06   00.1     08.0    00:18     WSW
27    56.0   0060.0   20:00    54.0   07:30     08.9     00.0   00.76   00.0     03.0    04:30      NE
28    56.6   0060.5   13:17    54.0   07:30     08.3     00.0   00.97   00.0     05.0    13:05      E 
29    57.4   0063.0   14:50    54.5   07:39     07.6     00.0   00.08   00.2     03.0    19:23     ESE
30    55.3   0066.1   13:51    50.8   23:24     09.6     00.0   00.04   00.2     08.0    15:05     SSW
----------------------------------------------------------------------------------------------------------------------------------------------------------
63.7 (64.0)   89.1  day 01     32.0  day 20   114.0    073.2   00.25   00.7     22.0   day 18      SW
Max >=  86: 2
Min <=  86: 32
Max Rain: 3.50 ON 19-09-12
Days of Rain: 383 (> .008in) 7 (> .08in) 3 (> 0.8in)