MONTHLY CLIMATOLOGICAL SUMMARY for SEP. 2010

NAME: N2KI Studio 1 - Bravo   CITY: Washingtonville STATE: New York
ELEV: 445 LAT: N41 25 29.5 LONG: W74 08 53.3

                            TEMPERATURE ( F), RAIN (in.), WIND SPEED (mph)

                                               HEAT     COOL           AVG
      MEAN                                     DEG      DEG            WIND                       DOM
DAY   TEMP    HIGH   TIME     LOW    TIME      DAYS     DAYS    RAIN   SPEED    HIGH    TIME      DIR
----------------------------------------------------------------------------------------------------------------------------------------------------------
01    77.8   092.7   16:49    65.2   07:09     00.0     12.9   00.00   00.3     10.3    13:53     WSW
02    78.8   093.8   16:07    65.4   06:55     00.0     13.9   00.00   00.3     09.2    13:53      SW
03    76.2   083.4   15:06    67.5   00:00     00.0     11.3   00.00   00.0     05.8    01:39      SW
04    69.7   075.5   14:16    59.2   00:00     00.0     04.7   00.00   02.0     25.3    17:26     WSW
05    61.7   072.5   15:26    51.3   00:00     03.2     00.0   00.00   01.1     17.3    14:30      W 
06    63.8   079.0   16:30    45.4   07:06     01.2     00.0   00.00   00.7     11.5    22:25     WSW
07    74.8   087.2   16:20    60.4   07:18     00.0     09.8   00.00   01.0     13.8    22:59     WSW
08    74.6   083.3   13:35    60.3   00:00     00.0     09.6   00.00   01.7     20.7    17:46     WSW
09    62.2   067.0   12:58    59.0   01:47     02.7     00.0   00.00   01.2     17.3    16:59     WSW
10    61.1   068.9   14:22    51.9   00:00     03.9     00.0   00.00   00.2     11.5    13:41      SW
11    61.1   076.5   15:47    47.6   07:09     03.9     00.0   00.00   00.3     11.5    22:43      E 
12    61.4   064.8   00:03    58.1   23:41     03.6     00.0   00.00   00.2     08.1    15:50     ESE
13    62.7   074.2   15:02    56.0   07:16     02.3     00.0   00.00   00.3     11.5    11:05     SSE
14    59.9   073.3   14:49    48.8   00:00     05.0     00.0   00.00   00.8     19.6    15:26     WSW
15    56.4   069.4   15:36    46.5   00:00     08.5     00.0   00.00   00.9     18.4    16:31      W 
16    56.6   069.2   12:40    41.6   06:57     08.4     00.0   00.20   00.4     13.8    11:27      SW
17    63.0   067.4   15:46    51.8   00:00     01.9     00.0   00.00   00.5     14.9    09:16      W 
18    60.9   072.7   15:59    51.6   00:26     04.1     00.0   00.00   00.3     08.1    23:35     SSW
19    66.0   081.2   15:43    53.2   06:56     00.0     01.0   00.00   00.3     10.3    15:20      W 
20    60.5   070.2   15:13    47.1   00:00     04.5     00.0   00.00   00.5     08.1    11:14     ENE
21    57.7   074.5   16:22    39.2   07:02     07.2     00.0   00.00   00.7     14.9    14:49     WSW
22    68.8   087.6   16:17    52.3   07:13     00.0     03.8   00.00   00.6     11.5    10:24      W 
23    69.1   079.9   15:02    59.1   06:51     00.0     04.2   00.00   00.3     09.2    19:52     SSW
24    73.3   088.6   15:30    59.5   07:15     00.0     08.4   00.00   00.8     13.8    23:25      SW
25    77.3   086.8   15:12    60.7   00:00     00.0     12.3   00.00   01.6     18.4    15:53     WSW
26    61.1   071.3   13:50    50.5   07:29     03.8     00.0   00.00   00.2     11.5    23:52      E 
27    62.5   072.6   00:00    58.2   08:06     02.4     00.0   00.30   00.3     12.7    23:28     ENE
28    72.9   076.5   15:47    70.4   00:00     00.0     08.0   00.20   01.6     20.7    11:55     SSW
29    66.7   076.0   16:37    58.0   07:19     00.0     01.7   00.00   00.4     10.3    12:41     WSW
30    69.9   077.0   15:16    62.0   00:17     00.0     04.9   01.00   02.1     21.9    18:12      S 
----------------------------------------------------------------------------------------------------------------------------------------------------------
66.3 (66.2)   93.8  day 02     39.2  day 21   066.5    106.6   01.69   00.7     25.3   day 04     WSW
Max >=  86: 6
Min <=  86: 30
Max Rain: 1.00 ON 30-09-11
Days of Rain: 58 (> .008in) 58 (> .08in) 55 (> 0.8in)