MONTHLY CLIMATOLOGICAL SUMMARY for SEP. 2009

NAME: N2KI Studio 1 - Bravo   CITY: Washingtonville STATE: New York
ELEV: 445 LAT: N41 25 29.5 LONG: W74 08 53.3

                            TEMPERATURE ( F), RAIN (in.), WIND SPEED (mph)

                                               HEAT     COOL           AVG
      MEAN                                     DEG      DEG            WIND                       DOM
DAY   TEMP    HIGH   TIME     LOW    TIME      DAYS     DAYS    RAIN   SPEED    HIGH    TIME      DIR
----------------------------------------------------------------------------------------------------------------------------------------------------------
01    58.8   073.3   15:34    46.0   07:01     06.1     00.0   00.00   00.3     09.2    12:14     ESE
02    61.0   077.3   15:53    46.0   06:57     04.0     00.0   00.00   00.2     04.6    12:35     ESE
03    63.9   080.1   16:30    50.8   06:55     01.0     00.0   00.00   00.2     05.8    14:39      SE
04    66.0   081.5   16:06    53.7   05:31     00.0     01.1   00.00   00.2     09.2    13:07     ESE
05    69.6   081.2   15:22    61.7   07:22     00.0     04.6   00.00   00.2     04.6    14:48     ESE
06    65.2   074.7   15:15    56.1   07:08     00.0     00.2   00.00   00.6     16.1    22:05     ENE
07    62.5   071.2   15:27    55.7   07:14     02.5     00.0   00.00   00.2     04.6    14:28      S 
08    63.5   075.8   16:52    54.4   05:28     01.5     00.0   00.00   00.1     05.8    14:11     ESE
09    65.7   075.3   16:26    59.6   06:04     00.0     00.7   00.00   00.6     09.2    22:56      E 
10    59.7   068.8   14:25    49.1   06:55     05.3     00.0   00.00   00.7     11.5    12:57     ENE
11    57.1   060.2   23:54    53.0   07:13     07.8     00.0   00.30   01.7     09.2    11:02      NE
12    63.7   068.3   16:06    60.1   00:03     01.2     00.0   00.10   00.6     06.9    02:21      NE
13    68.4   080.4   15:16    59.4   00:00     00.0     03.5   00.00   00.3     09.2    18:53     WSW
14    64.7   077.5   16:29    55.9   05:31     00.3     00.0   00.00   00.8     11.5    16:47     WSW
15    66.3   079.5   16:34    55.6   04:00     00.0     01.4   00.00   00.7     11.5    16:00     WSW
16    61.1   067.9   13:56    55.8   04:26     03.8     00.0   00.10   00.6     09.2    18:26     ENE
17    55.1   061.5   16:33    48.1   00:00     09.8     00.0   00.10   00.2     05.8    12:54     ESE
18    59.8   074.4   16:31    46.8   03:11     05.1     00.0   00.00   01.3     19.6    14:47     WSW
19    55.6   070.0   16:33    42.8   07:28     09.3     00.0   00.00   00.4     05.8    14:58     SSW
20    55.6   075.3   16:48    39.5   07:19     09.3     00.0   00.00   00.3     06.9    12:57      S 
21    58.4   076.6   16:10    42.4   07:07     06.5     00.0   00.00   00.4     10.3    14:35      SW
22    63.8   073.3   15:40    53.5   05:47     01.2     00.0   00.00   00.3     08.1    13:03      SW
23    72.8   082.3   16:13    64.9   04:46     00.0     07.8   00.00   01.3     14.9    16:34     WSW
24    70.4   078.1   16:10    57.3   00:00     00.0     05.5   00.00   00.7     11.5    15:04     WSW
25    56.4   066.0   15:22    47.8   00:00     08.5     00.0   00.00   00.9     11.5    11:36      NE
26    52.7   062.6   12:58    40.5   06:39     12.2     00.0   00.10   00.8     13.8    14:02     ENE
27    61.8   069.9   16:22    54.2   00:25     03.1     00.0   00.50   00.6     13.8    22:26     WNW
28    63.2   073.5   14:16    55.1   07:26     01.7     00.0   00.00   01.4     19.6    14:17     WSW
29    57.6   065.1   12:29    48.0   07:00     07.3     00.0   00.00   02.3     20.7    12:09     WSW
30    53.0   057.0   00:02    43.8   23:57     11.9     00.0   00.00   01.9     17.3    15:08     WSW
----------------------------------------------------------------------------------------------------------------------------------------------------------
61.8 (62.3)   82.3  day 23     39.5  day 20   119.6    024.9   01.19   00.7     20.7   day 29     SSW
Min <=  86: 30
Max Rain: 0.50 ON 27-09-11
Days of Rain: 6 (> .008in) 6 (> .08in) 0 (> 0.8in)