MONTHLY CLIMATOLOGICAL SUMMARY for AUG. 2023

NAME: N2KI Weather System - KNYWASHI15   CITY: Washingtonville STATE: NY
ELEV: 300ft LAT: 041:26:00 LONG: 0074:07:00

                            TEMPERATURE ( F), RAIN (in.), WIND SPEED (mph)

                                               HEAT     COOL           AVG
      MEAN                                     DEG      DEG            WIND                       DOM
DAY   TEMP    HIGH   TIME     LOW    TIME      DAYS     DAYS    RAIN   SPEED    HIGH    TIME      DIR
--------------------------------------------------------------------------------------------------------
01    67.3   078.1   14:27    56.6   06:35     00.0     02.3   00.00   00.0     03.5    13:01      W 
02    64.8   078.3   18:49    50.7   06:30     00.2     00.0   00.00   00.0     05.8    10:55     SSE
03    68.3   079.0   15:36    54.2   06:32     00.0     03.3   00.00   00.3     13.8    15:49      S 
04    70.4   076.1   14:03    63.2   23:58     00.0     05.4   00.56   00.0     08.1    14:37      SW
05    69.8   081.6   15:18    59.5   06:31     00.0     04.9   00.00   00.0     03.5    14:52      S 
06    73.1   085.3   16:06    58.5   06:44     00.0     08.2   00.00   00.2     13.8    21:40     SSW
07    73.7   079.1   12:53    67.7   07:54     00.0     08.8   00.51   00.3     14.9    21:10     SSE
08    72.4   079.1   12:05    68.7   03:39     00.0     07.4   00.00   00.3     17.3    18:45      W 
09    73.9   085.3   16:00    65.3   00:00     00.0     09.0   00.00   00.2     11.5    15:04      W 
10    68.3   075.6   13:52    60.7   04:42     00.0     03.4   00.08   00.0     02.3    13:28      W 
11    70.5   082.8   16:21    60.7   05:38     00.0     05.6   00.01   00.1     11.5    13:43      W 
12    70.5   084.6   17:35    57.1   06:19     00.0     05.6   00.13   00.1     11.5    18:13     SSW
13    73.9   086.0   16:20    65.4   00:00     00.0     09.0   00.12   00.1     08.1    17:41      W 
14    72.2   084.0   16:09    62.2   05:37     00.0     07.2   00.02   00.0     03.5    22:12      SW
15    68.5   072.0   00:04    65.9   06:44     00.0     03.6   00.80   00.0     01.1    20:22      SE
16    73.5   083.4   15:35    68.3   06:26     00.0     08.6   00.13   00.1     13.8    21:56     ESE
17    72.9   080.3   15:00    67.2   04:06     00.0     08.0   00.00   00.2     14.9    16:20     ESE
18    71.4   079.3   14:12    62.9   00:00     00.0     06.5   00.09   00.2     11.5    15:20     WSW
19    66.9   078.0   15:59    57.1   05:27     00.0     02.0   00.00   00.2     11.5    14:26      W 
20    69.0   084.6   16:11    54.7   05:08     00.0     04.1   00.00   00.0     11.5    14:00     WSW
21    73.8   086.5   16:21    62.8   03:31     00.0     08.8   00.00   00.0     05.8    15:27      W 
22    68.5   076.6   15:52    58.0   00:00     00.0     03.5   00.00   00.1     06.9    12:23     ENE
23    65.9   078.5   15:41    53.2   05:57     00.0     00.9   00.00   00.0     05.8    13:32      E 
24    66.5   069.9   12:17    64.1   06:43     00.0     01.5   00.14   00.0     09.2    15:04     SSE
25    72.4   080.6   17:24    65.7   00:06     00.0     07.4   00.30   00.0     05.8    13:43      W 
26    75.3   084.6   15:52    67.9   00:00     00.0     10.4   00.05   00.0     04.6    14:30      SW
27    69.6   078.6   14:45    61.8   06:45     00.0     04.7   00.01   00.0     03.5    16:30     SSE
28    68.5   076.6   14:03    59.3   05:01     00.0     03.5   00.00   00.1     10.3    12:21      SE
29    71.9   082.0   15:41    62.4   07:19     00.0     06.9   00.00   00.0     04.6    14:20      SE
30    73.1   082.4   13:51    62.9   00:00     00.0     08.2   00.36   00.1     11.5    13:51     WSW
31    63.8   073.9   14:57    54.2   23:37     01.1     00.0   00.00   00.1     06.9    16:13     NNE
--------------------------------------------------------------------------------------------------------
70.3 (70.7)   86.5  day 21     50.7  day 02   001.3    168.6   03.31   00.1     17.3   day 17      SW
Max >=  86: 2
Min <=  86: 31
Max Rain: 0.80 ON 15-08-23
Days of Rain: 15 (> .008in) 11 (> .08in) 1 (> 0.8in)