MONTHLY CLIMATOLOGICAL SUMMARY for AUG. 2022

NAME: N2KI - Skywarn Spotter ID 15-360NYC   CITY: Washingtonville STATE: NY
ELEV: 300ft LAT: 041:26:00 LONG: 0074:07:00

                            TEMPERATURE ( F), RAIN (in.), WIND SPEED (mph)

                                               HEAT     COOL           AVG
      MEAN                                     DEG      DEG            WIND                       DOM
DAY   TEMP    HIGH   TIME     LOW    TIME      DAYS     DAYS    RAIN   SPEED    HIGH    TIME      DIR
--------------------------------------------------------------------------------------------------------
01    72.8   080.3   18:15    67.9   00:00     00.0     07.9   00.12   00.0     06.9    18:34     WNW
02    77.8   092.5   16:28    66.7   06:52     00.0     12.8   00.00   00.1     10.3    16:42      W 
03    76.7   091.4   16:16    61.9   06:31     00.0     11.8   00.00   00.1     08.1    15:26     WSW
04    80.6   098.2   15:45    64.2   06:29     00.0     15.7   00.00   00.2     13.8    18:22     WSW
05    80.4   093.4   13:30    72.6   03:44     00.0     15.5   00.00   00.0     05.8    14:09     SSW
06    80.8   092.6   16:32    70.1   06:24     00.0     15.8   00.00   00.1     11.5    13:19      SW
07    82.0   095.1   16:21    74.7   00:00     00.0     17.0   00.05   00.5     19.6    13:25     WSW
08    83.1   096.3   15:57    72.5   04:16     00.0     18.2   00.02   00.4     16.1    16:00      W 
09    84.4   093.9   13:36    75.7   00:03     00.0     19.4   00.01   00.2     12.7    09:08      W 
10    78.0   086.9   15:39    68.8   07:13     00.0     13.0   00.00   00.1     09.2    15:04     WSW
11    76.6   090.0   16:34    63.9   04:12     00.0     11.7   00.00   00.1     08.1    15:09     WNW
12    71.6   084.8   15:04    58.4   00:00     00.0     06.7   00.00   00.0     08.1    12:47      NW
13    65.5   079.7   16:20    49.2   06:50     00.0     00.6   00.00   00.0     06.9    16:16     NNE
14    69.7   087.3   15:42    50.4   06:44     00.0     04.7   00.00   00.2     11.5    21:32      SE
15    72.3   086.5   15:16    57.1   06:58     00.0     07.4   00.00   00.1     09.2    16:10     NNE
16    72.9   086.4   15:41    56.2   06:48     00.0     08.0   00.00   00.1     11.5    15:04      SE
17    68.3   081.1   14:50    57.3   06:39     00.0     03.4   00.00   00.0     04.6    19:47      SE
18    71.3   087.7   16:04    60.0   06:47     00.0     06.4   00.00   00.1     09.2    13:45      W 
19    75.7   091.2   16:17    58.2   06:52     00.0     10.8   00.00   00.2     10.3    20:27      SW
20    78.2   091.0   16:11    63.2   07:11     00.0     13.3   00.00   00.3     17.3    18:38      SW
21    75.8   088.1   14:55    62.3   06:50     00.0     10.9   00.00   00.4     16.1    12:58     SSE
22    72.4   076.7   10:34    32.0   16:50     00.0     07.4   00.05   00.0     03.5    09:51      NE
23    74.7   085.8   16:18    68.5   00:00     00.0     09.8   00.01   00.2     10.3    18:12     NNW
24    76.1   089.3   15:45    66.1   06:57     00.0     11.2   00.01   00.1     06.9    10:25      W 
25    76.5   092.1   15:43    59.2   06:43     00.0     11.6   00.00   00.1     08.1    18:45     WSW
26    74.3   090.6   13:11    62.3   06:36     00.0     09.3   00.01   00.1     11.5    13:14     WNW
27    74.4   086.1   15:12    63.3   07:07     00.0     09.5   00.00   00.0     11.5    13:35      S 
28    74.1   084.4   15:24    64.5   01:41     00.0     09.2   00.00   00.1     10.3    15:39      SE
29    78.5   090.4   15:51    67.4   07:06     00.0     13.5   00.00   00.4     14.9    22:31     SSW
30    79.5   093.2   15:29    71.1   00:00     00.0     14.6   00.13   00.6     17.3    20:06      W 
31    72.1   082.5   14:52    63.4   23:18     00.0     07.1   00.01   00.2     11.5    12:11     WNW
--------------------------------------------------------------------------------------------------------
75.7 (75.7)   98.2  day 04     32.0  day 22   000.0    334.1   00.42   00.2     19.6   day 30     WSW
Max >=  86: 23
Min <=  86: 31
Max Rain: 0.13 ON 30-08-22
Days of Rain: 10 (> .008in) 2 (> .08in) 0 (> 0.8in)