MONTHLY CLIMATOLOGICAL SUMMARY for AUG. 2021

NAME: N2KI - Skywarn Spotter ID 15-360NYC   CITY: Washingtonville STATE: NY
ELEV: 300ft LAT: 041:26:00 LONG: 0074:07:00

                            TEMPERATURE ( F), RAIN (in.), WIND SPEED (mph)

                                               HEAT     COOL           AVG
      MEAN                                     DEG      DEG            WIND                       DOM
DAY   TEMP    HIGH   TIME     LOW    TIME      DAYS     DAYS    RAIN   SPEED    HIGH    TIME      DIR
--------------------------------------------------------------------------------------------------------
01    63.8   078.4   12:20    52.3   05:52     01.2     00.0   00.24   00.2     06.9    11:03      W 
02    67.2   080.0   15:33    57.1   06:42     00.0     02.3   00.00   00.3     08.1    09:51     WNW
03    63.8   076.4   14:41    49.9   06:34     01.2     00.0   00.00   00.0     03.5    15:58     SSW
04    66.8   076.8   15:51    57.1   06:30     00.0     01.9   00.00   00.0     04.6    15:33      SE
05    70.5   081.6   16:53    61.1   07:09     00.0     05.5   00.00   00.1     04.6    13:07      SE
06    74.6   090.1   16:02    58.2   06:49     00.0     09.7   00.00   00.2     04.6    23:47      S 
07    74.4   083.3   15:36    65.3   06:32     00.0     09.5   00.00   00.1     04.6    12:42     WNW
08    74.1   084.2   15:29    68.4   23:09     00.0     09.2   00.00   00.2     04.6    18:15     SSE
09    74.1   085.1   15:07    65.1   04:41     00.0     09.2   00.00   00.2     04.6    18:43     ESE
10    75.4   084.9   16:01    68.0   05:08     00.0     10.5   00.00   00.3     06.9    20:42     SSE
11    78.1   092.9   16:02    70.6   06:56     00.0     13.2   00.23   00.3     06.9    17:47      W 
12    80.7   094.4   15:28    72.3   00:18     00.0     15.7   00.00   00.5     08.1    14:44     WNW
13    82.0   095.0   16:07    69.4   06:39     00.0     17.1   00.00   00.3     05.8    00:51      W 
14    76.2   085.9   15:51    64.5   00:00     00.0     11.3   00.28   00.2     03.5    18:22      S 
15    68.2   080.3   16:31    56.0   06:52     00.0     03.3   00.00   00.1     03.5    17:09      E 
16    70.8   081.9   15:01    61.1   06:41     00.0     05.8   00.00   00.1     05.8    20:12      SE
17    73.9   082.6   15:10    69.3   06:58     00.0     09.0   00.00   00.2     06.9    18:28     WNW
18    77.3   083.6   16:50    72.2   06:47     00.0     12.3   00.00   00.4     06.9    18:30     WNW
19    77.4   083.2   15:46    72.3   00:00     00.0     12.4   00.86   00.7     09.2    15:35     WSW
20    74.4   081.7   17:56    70.4   00:00     00.0     09.4   00.93   00.1     03.5    19:08     SSW
21    75.3   083.5   15:17    69.9   03:05     00.0     10.4   00.03   00.1     03.5    20:40      S 
22    72.3   075.7   13:04    67.6   21:52     00.0     07.4   01.86   00.2     06.9    18:41      S 
23    72.4   078.3   13:27    67.0   00:00     00.0     07.5   00.31   00.4     09.2    05:48     SSW
24    76.3   087.9   16:08    66.6   01:16     00.0     11.4   00.00   00.3     08.1    10:15     WSW
25    76.3   091.6   16:06    62.5   06:58     00.0     11.4   00.00   00.1     03.5    16:05      S 
26    79.8   093.3   15:20    69.0   07:08     00.0     14.8   00.00   00.2     03.5    16:37     SSW
27    79.3   088.9   12:35    70.1   07:09     00.0     14.4   00.00   00.0     03.5    22:41      E 
28    70.9   076.3   00:06    66.7   07:28     00.0     05.9   00.00   00.2     04.6    18:59     ESE
29    70.1   075.4   17:01    66.7   06:56     00.0     05.2   00.00   00.1     04.6    16:59     ENE
30    76.3   087.4   14:41    71.5   00:00     00.0     11.3   00.00   00.3     05.8    15:53     WSW
31    73.4   082.4   16:06    66.0   07:04     00.0     08.5   00.00   00.2     05.8    12:14     SSW
--------------------------------------------------------------------------------------------------------
73.7 (74.6)   95.0  day 13     49.9  day 03   002.3    275.3   04.74   00.2     09.2   day 23     SSW
Max >=  86: 9
Min <=  86: 31
Max Rain: 1.86 ON 22-08-21
Days of Rain: 8 (> .008in) 7 (> .08in) 3 (> 0.8in)