MONTHLY CLIMATOLOGICAL SUMMARY for AUG. 2020

NAME: N2KI - Skywarn Spotter ID 15-360NYC   CITY: Washingtonville STATE: NY
ELEV: 300ft LAT: 041:26:00 LONG: 0074:07:00

                            TEMPERATURE ( F), RAIN (in.), WIND SPEED (mph)

                                               HEAT     COOL           AVG
      MEAN                                     DEG      DEG            WIND                       DOM
DAY   TEMP    HIGH   TIME     LOW    TIME      DAYS     DAYS    RAIN   SPEED    HIGH    TIME      DIR
--------------------------------------------------------------------------------------------------------
01    76.2   091.3   16:10    59.2   06:24     00.0     11.3   00.00   00.5     11.5    22:08     SSW
02    79.9   091.4   17:54    73.0   09:14     00.0     14.9   00.05   00.5     08.1    16:37     SSW
03    79.2   088.5   16:39    71.5   00:00     00.0     14.3   00.06   00.6     06.9    22:20     WNW
04    71.3   076.2   18:59    68.1   23:14     00.0     06.3   02.57   01.0     19.6    14:38      S 
05    74.3   085.4   15:09    63.9   06:49     00.0     09.3   00.00   00.3     05.8    17:45     WNW
06    71.1   085.3   16:50    59.5   06:21     00.0     06.2   01.29   00.5     19.6    14:38     NNW
07    71.5   080.9   15:46    65.2   00:00     00.0     06.6   00.07   00.2     04.6    18:35      SE
08    74.6   087.0   15:17    62.6   06:55     00.0     09.6   00.00   00.2     04.6    22:39     SSW
09    77.8   088.9   14:37    66.3   06:46     00.0     12.9   00.00   00.3     05.8    14:08     WNW
10    79.0   093.1   14:31    66.3   06:24     00.0     14.1   00.00   00.3     05.8    14:10      W 
11    79.4   091.2   16:29    66.6   06:40     00.0     14.5   00.00   00.5     06.9    22:17      NE
12    80.7   091.7   15:43    70.6   06:20     00.0     15.8   00.00   00.2     04.6    14:48      SW
13    75.1   082.4   18:43    67.5   00:00     00.0     10.2   00.00   00.0     03.5    12:58      S 
14    74.2   086.8   14:21    63.2   05:26     00.0     09.3   00.00   00.1     04.6    16:45      SE
15    72.5   085.7   14:28    61.6   06:38     00.0     07.6   00.00   00.3     08.1    22:20      S 
16    66.4   069.5   14:00    63.4   00:00     00.0     01.5   00.11   00.1     03.5    17:26     ESE
17    68.5   079.5   14:38    58.5   04:17     00.0     03.5   00.01   00.2     04.6    20:20     WNW
18    69.7   082.5   14:30    59.8   06:45     00.0     04.8   00.35   00.3     08.1    02:21      W 
19    66.4   080.0   15:47    55.5   05:37     00.0     01.4   00.00   00.1     03.5    19:49     SSW
20    65.0   080.1   15:43    50.5   06:55     00.0     00.0   00.00   00.2     03.5    17:26     SSE
21    70.3   086.7   14:36    53.7   05:54     00.0     05.4   00.00   00.3     05.8    18:01     SSW
22    76.9   092.1   15:17    65.4   06:46     00.0     12.0   00.00   00.2     04.6    15:50      W 
23    76.4   089.0   13:19    64.2   06:29     00.0     11.5   00.00   00.2     06.9    12:36     SSW
24    78.5   092.2   15:12    66.5   06:55     00.0     13.6   00.00   00.3     05.8    18:58      W 
25    76.5   089.9   16:21    67.2   05:26     00.0     11.6   00.00   00.5     08.1    19:56      W 
26    68.2   077.7   14:48    58.6   05:38     00.0     03.2   00.00   00.6     09.2    15:29     WSW
27    72.0   092.0   16:10    63.0   07:25     00.0     07.0   00.62   00.5     11.5    18:35     WSW
28    74.2   084.8   15:28    66.7   05:22     00.0     09.3   00.00   00.3     05.8    10:25      SW
29    75.0   082.8   16:30    69.7   00:09     00.0     10.0   00.02   00.5     08.1    11:09     WNW
--------------------------------------------------------------------------------------------------------
73.8 (74.7)   93.1  day 10     50.5  day 20   000.0    257.6   05.15   00.3     19.6   day 04      SW
Max >=  86: 15
Min <=  86: 29
Max Rain: 2.57 ON 4-08-20
Days of Rain: 10 (> .008in) 5 (> .08in) 2 (> 0.8in)