MONTHLY CLIMATOLOGICAL SUMMARY for AUG. 2018

NAME: N2KI - Skywarn Spotter ID 15-360NYC   CITY: Washingtonville STATE: NY
ELEV: 300ft LAT: 041:26:00 LONG: 0074:07:00

                            TEMPERATURE ( F), RAIN (in.), WIND SPEED (mph)

                                               HEAT     COOL           AVG
      MEAN                                     DEG      DEG            WIND                       DOM
DAY   TEMP    HIGH   TIME     LOW    TIME      DAYS     DAYS    RAIN   SPEED    HIGH    TIME      DIR
--------------------------------------------------------------------------------------------------------
01    76.7   087.5   17:12    68.8   02:29     00.0     11.7   00.08   00.8     04.6    13:14      W 
02    76.1   086.0   13:29    69.3   06:06     00.0     11.1   00.83   00.5     03.5    12:22      W 
03    74.8   087.2   14:22    70.6   06:12     00.0     09.9   00.88   00.5     04.6    15:20      SW
04    75.8   086.9   17:05    69.4   08:14     00.0     10.8   01.02   00.1     00.0    00:00     WNW
05    77.8   091.4   16:19    65.5   06:19     00.0     12.9   00.00   00.2     01.1    15:04      SW
06    79.3   091.7   16:08    68.8   06:09     00.0     14.4   00.00   00.2     03.5    13:18      SW
07    78.3   090.0   12:19    71.3   00:00     00.0     13.4   00.01   00.4     02.3    14:09     WSW
08    76.9   088.4   13:21    68.1   06:18     00.0     12.0   00.05   00.2     02.3    12:02     WSW
09    77.4   087.6   17:02    66.3   00:00     00.0     12.4   00.00   00.5     03.5    15:28     WSW
10    73.9   086.6   14:16    63.1   06:05     00.0     08.9   00.00   00.3     02.3    10:13      SW
11    70.5   072.5   15:13    68.5   04:26     00.0     05.6   00.68   00.0     01.1    14:07     ENE
12    72.3   079.0   17:12    68.3   06:15     00.0     07.3   00.38   00.1     01.1    14:00     ESE
13    70.9   073.2   12:20    69.3   07:20     00.0     05.9   01.42   00.0     01.1    16:27      SE
14    72.0   081.8   13:02    67.8   00:00     00.0     07.1   00.11   00.4     02.3    11:18     ENE
15    75.9   088.3   15:23    65.9   06:11     00.0     11.0   00.01   00.4     02.3    12:14      W 
16    77.7   088.8   16:28    68.3   06:26     00.0     12.8   00.00   00.4     02.3    11:10     WNW
17    77.5   088.9   15:30    69.1   06:22     00.0     12.6   01.11   00.9     09.2    20:02     WSW
18    73.0   085.2   14:03    67.5   00:00     00.0     08.1   00.85   00.3     02.3    12:29      W 
19    70.2   077.0   14:14    66.4   02:24     00.0     05.2   00.00   00.5     02.3    14:09      SE
20    69.6   076.0   13:24    63.0   05:19     00.0     04.7   00.00   00.1     01.1    12:14     SSE
21    70.9   078.1   13:24    65.4   05:09     00.0     06.0   00.00   00.8     03.5    11:22      S 
22    73.5   082.7   16:09    67.5   00:00     00.0     08.5   00.73   01.0     04.6    13:01      W 
23    68.1   077.9   14:23    58.2   00:00     00.0     03.2   00.01   00.2     02.3    10:10      W 
24    68.9   083.7   15:26    56.4   06:10     00.0     04.0   00.00   00.2     02.3    11:22      W 
25    68.7   079.7   13:13    57.4   06:29     00.0     03.8   00.00   00.2     01.1    22:22     WSW
26    71.7   083.8   14:24    60.0   07:09     00.0     06.8   00.00   00.6     02.3    16:18      W 
27    76.1   086.7   15:29    66.3   05:14     00.0     11.2   00.00   00.5     02.3    14:04      W 
28    81.7   093.4   15:02    70.8   07:02     00.0     16.8   00.00   00.7     02.3    14:05      W 
29    82.3   092.5   14:04    71.6   06:22     00.0     17.4   00.00   00.8     03.5    15:05      W 
30    78.7   087.4   16:18    71.1   00:00     00.0     13.8   00.00   00.1     01.1    16:00     WNW
31    67.5   071.1   00:02    64.4   07:17     00.0     02.5   00.04   00.1     02.3    01:17      SE
--------------------------------------------------------------------------------------------------------
74.4 (75.4)   93.4  day 28     56.4  day 24   000.0    291.7   08.21   00.4     09.2   day 19     WSW
Max >=  86: 17
Min <=  86: 31
Max Rain: 1.42 ON 13-08-18
Days of Rain: 16 (> .008in) 11 (> .08in) 6 (> 0.8in)