MONTHLY CLIMATOLOGICAL SUMMARY for AUG. 2017

NAME: N2KI - Skywarn Spotter ID 15-360NYC   CITY: Washingtonville STATE: NY
ELEV: 300ft LAT: 041:26:00 LONG: 0074:07:00

                            TEMPERATURE ( F), RAIN (in.), WIND SPEED (mph)

                                               HEAT     COOL           AVG
      MEAN                                     DEG      DEG            WIND                       DOM
DAY   TEMP    HIGH   TIME     LOW    TIME      DAYS     DAYS    RAIN   SPEED    HIGH    TIME      DIR
--------------------------------------------------------------------------------------------------------
01    73.9   089.4   16:23    59.0   06:27     00.0     09.0   00.00   00.0     06.9    15:59     WNW
02    69.2   088.4   13:22    62.5   06:22     00.0     04.3   00.01   00.2     12.7    14:15     WNW
03    73.1   087.2   15:17    60.6   04:29     00.0     08.1   00.00   00.7     11.5    20:57     WSW
04    75.1   086.3   15:18    64.9   06:33     00.0     10.2   00.01   01.1     17.3    23:47      S 
05    72.0   079.1   15:18    61.2   00:00     00.0     07.0   00.00   00.7     13.8    16:16     WSW
06    65.7   075.8   16:25    56.0   06:43     00.0     00.7   00.17   00.1     10.3    14:36      W 
07    61.4   064.2   23:40    56.1   03:29     03.5     00.0   00.16   00.0     09.2    16:59      N 
08    68.4   079.0   17:44    60.4   00:00     00.0     03.5   00.00   00.0     03.5    16:58      E 
09    69.1   084.3   16:58    53.1   06:31     00.0     04.1   00.00   00.1     09.2    16:58      SW
10    71.4   085.9   15:27    57.4   06:34     00.0     06.5   00.00   00.1     09.2    13:43     WSW
11    70.3   080.1   14:55    60.2   06:52     00.0     05.3   00.66   00.2     10.3    20:55      S 
12    70.1   081.0   16:00    60.8   06:47     00.0     05.2   00.57   00.1     11.5    16:30      S 
13    73.0   083.7   15:47    64.4   00:00     00.0     08.0   00.00   00.0     08.1    16:06      S 
14    68.4   078.8   14:46    57.6   06:49     00.0     03.5   00.00   00.0     03.5    11:50      SW
15    69.7   075.5   18:48    65.3   01:12     00.0     04.8   00.06   00.0     03.5    23:41     SSW
16    72.6   083.5   16:24    64.3   07:08     00.0     07.6   00.01   00.0     06.9    14:08      W 
17    70.7   083.4   15:35    57.3   06:41     00.0     05.7   00.00   00.2     11.5    21:30     WSW
18    75.1   082.1   14:14    71.3   23:49     00.0     10.2   00.16   00.1     11.5    05:03     WSW
19    76.0   085.4   16:58    67.8   07:13     00.0     11.1   00.00   00.2     11.5    16:22      W 
20    71.7   083.3   16:41    62.2   06:52     00.0     06.8   00.00   00.1     10.3    15:47      W 
21    73.4   085.4   13:59    59.3   06:46     00.0     08.4   00.00   00.1     10.3    12:51      W 
22    79.3   089.9   14:14    68.1   06:38     00.0     14.4   00.32   00.4     13.8    22:49      W 
23    71.9   080.0   15:52    58.5   00:00     00.0     06.9   00.00   00.2     11.5    14:34      W 
24    65.9   078.2   16:47    54.9   07:02     00.0     01.0   00.00   00.1     08.1    12:22      W 
25    65.2   075.5   15:18    53.9   06:51     00.0     00.2   00.00   00.0     03.5    15:19     WNW
26    61.7   075.3   16:38    48.7   07:07     03.3     00.0   00.00   00.0     05.8    13:57     WNW
27    61.7   076.0   16:06    47.4   06:42     03.3     00.0   00.00   00.0     05.8    15:24      SE
28    62.1   074.6   14:09    49.4   06:26     02.8     00.0   00.00   00.2     11.5    13:25      SE
29    59.6   064.0   14:43    54.7   06:18     05.4     00.0   00.01   00.0     04.6    10:59     SSE
30    65.4   078.7   16:40    55.8   07:26     00.0     00.4   00.00   00.1     11.5    16:54      S 
31    64.5   076.2   12:35    54.1   23:37     00.5     00.0   00.00   00.2     11.5    17:26      W 
--------------------------------------------------------------------------------------------------------
69.3 (69.6)   89.9  day 22     47.4  day 27   018.7    152.8   02.14   00.2     17.3   day 04     WSW
Max >=  86: 5
Min <=  86: 31
Max Rain: 0.66 ON 11-08-17
Days of Rain: 11 (> .008in) 6 (> .08in) 0 (> 0.8in)