MONTHLY CLIMATOLOGICAL SUMMARY for AUG. 2016

NAME: N2KI - Skywarn Spotter ID 13-330NYC   CITY: Washingtonville STATE: NY
ELEV: 300ft LAT: 041:26:00 LONG: 0074:07:00

                            TEMPERATURE ( F), RAIN (in.), WIND SPEED (mph)

                                               HEAT     COOL           AVG
      MEAN                                     DEG      DEG            WIND                       DOM
DAY   TEMP    HIGH   TIME     LOW    TIME      DAYS     DAYS    RAIN   SPEED    HIGH    TIME      DIR
--------------------------------------------------------------------------------------------------------
01    70.5   076.3   18:48    66.6   05:10     00.0     05.5   00.00   00.0     04.6    20:52      SE
02    70.3   076.4   16:00    62.4   00:00     00.0     05.4   00.03   00.1     08.1    14:09     ESE
03    69.8   082.1   15:46    57.6   05:22     00.0     04.9   00.00   00.2     08.1    20:56      SE
04    71.7   085.2   16:41    56.7   06:39     00.0     06.8   00.00   00.2     06.9    22:58      SW
05    73.8   085.0   15:51    62.2   06:38     00.0     08.9   00.00   00.3     14.9    15:49     WNW
06    76.6   089.2   15:38    65.8   00:00     00.0     11.7   00.05   00.2     12.7    08:52      W 
07    72.9   086.4   16:10    60.6   06:30     00.0     07.9   00.00   00.2     10.3    15:43     WSW
08    71.4   086.2   17:04    57.1   06:44     00.0     06.4   00.00   00.1     05.8    15:59      W 
09    73.5   087.0   15:40    56.8   06:51     00.0     08.5   00.00   00.5     14.9    22:49     WSW
10    78.9   087.2   16:40    73.3   05:43     00.0     13.9   00.01   00.3     11.5    14:25      W 
11    81.0   092.6   15:08    72.7   00:00     00.0     16.1   00.57   00.3     12.7    21:02      W 
12    80.0   092.3   17:41    70.2   05:39     00.0     15.0   00.07   00.3     11.5    10:18      W 
13    83.2   096.1   14:58    71.5   06:43     00.0     18.2   00.06   00.1     14.9    23:15     WSW
14    80.4   092.7   16:26    73.0   06:34     00.0     15.5   00.01   00.4     11.5    17:09      W 
15    78.2   089.0   16:09    70.5   06:35     00.0     13.2   00.00   00.1     08.1    17:31     WSW
16    77.5   088.3   17:49    68.5   06:41     00.0     12.6   00.00   00.3     24.1    19:42      W 
17    77.1   083.8   15:57    70.7   00:00     00.0     12.2   00.00   00.5     14.9    12:56      W 
18    75.2   086.5   16:48    68.1   06:25     00.0     10.3   00.06   00.1     05.8    13:47      W 
19    73.9   085.6   16:57    64.8   06:49     00.0     09.0   00.00   00.0     04.6    12:51     SSW
20    74.8   088.6   15:20    62.7   06:24     00.0     09.8   00.00   00.4     23.0    21:59     SSE
21    75.8   086.8   14:08    69.0   06:33     00.0     10.9   00.77   00.5     12.7    12:54      SE
22    67.7   076.1   14:58    54.3   00:00     00.0     02.7   00.01   00.2     12.7    17:23      W 
23    65.1   080.4   18:05    49.9   06:05     00.0     00.1   00.00   00.1     09.2    17:16      W 
24    70.6   086.5   16:11    55.6   06:55     00.0     05.7   00.00   00.1     09.2    18:08      W 
25    73.5   084.8   14:26    61.6   07:02     00.0     08.6   00.00   00.3     11.5    14:28     WSW
26    77.4   089.3   15:51    66.5   00:00     00.0     12.5   00.00   00.2     09.2    12:04     WSW
27    73.2   088.6   15:47    59.5   07:05     00.0     08.3   00.01   00.0     05.8    12:53     WSW
28    74.8   087.9   15:20    60.1   07:04     00.0     09.9   00.00   00.2     08.1    23:21     SSW
29    76.9   087.7   15:19    62.6   00:00     00.0     11.9   00.00   00.2     11.5    16:09     WSW
30    69.3   084.3   15:56    55.5   07:07     00.0     04.4   00.00   00.1     08.1    15:15      SW
31    71.5   082.9   15:24    61.9   07:06     00.0     06.5   00.00   00.0     04.6    14:39      SW
--------------------------------------------------------------------------------------------------------
74.4 (74.8)   96.1  day 13     49.9  day 23   000.0    293.3   01.65   00.2     24.2   day 20     WSW
Max >=  86: 19
Min <=  86: 31
Max Rain: 0.77 ON 21-08-16
Days of Rain: 11 (> .008in) 2 (> .08in) 0 (> 0.8in)