MONTHLY CLIMATOLOGICAL SUMMARY for AUG. 2014

NAME: N2KI - Skywarn Spotter ID 13-330NYC   CITY: Washingtonville STATE: NY
ELEV: 300ft LAT: 041:26:00 LONG: 0074:07:00

                            TEMPERATURE ( F), RAIN (in.), WIND SPEED (mph)

                                               HEAT     COOL           AVG
      MEAN                                     DEG      DEG            WIND                       DOM
DAY   TEMP    HIGH   TIME     LOW    TIME      DAYS     DAYS    RAIN   SPEED    HIGH    TIME      DIR
----------------------------------------------------------------------------------------------------------------------------------------------------------
01    69.9   083.4   13:30    59.5   06:13     00.0     05.0   00.24   00.1     08.1    17:46     WSW
02    69.1   077.1   16:24    63.9   00:00     00.0     04.2   00.01   00.1     10.3    14:27     SSE
03    69.3   077.3   15:42    62.3   02:10     00.0     04.4   00.10   00.0     05.8    12:24     SSE
04    73.8   085.8   16:40    64.3   05:03     00.0     08.9   00.00   00.1     06.9    11:01      W 
05    74.2   089.6   15:52    60.3   06:47     00.0     09.2   00.02   00.0     10.3    21:25     WSW
06    70.4   083.9   15:39    61.5   00:00     00.0     05.5   00.01   00.1     09.2    16:32      SW
07    66.7   081.1   15:48    53.7   06:42     00.0     01.8   00.00   00.1     10.3    16:59     SSE
08    66.5   081.2   17:08    53.1   05:29     00.0     01.6   00.00   00.0     06.9    14:36     SSW
09    68.2   084.6   17:01    53.1   06:47     00.0     03.3   00.00   00.0     05.8    14:05      SW
10    69.8   086.5   16:19    53.8   06:34     00.0     04.8   00.00   00.0     04.6    14:24     ESE
11    72.1   086.3   14:12    57.8   06:50     00.0     07.2   00.00   00.2     11.5    17:12     SSE
12    70.1   075.3   12:20    60.0   05:08     00.0     05.2   00.01   00.5     13.8    10:42      SE
13    70.5   080.6   16:39    61.8   00:00     00.0     05.6   00.59   00.2     17.3    00:29     WSW
14    64.6   076.7   15:35    54.4   07:00     00.3     00.0   00.07   00.2     11.5    13:24     WSW
15    60.2   068.5   17:24    50.8   06:09     04.7     00.0   00.01   00.2     09.2    17:21     WNW
16    63.2   075.3   17:17    50.2   06:36     01.8     00.0   00.00   00.2     12.7    15:42     WNW
17    68.2   080.0   16:42    58.8   04:35     00.0     03.2   00.00   00.2     11.5    11:42      W 
18    65.4   079.6   16:08    52.1   06:51     00.0     00.5   00.00   00.2     11.5    16:08     WSW
19    66.3   082.7   16:02    48.7   06:35     00.0     01.4   00.00   00.0     06.9    21:06     SSW
20    72.4   084.8   15:16    60.1   05:21     00.0     07.5   00.00   00.2     10.3    20:02     ESE
21    71.3   081.5   15:19    64.2   07:03     00.0     06.4   00.13   00.3     16.1    20:42      SW
22    66.8   072.9   16:04    63.5   05:44     00.0     01.9   00.03   00.0     05.8    14:52     SSE
23    67.8   074.9   15:09    63.1   07:25     00.0     02.9   00.00   00.0     06.9    12:08      SE
24    66.4   078.6   15:18    53.1   06:47     00.0     01.5   00.00   00.0     06.9    13:21     ESE
25    68.9   085.7   16:50    53.5   06:59     00.0     04.0   00.00   00.0     06.9    13:23      SE
26    73.6   089.8   16:15    56.8   06:59     00.0     08.7   00.00   00.1     08.1    14:20      SW
27    76.6   091.9   15:47    62.7   06:52     00.0     11.7   00.00   00.3     09.2    18:47      W 
28    69.4   079.6   16:50    56.5   00:00     00.0     04.5   00.00   00.2     17.3    14:08     WSW
29    63.9   077.3   16:09    48.0   06:57     01.0     00.0   00.00   00.1     11.5    22:30      SW
30    67.7   078.9   14:30    51.3   06:59     00.0     02.8   00.00   00.3     09.2    13:16      W 
31    74.2   084.9   14:57    70.2   00:00     00.0     09.2   00.36   00.1     08.1    13:40     WSW
----------------------------------------------------------------------------------------------------------------------------------------------------------
69.0 (69.3)   91.9  day 27     48.0  day 29   007.9    132.5   01.58   00.1     17.3   day 21     SSW
Max >=  86: 5
Min <=  86: 31
Max Rain: 0.59 ON 13-08-14
Days of Rain: 12 (> .008in) 5 (> .08in) 0 (> 0.8in)