MONTHLY CLIMATOLOGICAL SUMMARY for AUG. 2013

NAME: N2KI - Skywarn Spotter ID 13-330NYC   CITY: Washingtonville STATE: NY
ELEV: 300ft LAT: 041:26:00 LONG: 0074:07:00

                            TEMPERATURE ( F), RAIN (in.), WIND SPEED (mph)

                                               HEAT     COOL           AVG
      MEAN                                     DEG      DEG            WIND                       DOM
DAY   TEMP    HIGH   TIME     LOW    TIME      DAYS     DAYS    RAIN   SPEED    HIGH    TIME      DIR
----------------------------------------------------------------------------------------------------------------------------------------------------------
01    66.8   073.0   09:22    62.8   05:07     00.0     01.9   00.22   00.2     18.4    16:08     SSW
02    71.6   081.4   16:33    61.8   06:33     00.0     06.7   00.00   00.4     11.5    13:28      W 
03    69.3   078.0   14:58    63.6   00:00     00.0     04.3   00.03   00.3     11.5    14:39      W 
04    66.9   078.4   15:42    57.0   06:37     00.0     01.9   00.01   00.3     14.9    15:30     WSW
05    64.6   078.9   16:54    52.4   06:26     00.3     00.0   00.00   00.1     11.5    13:38      SW
06    66.3   080.4   15:34    50.1   06:39     00.0     01.4   00.00   00.2     09.2    20:50     WSW
07    67.8   076.0   14:20    57.0   05:26     00.0     02.9   00.00   00.5     12.7    14:35     WSW
08    74.6   082.7   16:54    70.0   06:19     00.0     09.6   00.20   00.4     12.7    14:36      SW
09    74.6   083.3   16:25    71.1   00:00     00.0     09.7   02.56   00.4     12.7    08:31     WSW
10    71.4   082.4   16:09    60.3   00:00     00.0     06.5   00.01   00.3     13.8    13:32     WSW
11    66.9   079.4   16:09    53.3   06:45     00.0     01.9   00.00   00.1     09.2    17:42     WSW
12    70.6   083.0   16:25    59.3   06:47     00.0     05.7   00.00   00.0     05.8    15:38      W 
13    70.6   079.1   17:50    65.8   00:09     00.0     05.7   00.23   00.1     10.3    08:40      W 
14    64.3   072.6   16:21    54.2   06:54     00.6     00.0   00.00   00.5     16.1    16:29      W 
15    62.8   076.5   16:49    50.7   06:22     02.1     00.0   00.00   00.3     11.5    15:07     WSW
16    64.5   079.8   16:46    50.5   06:30     00.4     00.0   00.00   00.0     04.6    15:19      SW
17    65.8   080.2   16:48    52.6   06:37     00.0     00.9   00.00   00.0     04.6    11:23      SW
18    66.3   075.7   14:01    58.4   05:53     00.0     01.4   00.00   00.0     03.5    12:50      SW
19    69.1   078.1   17:44    60.8   03:49     00.0     04.1   00.00   00.2     10.3    08:59     WSW
20    71.5   085.4   16:46    59.9   06:40     00.0     06.6   00.01   00.1     10.3    15:20     WSW
21    72.2   087.3   16:06    57.6   06:40     00.0     07.2   00.00   00.1     09.2    15:19     WSW
22    72.6   082.2   15:48    64.2   03:22     00.0     07.6   00.14   00.1     08.1    15:27     WSW
23    70.1   079.4   15:00    58.7   00:00     00.0     05.2   00.00   00.0     03.5    18:17      S 
24    64.8   077.3   16:47    53.1   06:41     00.2     00.0   00.00   00.0     09.2    10:51      E 
25    66.2   081.5   15:41    48.8   06:37     00.0     01.2   00.00   00.2     09.2    15:41      SW
26    70.4   078.7   16:09    66.1   08:32     00.0     05.5   00.43   00.2     11.5    20:36      W 
27    73.6   082.7   14:59    67.9   00:00     00.0     08.6   00.36   00.0     08.1    15:37     SSW
28    70.3   083.2   13:41    64.4   05:38     00.0     05.4   00.24   00.1     09.2    14:08      SE
29    70.5   078.2   16:13    67.1   23:03     00.0     05.5   00.03   00.0     04.6    23:28      SE
30    74.3   084.9   15:57    65.8   02:23     00.0     09.3   00.00   00.2     10.3    10:07      W 
31    76.9   082.3   12:55    72.6   06:35     00.0     11.9   00.00   00.3     09.2    09:54      W 
----------------------------------------------------------------------------------------------------------------------------------------------------------
69.3 (70.0)   87.3  day 21     48.8  day 25   003.6    138.7   00.00   00.2     18.4   day 07     WSW
Max >=  86: 1
Min <=  86: 31
Max Rain: 2.56 ON 9-08-13
Days of Rain: 13 (> .008in) 8 (> .08in) 1 (> 0.8in)