MONTHLY CLIMATOLOGICAL SUMMARY for AUG. 2010

NAME: N2KI Studio 1 - Bravo   CITY: Washingtonville STATE: New York
ELEV: 445 LAT: N41 25 29.5 LONG: W74 08 53.3

                            TEMPERATURE ( F), RAIN (in.), WIND SPEED (mph)

                                               HEAT     COOL           AVG
      MEAN                                     DEG      DEG            WIND                       DOM
DAY   TEMP    HIGH   TIME     LOW    TIME      DAYS     DAYS    RAIN   SPEED    HIGH    TIME      DIR
----------------------------------------------------------------------------------------------------------------------------------------------------------
01    68.3   078.9   12:09    56.9   05:57     00.0     03.3   00.00   00.2     06.9    12:13      SW
02    73.3   084.2   17:40    63.6   06:18     00.0     08.3   00.00   00.6     14.9    16:19     WSW
03    76.8   084.1   18:01    70.3   06:15     00.0     11.8   00.00   01.1     12.7    15:44     WSW
04    81.1   091.8   17:48    72.4   06:13     00.0     16.2   00.00   00.5     12.7    16:29     WSW
05    80.9   089.0   18:14    75.5   07:13     00.0     16.0   00.30   00.8     20.7    14:47      W 
06    74.9   083.8   15:33    58.0   00:00     00.0     10.0   00.00   00.8     17.3    14:26      W 
07    68.6   084.6   18:01    54.5   03:22     00.0     03.7   00.00   00.4     11.5    15:03     WSW
08    73.1   088.7   17:23    57.1   05:42     00.0     08.1   00.00   00.9     13.8    22:05     WSW
09    82.0   092.0   14:48    71.7   06:56     00.0     17.0   00.00   00.8     12.7    13:37      W 
10    79.5   089.8   15:50    71.9   00:00     00.0     14.5   00.00   00.5     12.7    18:51      W 
11    76.7   089.3   17:17    66.3   06:47     00.0     11.8   00.00   00.2     06.9    15:31     SSE
12    73.3   076.5   15:37    69.1   06:47     00.0     08.3   00.00   00.1     05.8    12:05     ESE
13    72.2   081.2   15:13    64.2   07:13     00.0     07.2   00.00   00.4     10.3    16:51      E 
14    70.5   083.3   15:49    56.5   06:15     00.0     05.6   00.00   00.8     13.8    21:35     WSW
15    68.7   076.1   13:09    63.4   03:12     00.0     03.7   00.30   00.3     10.3    14:21      W 
16    76.6   086.4   18:22    67.4   00:19     00.0     11.7   00.20   00.6     11.5    15:41     WSW
17    75.2   084.8   16:32    67.5   00:00     00.0     10.3   00.00   00.3     11.5    12:29      W 
18    70.1   082.5   14:25    60.9   00:00     00.0     05.2   00.00   00.1     05.8    16:05     WSW
19    72.9   090.2   17:05    56.2   06:36     00.0     08.0   00.00   00.3     11.5    15:58     WSW
20    72.5   085.8   15:23    59.3   00:00     00.0     07.6   00.00   00.5     12.7    15:38      SW
21    68.6   082.2   16:36    53.0   06:49     00.0     03.7   00.00   00.3     08.1    17:13      E 
22    71.3   074.8   14:58    67.5   23:59     00.0     06.4   02.80   00.6     21.9    15:59      E 
23    65.8   068.8   11:13    61.1   23:41     00.0     00.8   00.80   00.7     21.9    07:32     ENE
24    65.6   069.3   13:49    61.4   00:07     00.0     00.7   00.00   00.5     08.1    13:34     ENE
25    64.8   068.1   15:27    62.2   06:47     00.1     00.0   00.50   00.1     04.6    10:43     ENE
26    68.7   078.8   15:44    56.2   23:57     00.0     03.7   00.00   00.7     19.6    14:16     WSW
27    63.7   077.8   16:45    52.0   06:21     01.2     00.0   00.00   00.5     11.5    18:29     WSW
28    65.5   081.5   18:17    50.3   06:47     00.0     00.6   00.00   00.2     06.9    16:18     WSW
29    72.9   091.8   15:54    58.3   03:15     00.0     08.0   00.00   00.4     11.5    16:14      W 
30    72.5   090.6   16:27    56.1   06:57     00.0     07.5   00.00   00.2     05.8    15:17     WSW
31    77.6   093.9   16:30    64.3   06:50     00.0     12.7   00.00   00.3     08.1    17:16      SW
----------------------------------------------------------------------------------------------------------------------------------------------------------
72.4 (72.7)   93.9  day 31     50.3  day 28   001.4    232.6   04.92   00.5     21.9   day 22     WSW
Max >=  86: 11
Min <=  86: 31
Max Rain: 2.80 ON 22-08-11
Days of Rain: 6 (> .008in) 6 (> .08in) 2 (> 0.8in)