MONTHLY CLIMATOLOGICAL SUMMARY for AUG. 2009

NAME: N2KI Studio 1 - Bravo   CITY: Washingtonville STATE: New York
ELEV: 445 LAT: N41 25 29.5 LONG: W74 08 53.3

                            TEMPERATURE ( F), RAIN (in.), WIND SPEED (mph)

                                               HEAT     COOL           AVG
      MEAN                                     DEG      DEG            WIND                       DOM
DAY   TEMP    HIGH   TIME     LOW    TIME      DAYS     DAYS    RAIN   SPEED    HIGH    TIME      DIR
----------------------------------------------------------------------------------------------------------------------------------------------------------
01    73.4   085.2   16:38    61.1   06:29     00.0     08.5   00.00   00.8     10.3    15:22     WSW
02    70.8   076.6   16:21    66.4   04:47     00.0     05.8   00.70   00.6     13.8    15:50     WSW
03    72.5   082.8   17:47    62.8   00:00     00.0     07.6   00.00   00.6     11.5    14:35     WSW
04    73.3   085.5   16:24    58.5   06:33     00.0     08.4   00.00   00.8     13.8    12:37     WSW
05    76.5   085.6   17:16    63.5   00:00     00.0     11.6   00.00   00.8     11.5    17:16     WSW
06    67.8   080.3   15:46    56.8   06:43     00.0     02.8   00.00   00.3     06.9    16:32     WSW
07    66.6   079.2   16:07    54.9   05:30     00.0     01.7   00.00   01.0     16.1    16:45     WSW
08    64.4   076.7   15:14    50.3   06:51     00.5     00.0   00.00   00.3     08.1    13:37      SW
09    70.0   074.0   12:44    64.5   00:18     00.0     05.0   00.00   00.2     06.9    23:40     WSW
10    76.7   091.5   17:29    68.4   04:26     00.0     11.8   00.50   01.2     19.6    20:21     WSW
11    76.9   088.3   15:37    69.1   00:41     00.0     12.0   00.00   00.7     10.3    15:37     WSW
12    71.8   081.9   15:23    66.4   06:50     00.0     06.9   01.80   00.3     09.2    16:03      S 
13    68.9   072.1   18:35    67.2   00:00     00.0     03.9   00.40   00.1     04.6    09:12      SE
14    73.7   085.8   17:40    63.7   06:16     00.0     08.7   00.00   00.3     04.6    14:04     SSE
15    76.4   089.5   16:16    64.9   05:29     00.0     11.4   00.00   00.5     08.1    15:39      SW
16    78.2   091.3   15:47    67.3   04:52     00.0     13.3   00.00   00.5     08.1    15:48     WSW
17    78.8   092.2   15:06    67.2   07:04     00.0     13.8   00.00   00.4     08.1    12:58     SSW
18    78.7   089.9   15:40    66.5   07:02     00.0     13.7   00.00   01.0     12.7    16:14     WSW
19    77.5   087.5   14:50    70.6   07:07     00.0     12.6   00.00   00.9     11.5    09:33     WSW
20    77.2   089.3   16:59    66.3   06:53     00.0     12.2   00.00   00.3     09.2    12:42      SW
21    78.0   088.5   13:38    69.1   00:00     00.0     13.1   00.50   01.0     42.5    15:34     WSW
22    72.7   078.5   14:55    69.0   01:59     00.0     07.8   00.70   00.1     08.1    23:54     ESE
23    72.8   084.9   15:17    68.2   05:00     00.0     07.9   00.40   00.2     12.7    16:23      W 
24    71.6   082.3   15:29    64.1   07:30     00.0     06.7   00.00   00.0     00.0    00:00     WSW
25    71.8   084.1   16:03    61.1   06:58     00.0     06.8   00.00   00.1     08.1    17:30      SW
26    72.9   084.7   14:59    63.4   06:30     00.0     08.0   00.00   01.0     17.3    12:22     WSW
27    67.5   077.6   15:45    59.0   06:59     00.0     02.5   00.00   00.3     08.1    09:47     ESE
28    62.9   064.8   03:25    61.3   13:42     02.0     00.0   00.40   00.1     04.6    23:36     ENE
29    64.1   066.8   00:00    61.3   05:44     00.8     00.0   00.10   00.1     04.6    22:03      E 
30    70.0   079.9   15:32    61.1   00:00     00.0     05.1   00.00   01.0     16.1    15:23      W 
31    61.5   070.7   16:39    52.2   23:59     03.4     00.0   00.00   00.5     05.8    15:08      S 
----------------------------------------------------------------------------------------------------------------------------------------------------------
72.1 (72.8)   92.2  day 17     50.3  day 08   006.9    229.8   05.64   00.5     42.6   day 21     WSW
Max >=  86: 9
Min <=  86: 31
Max Rain: 1.80 ON 12-08-11
Days of Rain: 9 (> .008in) 9 (> .08in) 1 (> 0.8in)