MONTHLY CLIMATOLOGICAL SUMMARY for JUL. 2023

NAME: N2KI Weather System - KNYWASHI15   CITY: Washingtonville STATE: NY
ELEV: 300ft LAT: 041:26:00 LONG: 0074:07:00

                            TEMPERATURE ( F), RAIN (in.), WIND SPEED (mph)

                                               HEAT     COOL           AVG
      MEAN                                     DEG      DEG            WIND                       DOM
DAY   TEMP    HIGH   TIME     LOW    TIME      DAYS     DAYS    RAIN   SPEED    HIGH    TIME      DIR
--------------------------------------------------------------------------------------------------------
01    72.8   083.3   14:37    60.6   06:24     00.0     07.8   00.00   00.2     11.5    22:03      SW
02    75.4   086.8   16:46    66.0   04:41     00.0     10.5   00.44   00.1     10.3    13:51      W 
03    75.5   088.3   14:37    69.2   06:01     00.0     10.5   01.12   00.0     04.6    16:18     WSW
04    75.9   085.7   14:44    70.2   06:17     00.0     10.9   00.05   00.0     03.5    14:25      SW
05    79.1   092.8   16:26    68.4   06:46     00.0     14.2   00.00   00.0     00.0    00:00      S 
06    79.7   091.2   11:27    69.0   06:23     00.0     14.7   00.03   00.2     11.5    21:29      S 
07    78.1   086.6   15:06    67.5   06:15     00.0     13.2   00.00   00.1     08.1    13:08     SSW
08    77.9   087.4   16:16    70.8   05:29     00.0     12.9   00.00   00.0     08.1    17:39     SSE
09    72.4   082.5   11:34    68.0   21:31     00.0     07.5   02.05   00.0     05.8    12:33     SSW
10    72.2   082.4   15:24    62.5   00:00     00.0     07.2   00.16   00.0     08.1    18:19     SSW
11    74.3   087.8   16:46    59.6   05:59     00.0     09.3   00.00   00.1     08.1    09:08     WSW
12    76.8   089.7   16:02    63.5   06:12     00.0     11.9   00.00   00.0     08.1    13:04      W 
13    78.6   089.7   15:38    65.8   06:08     00.0     13.6   00.20   00.4     12.7    16:00     WSW
14    72.3   083.7   16:48    65.2   05:10     00.0     07.4   01.32   00.0     06.9    00:52      S 
15    76.7   088.1   15:26    66.3   05:59     00.0     11.7   00.00   00.1     11.5    18:08     WSW
16    75.6   078.4   15:39    71.2   23:59     00.0     10.6   01.42   00.0     09.2    04:07     SSW
17    77.7   087.4   15:36    70.5   02:41     00.0     12.8   00.00   00.0     10.3    13:35     WSW
18    75.5   085.9   16:02    66.5   06:37     00.0     10.6   00.24   00.2     13.8    13:59     WSW
19    72.7   083.1   16:19    64.3   06:31     00.0     07.8   00.00   00.0     03.5    15:22      S 
20    75.5   086.9   15:36    64.5   05:59     00.0     10.5   00.00   00.0     05.8    23:02     SSW
21    74.1   082.9   15:00    67.1   08:09     00.0     09.1   00.08   00.0     10.3    03:48      W 
22    72.6   083.9   18:05    62.4   06:23     00.0     07.6   00.00   00.0     06.9    12:19      W 
23    71.9   087.1   15:02    56.8   06:18     00.0     07.0   00.00   00.0     08.1    15:04      W 
24    75.5   086.0   16:37    63.4   06:17     00.0     10.6   00.00   00.2     12.7    14:49     SSW
25    73.0   086.4   13:18    65.0   00:00     00.0     08.1   00.22   00.0     06.9    12:39     WSW
26    74.7   087.8   16:08    62.0   05:58     00.0     09.8   00.00   00.0     06.9    17:16      W 
27    77.8   090.6   15:09    71.7   00:00     00.0     12.8   00.20   00.4     21.9    17:18     WNW
28    79.4   091.0   16:36    69.0   06:12     00.0     14.4   00.00   00.0     03.5    17:14      W 
29    77.1   089.6   16:18    65.1   00:00     00.0     12.2   01.06   00.2     13.8    18:43     WSW
30    68.2   077.5   16:28    59.4   00:00     00.0     03.2   00.00   00.0     08.1    13:01      SW
31    68.2   082.2   16:05    54.3   06:17     00.0     03.3   00.00   00.0     06.9    16:42      W 
--------------------------------------------------------------------------------------------------------
75.1 (75.8)   92.8  day 05     54.3  day 31   000.0    313.9   08.59   00.1     21.9   day 27      SW
Max >=  86: 19
Min <=  86: 31
Max Rain: 2.05 ON 9-07-23
Days of Rain: 14 (> .008in) 12 (> .08in) 5 (> 0.8in)