MONTHLY CLIMATOLOGICAL SUMMARY for JUL. 2022

NAME: N2KI - Skywarn Spotter ID 15-360NYC   CITY: Washingtonville STATE: NY
ELEV: 300ft LAT: 041:26:00 LONG: 0074:07:00

                            TEMPERATURE ( F), RAIN (in.), WIND SPEED (mph)

                                               HEAT     COOL           AVG
      MEAN                                     DEG      DEG            WIND                       DOM
DAY   TEMP    HIGH   TIME     LOW    TIME      DAYS     DAYS    RAIN   SPEED    HIGH    TIME      DIR
--------------------------------------------------------------------------------------------------------
01    77.9   093.7   14:50    59.8   06:24     00.0     12.9   00.00   00.2     11.5    21:05     WSW
02    75.2   087.5   17:39    67.6   06:01     00.0     10.2   00.44   00.1     17.3    01:09      SW
03    74.4   085.8   15:51    59.7   00:00     00.0     09.5   00.00   00.0     08.1    16:11      W 
04    69.4   085.2   16:24    50.5   06:04     00.0     04.4   00.00   00.0     11.5    13:03      W 
05    73.5   085.1   11:54    62.1   05:52     00.0     08.6   00.00   00.2     10.3    18:52      W 
06    77.1   083.7   18:10    70.4   00:00     00.0     12.2   00.00   00.1     09.2    09:50      W 
07    73.5   083.0   15:34    64.7   06:43     00.0     08.5   00.00   00.1     10.3    21:22     WSW
09    73.2   084.0   16:09    61.9   00:00     00.0     08.3   00.00   00.0     05.8    16:41      S 
10    69.6   083.5   16:59    54.3   06:30     00.0     04.6   00.00   00.0     08.1    22:07     SSE
11    75.0   088.6   16:58    58.4   06:23     00.0     10.1   00.00   00.3     12.7    22:30      SW
12    79.3   091.6   16:11    66.5   06:12     00.0     14.4   00.00   00.3     14.9    15:29      W 
13    77.9   090.4   15:55    63.7   06:22     00.0     13.0   00.00   00.0     06.9    13:58     WSW
14    74.2   086.9   16:36    63.5   06:37     00.0     09.2   00.01   00.0     06.9    15:47     WSW
15    72.3   086.9   15:27    55.8   06:09     00.0     07.4   00.00   00.0     05.8    12:06      W 
16    73.6   083.8   16:43    62.6   05:56     00.0     08.6   00.00   00.1     08.1    17:54      S 
17    76.5   086.2   13:37    65.4   06:36     00.0     11.6   00.00   00.0     11.5    14:51      SE
18    74.8   080.8   15:53    70.1   00:00     00.0     09.8   00.42   00.1     10.3    16:39     ESE
19    79.4   092.4   17:47    68.2   06:12     00.0     14.5   00.09   00.1     09.2    17:16     WNW
20    83.2   097.6   16:22    69.2   06:25     00.0     18.3   00.01   00.0     10.3    17:00      W 
21    85.1   095.5   16:37    73.8   04:13     00.0     20.2   00.00   00.3     12.7    15:48      W 
22    80.3   094.6   14:32    67.6   06:23     00.0     15.3   00.00   00.1     12.7    16:56     WNW
23    81.8   095.9   17:40    66.5   06:38     00.0     16.9   00.00   00.1     06.9    16:13     WNW
24    81.7   094.8   18:05    68.8   06:32     00.0     16.8   00.01   00.4     16.1    20:07     WNW
25    79.8   088.7   17:50    72.2   01:10     00.0     14.9   00.04   00.2     11.5    15:47      W 
26    73.2   084.3   16:14    60.7   06:32     00.0     08.2   00.00   00.1     10.3    14:21     WNW
27    72.8   088.4   15:35    55.4   06:20     00.0     07.8   00.00   00.1     08.1    16:02      W 
28    79.7   091.8   14:49    69.5   02:15     00.0     14.8   00.00   00.1     11.5    18:20      W 
29    77.3   089.5   13:40    68.4   06:45     00.0     12.3   00.00   00.2     11.5    18:23     WNW
30    76.3   087.0   16:32    64.8   00:00     00.0     11.4   00.00   00.1     11.5    10:53      NW
31    73.2   087.2   16:22    56.7   06:39     00.0     08.3   00.00   00.1     09.2    16:23     WNW
--------------------------------------------------------------------------------------------------------
76.4 (76.2)   97.6  day 20     50.5  day 04   000.0    343.0   01.02   00.1     17.3   day 02      W 
Max >=  86: 20
Min <=  86: 30
Max Rain: 0.44 ON 2-07-22
Days of Rain: 7 (> .008in) 3 (> .08in) 0 (> 0.8in)