MONTHLY CLIMATOLOGICAL SUMMARY for JUL. 2021

NAME: N2KI - Skywarn Spotter ID 15-360NYC   CITY: Washingtonville STATE: NY
ELEV: 300ft LAT: 041:26:00 LONG: 0074:07:00

                            TEMPERATURE ( F), RAIN (in.), WIND SPEED (mph)

                                               HEAT     COOL           AVG
      MEAN                                     DEG      DEG            WIND                       DOM
DAY   TEMP    HIGH   TIME     LOW    TIME      DAYS     DAYS    RAIN   SPEED    HIGH    TIME      DIR
--------------------------------------------------------------------------------------------------------
01    72.4   077.1   13:38    69.0   05:59     00.0     07.4   00.01   00.0     03.5    16:28     WSW
02    69.1   078.4   16:29    59.8   00:00     00.0     04.2   00.30   00.2     04.6    19:25     ESE
03    61.0   065.7   15:06    57.5   06:26     03.9     00.0   00.15   00.2     06.9    00:08     ESE
04    67.8   076.7   15:44    60.5   02:41     00.0     02.9   00.00   00.1     04.6    05:15      S 
05    71.4   083.2   15:48    58.0   04:23     00.0     06.5   00.00   00.2     06.9    15:52     ESE
06    77.8   093.1   15:21    68.7   23:59     00.0     12.8   00.24   00.7     08.1    17:37      W 
07    79.2   092.0   16:50    65.8   06:15     00.0     14.3   00.00   00.3     08.1    17:09      W 
08    71.5   078.5   09:57    66.8   05:50     00.0     06.5   01.12   00.2     06.9    12:20     SSE
09    74.2   086.5   16:07    67.7   08:14     00.0     09.3   00.12   00.3     09.2    16:54     SSW
10    72.3   081.1   15:20    64.6   00:00     00.0     07.3   00.00   00.2     03.5    17:36     ESE
11    69.7   077.1   18:40    60.9   05:08     00.0     04.8   00.00   00.2     04.6    14:37      SE
12    71.1   080.8   16:33    64.6   05:25     00.0     06.2   00.25   00.2     04.6    22:18      SE
13    70.5   076.0   14:23    67.4   06:20     00.0     05.5   00.00   00.1     04.6    05:55      SE
14    76.8   088.1   16:21    68.4   06:20     00.0     11.8   00.09   00.3     05.8    18:06      SW
15    77.7   089.1   16:03    65.6   06:15     00.0     12.7   00.00   00.2     05.8    16:33      W 
16    77.7   091.3   14:44    70.8   06:23     00.0     12.8   00.04   00.3     05.8    12:45      W 
17    75.5   088.9   13:53    68.6   05:12     00.0     10.6   00.86   00.1     05.8    20:27      W 
18    74.2   083.3   15:30    68.3   00:00     00.0     09.2   00.10   00.1     06.9    17:50     WSW
19    71.5   081.4   18:13    67.2   00:00     00.0     06.6   00.07   00.1     03.5    17:18     SSE
20    75.3   086.7   16:06    66.2   03:45     00.0     10.3   00.00   00.1     04.6    07:32     WSW
21    72.4   081.5   16:32    64.5   06:01     00.0     07.4   00.00   00.1     04.6    15:00      SW
22    69.1   081.0   16:17    57.3   06:05     00.0     04.1   00.00   00.1     03.5    23:23      SW
23    68.1   082.5   15:39    54.9   06:17     00.0     03.1   00.00   00.2     04.6    18:37     SSE
24    70.4   085.3   15:58    54.7   06:05     00.0     05.4   00.00   00.5     10.3    21:58      SE
25    73.8   083.8   16:45    67.5   06:16     00.0     08.8   01.08   00.6     08.1    05:17     WSW
26    75.2   088.2   15:55    64.4   06:10     00.0     10.3   00.00   00.2     04.6    14:50      W 
27    74.1   090.7   15:24    60.6   06:27     00.0     09.1   00.05   00.3     08.1    18:32     WSW
28    70.7   080.4   15:59    62.1   00:00     00.0     05.8   00.00   00.2     03.5    17:54     SSE
29    67.5   077.1   12:09    56.9   05:48     00.0     02.6   00.11   00.4     09.2    16:39      N 
30    71.6   080.4   15:32    59.2   00:00     00.0     06.6   00.00   00.6     08.1    16:58      W 
31    63.6   075.9   16:33    50.4   05:17     01.3     00.0   00.00   00.2     04.6    16:43     WSW
--------------------------------------------------------------------------------------------------------
72.0 (72.9)   93.1  day 06     50.4  day 31   005.3    225.1   04.59   00.2     10.4   day 24      SW
Max >=  86: 10
Min <=  86: 31
Max Rain: 1.12 ON 8-07-21
Days of Rain: 15 (> .008in) 11 (> .08in) 3 (> 0.8in)