MONTHLY CLIMATOLOGICAL SUMMARY for JUL. 2020

NAME: N2KI - Skywarn Spotter ID 15-360NYC   CITY: Washingtonville STATE: NY
ELEV: 300ft LAT: 041:26:00 LONG: 0074:07:00

                            TEMPERATURE ( F), RAIN (in.), WIND SPEED (mph)

                                               HEAT     COOL           AVG
      MEAN                                     DEG      DEG            WIND                       DOM
DAY   TEMP    HIGH   TIME     LOW    TIME      DAYS     DAYS    RAIN   SPEED    HIGH    TIME      DIR
--------------------------------------------------------------------------------------------------------
01    71.2   081.8   14:13    64.7   06:58     00.0     06.3   00.00   00.2     03.5    21:13      SE
02    72.9   092.3   15:40    61.1   03:44     00.0     07.9   00.00   00.1     05.8    19:58     WNW
03    74.7   087.8   13:36    67.2   05:48     00.0     09.8   00.27   00.1     03.5    17:49      W 
04    76.3   089.5   16:22    68.0   06:51     00.0     11.4   00.00   00.1     04.6    13:34     WSW
05    78.5   091.7   17:14    65.6   06:25     00.0     13.5   00.00   00.2     04.6    15:45     WNW
06    76.6   092.2   15:12    63.7   05:54     00.0     11.7   00.00   00.4     13.8    17:25     WSW
07    74.0   083.6   15:14    65.2   05:44     00.0     09.1   00.00   00.5     08.1    16:53     SSE
08    74.2   084.7   11:18    69.8   00:00     00.0     09.2   00.52   00.3     08.1    13:58      W 
09    78.3   091.7   15:52    66.8   06:03     00.0     13.4   00.00   00.4     09.2    22:37      W 
10    73.2   078.7   12:15    68.7   02:34     00.0     08.2   01.05   00.4     09.2    20:26     ENE
11    76.8   087.9   15:26    71.9   07:17     00.0     11.8   00.26   00.8     12.7    18:42      W 
12    76.9   088.1   16:14    68.6   05:51     00.0     12.0   00.02   00.8     06.9    19:39      W 
13    75.9   086.3   17:58    66.1   05:48     00.0     11.0   00.00   00.4     09.2    13:16      W 
14    72.6   085.7   17:27    62.9   06:13     00.0     07.6   00.04   00.2     04.6    18:15      SW
15    72.4   084.2   16:44    61.0   06:24     00.0     07.4   00.00   00.5     11.5    21:38     SSE
16    72.0   079.2   15:22    67.6   00:00     00.0     07.1   00.00   00.9     09.2    13:08      SE
17    73.2   085.3   16:12    67.0   05:56     00.0     08.3   00.00   00.3     06.9    00:06      W 
18    77.0   091.7   16:02    62.1   06:44     00.0     12.1   00.00   00.2     04.6    16:30     WSW
19    81.4   095.4   14:49    66.3   06:17     00.0     16.5   00.00   00.4     08.1    15:53     WSW
20    81.3   092.4   17:11    70.6   00:00     00.0     16.3   00.00   00.3     06.9    11:49     WSW
21    77.9   090.6   16:35    65.1   06:15     00.0     13.0   00.00   00.2     05.8    16:20     WNW
22    78.1   092.0   14:51    69.3   06:36     00.0     13.1   00.04   00.2     08.1    19:00     WNW
23    77.7   087.8   13:53    70.2   06:38     00.0     12.7   00.01   00.3     08.1    13:52      W 
24    75.7   083.1   15:00    68.8   00:00     00.0     10.8   00.00   00.1     03.5    16:33     ESE
25    77.8   090.6   16:34    64.8   05:17     00.0     12.8   00.00   00.3     05.8    11:09      NW
26    79.8   091.3   16:02    69.0   05:28     00.0     14.9   00.00   00.4     08.1    12:55     WSW
27    81.4   095.9   16:01    65.4   06:31     00.0     16.5   00.00   00.6     09.2    16:45     WSW
28    80.3   088.7   12:44    68.4   00:00     00.0     15.4   00.00   00.3     04.6    17:12      W 
29    78.6   093.0   16:13    63.0   06:20     00.0     13.6   00.00   00.3     06.9    14:53     WSW
30    76.3   088.9   14:35    68.5   07:03     00.0     11.4   00.00   00.3     04.6    16:41     WSW
--------------------------------------------------------------------------------------------------------
76.4 (77.5)   95.9  day 27     61.0  day 15   000.0    344.8   02.21   00.4     13.8   day 22     WSW
Max >=  86: 21
Min <=  86: 30
Max Rain: 1.05 ON 10-07-20
Days of Rain: 8 (> .008in) 4 (> .08in) 1 (> 0.8in)