MONTHLY CLIMATOLOGICAL SUMMARY for JUL. 2019

NAME: N2KI - Skywarn Spotter ID 15-360NYC   CITY: Washingtonville STATE: NY
ELEV: 300ft LAT: 041:26:00 LONG: 0074:07:00

                            TEMPERATURE ( F), RAIN (in.), WIND SPEED (mph)

                                               HEAT     COOL           AVG
      MEAN                                     DEG      DEG            WIND                       DOM
DAY   TEMP    HIGH   TIME     LOW    TIME      DAYS     DAYS    RAIN   SPEED    HIGH    TIME      DIR
--------------------------------------------------------------------------------------------------------
01    71.5   087.0   16:48    56.7   05:49     00.0     06.6   00.00   00.0     08.1    17:52      W 
02    71.7   082.9   17:19    60.4   06:52     00.0     06.8   00.00   00.0     05.8    18:39      W 
03    77.7   089.5   17:46    66.6   06:42     00.0     12.7   00.00   00.0     04.6    11:16     SSW
04    77.7   090.0   16:23    65.6   06:09     00.0     12.7   00.00   00.1     09.2    18:44      SE
05    76.1   087.2   15:11    62.6   06:13     00.0     11.1   00.00   00.3     11.5    21:14      S 
06    78.1   088.0   13:17    73.4   00:00     00.0     13.2   00.11   00.1     10.3    13:19     WSW
07    76.1   085.0   16:31    67.3   00:00     00.0     11.1   00.00   00.0     05.8    14:27     SSE
08    70.2   080.3   15:57    64.3   09:59     00.0     05.3   00.05   00.0     06.9    17:15      W 
09    74.4   088.0   17:09    62.5   06:22     00.0     09.4   00.00   00.0     02.3    17:49      W 
10    75.2   089.0   15:19    59.8   06:17     00.0     10.2   00.00   00.0     10.3    15:48      W 
11    76.2   085.3   13:04    70.5   06:41     00.0     11.3   00.04   00.2     13.8    18:24     WNW
12    76.6   085.6   14:27    69.0   00:00     00.0     11.7   00.00   00.2     14.9    15:25     WNW
13    74.8   086.8   17:24    62.2   05:54     00.0     09.9   00.00   00.1     13.8    16:01      W 
14    77.4   088.8   16:01    66.6   05:50     00.0     12.5   00.00   00.2     11.5    14:07     WSW
15    73.6   088.9   16:12    57.8   06:26     00.0     08.6   00.00   00.1     10.3    16:21      W 
16    76.7   091.0   17:01    59.5   06:23     00.0     11.7   00.00   00.2     11.5    13:52      W 
17    78.6   092.0   13:09    73.3   06:22     00.0     13.6   00.33   00.1     11.5    15:08      SW
18    73.6   076.1   16:11    71.2   00:00     00.0     08.7   00.15   00.0     08.1    16:42      S 
19    80.6   093.1   17:04    70.7   05:50     00.0     15.7   00.02   00.2     12.7    14:17     WSW
20    84.5   095.5   16:13    74.7   06:05     00.0     19.6   00.00   00.2     10.3    19:41     WNW
21    83.5   095.9   16:25    74.6   06:18     00.0     18.5   00.00   00.4     12.7    15:50     WNW
22    73.1   084.4   13:18    66.8   00:00     00.0     08.2   02.18   00.0     05.8    15:05      SE
23    68.5   076.5   16:54    64.5   07:20     00.0     03.5   00.26   00.0     05.8    11:29     ESE
24    71.2   082.8   16:05    61.4   06:04     00.0     06.3   00.00   00.0     05.8    12:16     ESE
25    70.5   084.5   15:20    57.0   06:17     00.0     05.5   00.00   00.0     04.6    13:32     SSE
26    72.8   087.0   16:25    58.5   06:29     00.0     07.9   00.00   00.0     03.5    17:17      SE
27    76.2   088.5   15:55    63.7   05:23     00.0     11.3   00.00   00.1     10.3    14:40      SW
28    78.4   089.4   17:03    67.2   06:45     00.0     13.4   00.01   00.1     09.2    22:11     WNW
29    78.6   090.6   15:47    66.1   06:29     00.0     13.7   00.00   00.1     11.5    14:49     WNW
30    80.7   093.5   16:00    68.4   06:29     00.0     15.8   00.00   00.1     10.3    16:03     WNW
31    72.2   081.8   12:32    66.9   06:31     00.0     07.3   00.34   00.0     13.8    13:42      SW
--------------------------------------------------------------------------------------------------------
75.7 (76.4)   95.9  day 21     56.7  day 01   000.0    333.7   03.49   00.1     15.0   day 21     WSW
Max >=  86: 20
Min <=  86: 31
Max Rain: 2.18 ON 22-07-19
Days of Rain: 10 (> .008in) 6 (> .08in) 1 (> 0.8in)