MONTHLY CLIMATOLOGICAL SUMMARY for JUL. 2017

NAME: N2KI - Skywarn Spotter ID 15-360NYC   CITY: Washingtonville STATE: NY
ELEV: 300ft LAT: 041:26:00 LONG: 0074:07:00

                            TEMPERATURE ( F), RAIN (in.), WIND SPEED (mph)

                                               HEAT     COOL           AVG
      MEAN                                     DEG      DEG            WIND                       DOM
DAY   TEMP    HIGH   TIME     LOW    TIME      DAYS     DAYS    RAIN   SPEED    HIGH    TIME      DIR
--------------------------------------------------------------------------------------------------------
01    75.1   084.4   13:07    66.8   06:15     00.0     10.1   00.06   00.5     12.7    19:23     WSW
02    77.2   087.1   15:47    67.6   06:49     00.0     12.2   00.00   00.1     11.5    12:28      W 
03    74.3   086.6   16:59    62.8   06:07     00.0     09.4   00.00   00.2     11.5    14:49      W 
04    71.9   083.6   15:02    59.7   05:51     00.0     06.9   00.00   00.0     04.6    13:25     SSW
05    72.0   085.2   16:32    57.0   06:13     00.0     07.1   00.00   00.2     11.5    20:09     SSE
06    71.4   081.3   14:13    64.2   05:02     00.0     06.4   00.00   00.1     11.5    14:06      W 
07    68.9   080.2   17:50    63.3   07:55     00.0     03.9   00.55   00.0     04.6    19:23      S 
08    71.7   082.1   14:51    63.6   00:00     00.0     06.7   00.11   00.2     14.9    13:58     WSW
09    69.3   081.5   16:28    55.9   06:23     00.0     04.3   00.01   00.2     10.3    16:51     WSW
10    71.5   084.0   13:57    55.9   06:14     00.0     06.5   00.00   00.1     11.5    11:57      SW
11    74.7   080.5   14:51    68.4   06:11     00.0     09.8   00.08   00.1     08.1    15:08     WNW
12    76.7   087.5   16:01    67.9   06:14     00.0     11.8   00.00   00.2     12.7    15:26     WNW
13    76.6   087.7   11:37    71.4   00:00     00.0     11.6   00.27   00.1     11.5    09:55      W 
14    67.5   071.8   01:26    64.3   09:32     00.0     02.6   00.76   00.0     06.9    00:18     SSE
15    72.4   082.7   16:09    65.2   05:49     00.0     07.4   00.01   00.1     11.5    15:03     WSW
16    73.1   086.1   17:39    60.4   06:14     00.0     08.1   00.00   00.0     05.8    11:35     WSW
17    75.1   087.9   14:15    65.1   06:24     00.0     10.2   00.05   00.3     13.8    19:23      SW
18    75.9   089.0   16:13    65.4   06:19     00.0     11.0   00.01   00.1     09.2    18:32      SW
19    79.1   092.0   17:06    68.3   06:26     00.0     14.1   00.00   00.2     10.3    15:24     WNW
20    76.7   092.1   15:21    64.7   06:11     00.0     11.8   00.30   00.1     11.5    15:43      W 
21    77.9   089.8   17:03    67.9   05:37     00.0     13.0   00.00   00.2     10.3    15:29      W 
22    75.4   086.4   14:43    65.5   06:42     00.0     10.4   00.00   00.0     05.8    13:52      W 
23    74.1   081.5   13:28    69.3   06:54     00.0     09.2   00.01   00.0     06.9    23:26     SSW
24    65.2   071.8   00:10    61.0   10:03     00.0     00.3   00.21   00.1     10.3    10:31      SE
25    62.8   067.0   18:04    59.0   07:19     02.1     00.0   00.03   00.0     03.5    15:56     SSE
26    67.6   076.6   13:54    56.9   06:12     00.0     02.7   00.01   00.1     09.2    22:08      S 
27    68.5   076.2   17:59    60.3   06:10     00.0     03.6   00.01   00.0     06.9    10:45     WNW
28    71.7   082.6   16:36    62.8   05:14     00.0     06.8   00.01   00.0     03.5    16:50     NNW
29    68.1   075.7   16:29    56.3   00:00     00.0     03.2   00.00   00.2     10.3    17:41      E 
30    65.7   081.5   16:43    50.1   06:29     00.0     00.8   00.00   00.0     05.8    10:46      SE
31    71.2   089.2   16:12    53.4   06:03     00.0     06.2   00.00   00.0     05.8    15:43      SE
--------------------------------------------------------------------------------------------------------
72.2 (72.8)   92.1  day 20     50.1  day 30   002.1    228.3   02.49   00.1     15.0   day 17      SW
Max >=  86: 12
Min <=  86: 31
Max Rain: 0.76 ON 14-07-17
Days of Rain: 17 (> .008in) 7 (> .08in) 0 (> 0.8in)