MONTHLY CLIMATOLOGICAL SUMMARY for JUL. 2016

NAME: N2KI - Skywarn Spotter ID 13-330NYC   CITY: Washingtonville STATE: NY
ELEV: 300ft LAT: 041:26:00 LONG: 0074:07:00

                            TEMPERATURE ( F), RAIN (in.), WIND SPEED (mph)

                                               HEAT     COOL           AVG
      MEAN                                     DEG      DEG            WIND                       DOM
DAY   TEMP    HIGH   TIME     LOW    TIME      DAYS     DAYS    RAIN   SPEED    HIGH    TIME      DIR
--------------------------------------------------------------------------------------------------------
01    69.9   080.8   15:13    58.8   06:15     00.0     05.0   00.88   00.3     13.8    15:13     SSW
02    67.5   078.0   17:56    57.5   00:00     00.0     02.5   00.07   00.4     14.9    12:39      SW
03    67.9   081.3   14:20    52.3   05:59     00.0     03.0   00.00   00.2     11.5    13:20      W 
04    71.9   085.5   15:08    55.4   06:17     00.0     06.9   00.01   00.3     10.3    15:30     WSW
05    75.6   089.0   17:58    68.3   06:22     00.0     10.7   00.13   00.1     11.5    16:51      W 
06    79.3   091.5   17:50    66.0   06:02     00.0     14.3   00.00   00.2     09.2    13:25      W 
07    75.7   088.6   11:00    67.0   06:16     00.0     10.8   00.02   00.1     09.2    12:09     SSW
08    75.7   087.2   14:13    68.1   05:14     00.0     10.8   00.02   00.3     11.5    17:16      S 
09    68.2   071.6   00:01    65.8   08:04     00.0     03.2   00.17   00.2     08.1    17:37      S 
10    71.6   080.3   15:09    64.2   00:00     00.0     06.7   00.00   00.4     12.7    18:48     WSW
11    67.6   077.8   16:07    57.0   06:17     00.0     02.6   00.00   00.1     06.9    14:54     SSW
12    71.4   086.7   15:45    54.1   06:10     00.0     06.5   00.00   00.5     11.5    22:34     SSE
13    76.4   087.0   15:20    65.9   06:22     00.0     11.5   00.00   00.6     13.8    17:58      W 
14    78.8   087.7   15:13    72.6   00:45     00.0     13.9   00.00   00.4     13.8    15:09     WSW
15    79.9   089.6   17:20    68.0   06:04     00.0     15.0   00.00   00.3     11.5    18:12      W 
16    77.5   089.2   16:07    64.2   06:16     00.0     12.6   00.00   00.1     09.2    18:56      W 
17    77.7   091.7   16:37    66.8   06:34     00.0     12.7   00.00   00.1     10.3    15:25      W 
18    75.8   091.9   13:41    63.6   06:17     00.0     10.8   00.20   00.4     16.1    14:02      W 
19    73.0   083.2   14:50    63.1   00:00     00.0     08.1   00.01   00.3     14.9    15:03     WSW
20    69.6   084.4   17:30    53.2   06:18     00.0     04.7   00.00   00.1     06.9    12:54      SW
21    75.0   091.0   16:33    55.3   06:21     00.0     10.0   00.00   00.4     12.7    14:37      W 
22    83.5   096.0   14:49    71.5   05:49     00.0     18.6   00.00   00.8     17.3    14:06      W 
23    81.9   095.6   16:59    67.6   06:14     00.0     16.9   00.00   00.6     16.1    15:14      W 
24    77.9   094.5   17:29    60.8   06:39     00.0     13.0   00.00   00.1     06.9    15:16     WNW
25    76.5   094.5   13:33    68.5   03:40     00.0     11.6   00.68   00.3     13.8    14:10     WSW
26    76.9   088.6   17:02    67.7   00:00     00.0     11.9   00.00   00.2     09.2    18:11      W 
27    75.7   091.0   15:36    60.9   06:18     00.0     10.8   00.00   00.1     09.2    16:02      W 
28    75.9   094.0   15:49    61.6   06:32     00.0     10.9   00.48   00.1     19.6    18:15      SW
29    75.9   088.6   16:53    69.3   06:21     00.0     10.9   00.16   00.1     06.9    18:02     WSW
30    72.2   084.4   15:03    64.9   06:14     00.0     07.2   01.02   00.0     08.1    16:13      SW
31    70.3   072.8   15:44    68.1   22:26     00.0     05.4   02.85   00.0     04.6    18:56      SE
--------------------------------------------------------------------------------------------------------
74.6 (75.2)   96.0  day 22     52.3  day 03   000.0    299.6   06.70   00.3     19.6   day 23     WSW
Max >=  86: 20
Min <=  86: 31
Max Rain: 2.85 ON 31-07-16
Days of Rain: 14 (> .008in) 9 (> .08in) 3 (> 0.8in)