MONTHLY CLIMATOLOGICAL SUMMARY for JUL. 2015

NAME: N2KI - Skywarn Spotter ID 13-330NYC   CITY: Washingtonville STATE: NY
ELEV: 300ft LAT: 041:26:00 LONG: 0074:07:00

                            TEMPERATURE ( F), RAIN (in.), WIND SPEED (mph)

                                               HEAT     COOL           AVG
      MEAN                                     DEG      DEG            WIND                       DOM
DAY   TEMP    HIGH   TIME     LOW    TIME      DAYS     DAYS    RAIN   SPEED    HIGH    TIME      DIR
--------------------------------------------------------------------------------------------------------
01    73.0   080.6   16:11    63.2   00:00     00.0     08.0   00.24   00.8     17.3    15:03      W 
02    68.7   078.7   16:52    57.6   05:12     00.0     03.7   00.00   00.0     05.8    12:08      W 
03    67.5   079.6   17:19    54.7   06:24     00.0     02.6   00.00   00.0     06.9    15:11      W 
04    65.4   070.9   16:45    59.1   00:00     00.0     00.4   00.09   00.0     04.6    16:36     WSW
05    69.7   083.7   16:23    56.3   05:23     00.0     04.8   00.00   00.1     05.8    17:07      SW
06    71.3   082.9   15:16    58.9   05:59     00.0     06.4   00.00   00.1     09.2    19:20      W 
07    76.8   088.1   15:37    67.6   06:02     00.0     11.9   00.00   00.3     13.8    16:22      SW
08    77.7   085.4   13:15    70.7   00:00     00.0     12.7   00.00   00.1     06.9    12:36     WSW
09    70.0   077.4   17:59    65.2   08:55     00.0     05.1   00.12   00.2     14.9    20:39     ESE
10    73.1   083.0   17:06    62.6   00:00     00.0     08.2   00.00   00.1     08.1    09:59     WSW
11    71.5   086.9   16:41    56.3   06:13     00.0     06.6   00.00   00.0     03.5    15:15      SW
12    72.7   086.8   16:03    58.4   06:15     00.0     07.8   00.00   00.0     05.8    08:04     WSW
13    74.7   086.3   15:04    63.0   06:23     00.0     09.8   00.00   00.3     10.3    20:08     WSW
14    72.4   080.1   16:28    61.8   06:23     00.0     07.5   00.00   00.1     10.3    16:44      S 
15    72.6   080.2   13:46    65.6   00:00     00.0     07.7   00.00   00.1     06.9    15:11     ESE
16    66.8   078.8   16:02    53.4   06:38     00.0     01.9   00.00   00.1     08.1    12:19      E 
17    68.2   083.0   16:49    50.8   06:07     00.0     03.3   00.00   00.7     16.1    21:36     SSE
18    76.3   087.0   15:15    68.7   07:59     00.0     11.4   00.09   00.3     19.6    03:09     WSW
19    81.1   095.2   16:09    67.6   05:56     00.0     16.2   00.00   00.3     11.5    17:48      W 
20    82.5   091.7   16:47    73.7   00:00     00.0     17.6   00.00   00.3     10.3    09:31      W 
21    76.4   088.7   17:02    69.3   06:46     00.0     11.4   00.00   00.2     10.3    16:06      W 
22    71.8   082.4   16:06    60.0   00:00     00.0     06.9   00.00   00.5     13.8    13:38      W 
23    68.5   082.1   16:35    54.1   06:24     00.0     03.6   00.00   00.2     10.3    17:10      W 
24    70.2   084.3   16:19    56.0   06:50     00.0     05.3   00.00   00.1     08.1    17:00      W 
25    72.2   088.3   15:30    53.8   06:24     00.0     07.3   00.00   00.4     16.1    23:55      SW
26    76.5   088.0   16:24    69.9   07:29     00.0     11.6   00.01   00.2     10.3    14:24     SSW
27    73.7   085.8   12:23    66.8   06:21     00.0     08.8   00.63   00.1     09.2    17:08      S 
28    77.1   091.7   15:47    63.8   06:37     00.0     12.2   00.00   00.0     06.9    14:38     SSW
29    79.3   094.4   14:59    64.9   06:11     00.0     14.4   00.00   00.1     12.7    16:30      SW
30    77.4   086.1   14:20    70.9   01:03     00.0     12.5   00.03   00.2     11.5    14:23      W 
31    75.4   087.9   16:36    62.4   06:20     00.0     10.5   00.01   00.3     14.9    14:27      W 
--------------------------------------------------------------------------------------------------------
73.3 (73.4)   95.2  day 19     50.8  day 17   000.0    257.7   01.22   00.2     19.6   day 29     WSW
Max >=  86: 14
Min <=  86: 31
Max Rain: 0.63 ON 27-07-15
Days of Rain: 8 (> .008in) 5 (> .08in) 0 (> 0.8in)