MONTHLY CLIMATOLOGICAL SUMMARY for JUL. 2014

NAME: N2KI - Skywarn Spotter ID 13-330NYC   CITY: Washingtonville STATE: NY
ELEV: 300ft LAT: 041:26:00 LONG: 0074:07:00

                            TEMPERATURE ( F), RAIN (in.), WIND SPEED (mph)

                                               HEAT     COOL           AVG
      MEAN                                     DEG      DEG            WIND                       DOM
DAY   TEMP    HIGH   TIME     LOW    TIME      DAYS     DAYS    RAIN   SPEED    HIGH    TIME      DIR
----------------------------------------------------------------------------------------------------------------------------------------------------------
01    80.8   089.5   17:10    69.3   04:34     00.0     15.8   00.00   00.5     13.8    18:30     WSW
02    78.6   090.7   12:23    71.2   00:00     00.0     13.6   01.53   00.3     11.5    13:27     WSW
03    74.9   089.0   16:46    67.9   23:52     00.0     10.0   00.80   00.2     16.1    17:57     WSW
04    66.3   068.7   18:55    62.8   23:54     00.0     01.4   00.54   00.0     09.2    20:59      SW
05    68.9   082.1   16:42    56.5   06:31     00.0     04.0   00.00   00.3     11.5    17:29      W 
06    70.9   084.7   16:56    54.2   05:50     00.0     06.0   00.00   00.4     12.7    15:27      W 
07    78.0   088.8   17:07    68.1   00:00     00.0     13.1   00.27   00.7     21.9    18:48      W 
08    77.6   090.5   16:42    66.2   05:21     00.0     12.7   00.07   00.5     19.6    21:44      W 
09    75.2   085.2   15:08    67.2   06:21     00.0     10.3   00.01   00.2     11.5    14:43      W 
10    71.1   081.6   17:51    62.1   06:32     00.0     06.2   00.00   00.0     08.1    08:41     SSW
11    71.4   084.2   16:55    60.6   06:10     00.0     06.5   00.00   00.0     05.8    10:24     SSW
12    74.0   086.3   15:13    59.9   06:17     00.0     09.1   00.00   00.5     12.7    21:26      SW
13    76.6   083.8   16:32    69.9   06:57     00.0     11.7   00.07   00.6     12.7    16:11     WSW
14    73.5   079.4   12:48    69.2   06:27     00.0     08.6   00.14   00.0     09.2    00:01      W 
15    75.1   081.4   11:26    71.6   06:14     00.0     10.2   00.11   00.1     09.2    20:58     WSW
16    71.2   080.9   15:51    63.1   00:00     00.0     06.3   00.49   00.1     11.5    16:26     WSW
17    67.6   079.6   16:21    56.3   06:23     00.0     02.7   00.00   00.1     06.9    18:51      W 
18    66.8   081.1   16:23    53.0   06:31     00.0     01.8   00.00   00.0     06.9    15:09      W 
19    67.3   077.9   16:35    58.2   01:53     00.0     02.4   00.00   00.1     06.9    18:01     WSW
20    69.5   080.4   17:07    61.7   06:21     00.0     04.6   00.04   00.0     09.2    13:14      S 
21    71.9   085.7   16:52    56.6   06:03     00.0     06.9   00.00   00.0     05.8    12:56      S 
22    77.1   088.3   15:23    64.0   06:13     00.0     12.2   00.00   00.2     09.2    11:39     WNW
23    79.4   089.4   13:23    71.9   06:13     00.0     14.5   00.06   00.2     09.2    17:43     WSW
24    71.4   079.4   16:06    62.0   00:00     00.0     06.5   00.01   00.0     05.8    14:47     SSE
25    66.8   080.6   17:18    52.7   06:24     00.0     01.9   00.00   00.0     04.6    15:51      S 
26    68.8   080.6   16:59    58.1   06:14     00.0     03.9   00.00   00.1     09.2    16:35      SW
27    76.2   087.0   17:22    68.2   01:31     00.0     11.3   00.31   00.2     10.3    15:25     WSW
28    71.1   081.9   14:59    63.7   00:00     00.0     06.2   00.34   00.4     14.9    15:33     WSW
29    65.8   073.5   14:51    57.5   06:38     00.0     00.8   00.01   00.1     09.2    12:38      W 
30    67.6   078.1   15:56    56.4   06:56     00.0     02.6   00.00   00.1     09.2    14:10     WSW
31    68.5   081.9   17:02    55.1   05:10     00.0     03.6   00.00   00.2     10.3    17:06      SW
----------------------------------------------------------------------------------------------------------------------------------------------------------
72.3 (72.7)   90.7  day 02     52.7  day 25   000.0    227.1   04.81   00.2     21.9   day 03     WSW
Max >=  86: 9
Min <=  86: 31
Max Rain: 1.53 ON 2-07-14
Days of Rain: 16 (> .008in) 9 (> .08in) 1 (> 0.8in)