MONTHLY CLIMATOLOGICAL SUMMARY for JUL. 2011

NAME: N2KI Studio 1 - Bravo   CITY: Washingtonville STATE: New York
ELEV: 300 LAT: N41 25 29.5 LONG: W74 08 53.3

                            TEMPERATURE ( F), RAIN (in.), WIND SPEED (mph)

                                               HEAT     COOL           AVG
      MEAN                                     DEG      DEG            WIND                       DOM
DAY   TEMP    HIGH   TIME     LOW    TIME      DAYS     DAYS    RAIN   SPEED    HIGH    TIME      DIR
----------------------------------------------------------------------------------------------------------------------------------------------------------
01    67.2   080.8   16:09    50.8   06:05     00.0     02.2   00.00   00.0     08.1    13:56      SW
02    72.7   086.2   17:25    57.2   05:59     00.0     07.8   00.00   00.3     10.3    21:58     SSW
03    69.5   073.3   00:03    66.5   07:52     00.0     04.6   00.70   00.1     05.8    11:29      W 
04    73.9   084.6   14:45    65.5   00:00     00.0     09.0   00.00   00.4     11.5    13:15      W 
05    73.9   088.1   17:39    59.3   06:00     00.0     09.0   00.00   00.5     10.3    16:19     WSW
07    61.0   072.6   08:11    55.4   00:00     03.9     00.0   00.00   00.0     00.0    00:00     WNW
08    63.7   082.2   14:41    55.4   11:48     01.2     00.0   00.33   00.1     10.3    15:06      N 
09    74.0   086.5   15:50    61.6   00:00     00.0     09.1   00.00   00.2     09.2    16:48     WSW
10    72.0   086.2   17:26    56.7   06:21     00.0     07.0   00.00   00.2     10.3    15:38      SW
11    79.2   090.7   14:52    64.9   06:12     00.0     14.2   00.00   00.7     14.9    14:18     WSW
12    82.7   092.1   17:08    71.4   00:00     00.0     17.7   00.00   00.8     14.9    14:38      W 
13    73.8   085.9   16:46    64.5   05:41     00.0     08.9   00.00   00.6     16.1    16:58     WSW
14    68.6   081.0   16:25    54.9   06:16     00.0     03.7   00.00   00.3     08.1    17:10      SE
15    72.7   086.1   17:16    58.5   06:08     00.0     07.8   00.00   00.1     06.9    15:19     SSW
16    73.7   087.9   17:34    59.4   06:17     00.0     08.7   00.00   00.2     09.2    18:13      SW
17    76.9   089.2   17:07    60.0   06:24     00.0     12.0   00.00   00.7     10.3    17:43     WSW
18    77.7   086.6   14:34    70.1   00:00     00.0     12.7   00.50   00.3     14.9    21:57     WSW
19    77.6   088.2   15:53    68.4   00:00     00.0     12.6   00.00   00.1     03.5    17:51      SE
20    77.9   090.5   16:23    63.2   06:36     00.0     12.9   00.00   00.5     11.5    22:49     SSE
21    86.0   096.4   17:09    74.9   06:38     00.0     21.1   00.00   01.0     13.8    17:50     WSW
22    87.7   099.2   17:10    75.6   00:00     00.0     22.8   00.00   00.6     11.5    13:43     WSW
23    81.4   094.1   18:25    71.8   04:31     00.0     16.5   00.00   00.5     11.5    14:04     WSW
24    78.8   086.1   17:35    73.5   00:00     00.0     13.8   00.19   00.0     04.6    15:27     SSW
25    70.5   073.5   00:01    67.7   20:25     00.0     05.6   00.21   00.1     12.7    19:20      SE
26    73.3   086.8   14:59    66.6   00:00     00.0     08.3   00.80   00.4     13.8    16:35     WSW
27    71.4   084.3   17:12    60.6   05:38     00.0     06.4   00.01   00.3     10.3    14:53     WSW
28    73.0   085.6   15:21    60.7   05:41     00.0     08.0   00.00   00.1     06.9    16:30     WSW
29    75.8   084.6   15:48    71.8   07:22     00.0     10.9   01.14   00.2     11.5    17:27      SW
30    77.4   089.6   16:44    65.9   00:00     00.0     12.4   00.00   00.3     11.5    12:56     SSW
31    74.6   088.6   17:08    59.8   06:25     00.0     09.7   00.00   00.1     05.8    14:59     SSW
----------------------------------------------------------------------------------------------------------------------------------------------------------
74.6 (75.0)   99.2  day 22     50.8  day 01   005.2    295.5   03.90   00.3     16.1   day 05     WSW
Max >=  86: 19
Min <=  86: 30
Max Rain: 1.14 ON 29-07-11
Days of Rain: 8 (> .008in) 7 (> .08in) 1 (> 0.8in)