MONTHLY CLIMATOLOGICAL SUMMARY for JUL. 2009

NAME: N2KI Studio 1 - Bravo   CITY: Washingtonville STATE: New York
ELEV: 445 LAT: N41 25 29.5 LONG: W74 08 53.3

                            TEMPERATURE ( F), RAIN (in.), WIND SPEED (mph)

                                               HEAT     COOL           AVG
      MEAN                                     DEG      DEG            WIND                       DOM
DAY   TEMP    HIGH   TIME     LOW    TIME      DAYS     DAYS    RAIN   SPEED    HIGH    TIME      DIR
----------------------------------------------------------------------------------------------------------------------------------------------------------
01    67.2   081.3   16:50    61.4   05:47     00.0     02.2   00.30   00.3     05.8    21:49     WSW
02    68.3   078.0   17:05    64.1   00:00     00.0     03.4   00.50   00.3     08.1    20:00      SW
03    67.9   078.0   14:54    62.1   05:57     00.0     03.0   00.10   00.8     12.7    17:12     WSW
04    68.8   077.9   17:25    58.4   00:00     00.0     03.8   00.00   01.4     19.6    19:38     WSW
05    66.7   079.6   16:48    53.4   04:18     00.0     01.7   00.00   01.0     11.5    10:37     WSW
06    67.4   082.6   16:23    52.2   06:17     00.0     02.5   00.00   00.4     08.1    16:23     WSW
07    65.6   076.9   11:21    58.6   06:39     00.0     00.7   00.30   00.4     11.5    11:55      SW
08    64.0   075.0   15:39    54.4   05:27     00.9     00.0   00.00   00.5     12.7    13:37     WSW
09    64.2   074.5   15:25    54.5   06:29     00.7     00.0   00.00   00.5     06.9    12:18     NNE
10    67.0   080.5   16:01    52.2   06:09     00.0     02.1   00.00   00.6     11.5    21:06      W 
11    68.6   079.6   13:33    56.5   06:25     00.0     03.7   00.20   01.1     14.9    13:48     WSW
12    70.1   080.4   16:43    57.3   00:00     00.0     05.1   00.00   01.2     18.4    16:02     WSW
13    64.4   078.7   16:46    49.8   06:17     00.6     00.0   00.00   01.0     14.9    14:46     WSW
14    64.8   078.7   17:16    50.2   06:16     00.1     00.0   00.00   00.9     18.4    17:27     WSW
15    66.9   082.3   17:11    50.0   06:03     00.0     02.0   00.00   00.9     16.1    11:31     WSW
16    74.8   085.6   16:09    63.9   01:43     00.0     09.8   00.10   00.8     11.5    10:18     WSW
17    72.0   085.0   14:37    63.8   07:04     00.0     07.0   00.50   00.4     13.8    22:30     SSE
18    71.4   081.4   16:58    64.2   07:19     00.0     06.5   00.00   01.2     14.9    10:52     WSW
19    69.1   080.7   16:16    58.1   06:46     00.0     04.2   00.00   00.9     14.9    10:26     WSW
20    70.6   083.4   16:28    58.0   06:22     00.0     05.6   00.00   00.4     10.3    19:49     ESE
21    64.5   067.6   00:03    63.1   11:09     00.5     00.0   00.80   00.3     06.9    12:44     ENE
22    71.5   082.2   17:34    64.0   06:22     00.0     06.5   00.00   00.5     06.9    20:27      SW
23    70.6   077.4   12:31    65.8   03:50     00.0     05.7   00.00   00.6     08.1    18:01      NE
24    69.9   080.2   17:18    61.7   23:55     00.0     05.0   00.60   00.4     24.1    21:30      S 
25    71.8   085.2   16:50    57.1   06:22     00.0     06.9   00.00   01.2     14.9    22:46      SW
26    74.2   082.7   17:13    69.3   06:33     00.0     09.2   00.70   01.0     11.5    23:40     WSW
27    74.1   084.8   17:51    65.8   06:39     00.0     09.2   00.00   01.0     13.8    15:15     WSW
28    75.3   088.0   15:50    63.3   04:36     00.0     10.4   00.00   00.8     13.8    18:44      SW
29    73.7   080.7   10:43    66.8   06:00     00.0     08.8   00.00   00.7     17.3    15:17      W 
30    76.2   085.2   18:19    66.5   00:00     00.0     11.2   00.00   00.9     11.5    11:47     WSW
31    70.2   080.1   12:46    65.1   03:51     00.0     05.2   00.40   00.4     18.4    12:39      W 
----------------------------------------------------------------------------------------------------------------------------------------------------------
69.4 (70.1)   88.0  day 28     49.8  day 13   002.8    141.5   04.42   00.7     24.2   day 04     WSW
Max >=  86: 1
Min <=  86: 31
Max Rain: 0.80 ON 21-07-11
Days of Rain: 72 (> .008in) 72 (> .08in) 1 (> 0.8in)