MONTHLY CLIMATOLOGICAL SUMMARY for JUN. 2023

NAME: N2KI Weather System - KNYWASHI15   CITY: Washingtonville STATE: NY
ELEV: 300ft LAT: 041:26:00 LONG: 0074:07:00

                            TEMPERATURE ( F), RAIN (in.), WIND SPEED (mph)

                                               HEAT     COOL           AVG
      MEAN                                     DEG      DEG            WIND                       DOM
DAY   TEMP    HIGH   TIME     LOW    TIME      DAYS     DAYS    RAIN   SPEED    HIGH    TIME      DIR
--------------------------------------------------------------------------------------------------------
01    69.0   088.8   15:58    47.3   06:07     00.0     04.1   00.00   00.0     05.8    13:18      SE
02    73.5   093.7   14:03    56.5   06:14     00.0     08.5   00.00   00.0     06.9    18:38     SSE
03    63.5   068.3   10:15    52.6   00:00     01.5     00.0   00.00   00.1     06.9    11:33      S 
04    56.4   066.8   15:43    41.5   06:12     08.5     00.0   00.00   00.2     08.1    21:35      E 
05    62.9   074.9   16:04    49.0   06:36     02.0     00.0   00.00   00.1     08.1    18:36     NNE
06    61.0   076.7   13:30    47.9   05:38     04.0     00.0   00.01   00.1     08.1    17:43     WSW
07    57.5   067.1   17:38    45.1   05:27     07.4     00.0   00.00   00.1     10.3    12:30      W 
08    55.6   067.4   14:56    41.8   05:52     09.3     00.0   00.00   00.0     06.9    12:57      W 
09    59.4   070.8   15:21    50.6   05:13     05.5     00.0   00.05   00.0     05.8    13:00     WSW
10    62.4   076.9   18:06    47.9   04:59     02.6     00.0   00.01   00.1     08.1    14:21      W 
11    69.0   083.8   16:11    52.0   06:02     00.0     04.1   00.00   00.3     13.8    20:22      W 
12    71.2   079.4   13:53    64.7   06:31     00.0     06.3   00.03   00.7     16.1    12:30      SE
13    67.9   077.9   17:10    57.9   00:00     00.0     03.0   00.01   00.1     08.1    15:45      W 
14    60.9   075.2   11:59    49.4   05:47     04.1     00.0   00.10   00.2     11.5    17:31      W 
15    66.9   077.2   17:34    58.0   03:06     00.0     01.9   00.00   00.1     11.5    10:50      W 
16    63.4   075.8   13:09    54.5   03:54     01.6     00.0   00.27   00.0     13.8    14:27      SW
17    64.8   075.3   15:32    58.8   05:49     00.2     00.0   00.01   00.1     10.3    13:33      S 
18    67.9   077.9   16:30    56.9   05:47     00.0     03.0   00.00   00.0     08.1    11:14     WSW
19    68.2   082.5   15:35    53.6   06:16     00.0     03.3   00.01   00.1     09.2    21:19      SW
20    69.3   080.3   15:24    61.1   06:57     00.0     04.4   00.00   00.1     12.7    20:13     SSE
21    67.2   076.2   14:49    57.8   06:05     00.0     02.2   00.00   00.2     11.5    15:30      SE
22    66.3   075.6   17:52    59.8   08:02     00.0     01.3   00.00   00.0     11.5    00:19     SSE
23    67.8   072.7   11:29    63.3   04:46     00.0     02.8   00.21   00.0     05.8    11:09      SE
24    71.8   081.6   16:20    67.6   00:16     00.0     06.9   00.19   00.0     04.6    21:09      SE
25    73.3   085.6   14:09    66.1   05:26     00.0     08.3   00.05   00.0     08.1    15:09     SSE
26    69.0   076.0   10:38    64.7   23:47     00.0     04.1   01.72   00.0     05.8    12:03     SSW
27    67.7   078.8   18:25    62.2   05:47     00.0     02.7   00.69   00.0     17.3    20:09     WSW
28    68.6   078.2   14:58    61.4   03:31     00.0     03.7   00.16   00.0     05.8    18:23     SSW
29    70.3   082.0   17:47    59.5   05:30     00.0     05.4   00.00   00.0     04.6    13:17      W 
30    71.8   085.4   15:47    57.2   06:31     00.0     06.9   00.00   00.1     10.3    21:24     WSW
--------------------------------------------------------------------------------------------------------
66.1 (66.6)   93.7  day 02     41.5  day 04   046.7    082.9   03.52   00.1     17.3   day 11     SSW
Max >=  86: 2
Min <=  86: 30
Max Rain: 1.72 ON 26-06-23
Days of Rain: 15 (> .008in) 7 (> .08in) 1 (> 0.8in)