MONTHLY CLIMATOLOGICAL SUMMARY for JUN. 2022

NAME: N2KI - Skywarn Spotter ID 15-360NYC   CITY: Washingtonville STATE: NY
ELEV: 300ft LAT: 041:26:00 LONG: 0074:07:00

                            TEMPERATURE ( F), RAIN (in.), WIND SPEED (mph)

                                               HEAT     COOL           AVG
      MEAN                                     DEG      DEG            WIND                       DOM
DAY   TEMP    HIGH   TIME     LOW    TIME      DAYS     DAYS    RAIN   SPEED    HIGH    TIME      DIR
--------------------------------------------------------------------------------------------------------
01    64.5   070.9   00:01    58.4   06:23     00.4     00.0   00.74   00.0     06.9    22:34     SSE
02    67.5   075.4   14:41    61.0   00:39     00.0     02.6   00.27   00.0     04.6    00:40      S 
03    69.7   081.2   17:16    57.4   00:00     00.0     04.8   00.01   00.1     08.1    18:36      S 
04    66.2   082.5   15:08    49.6   05:39     00.0     01.2   00.00   00.1     11.5    12:50     WSW
05    61.9   078.1   17:47    44.6   06:23     03.0     00.0   00.00   00.0     08.1    18:00     WSW
06    67.0   082.0   16:07    48.1   06:09     00.0     02.0   00.00   00.2     11.5    21:18      SW
07    68.0   080.3   14:41    52.6   05:44     00.0     03.0   00.03   01.1     16.1    20:41     SSW
08    71.1   080.2   17:38    62.0   00:00     00.0     06.2   00.03   00.1     10.3    15:49     WSW
09    69.4   079.3   12:01    61.0   00:00     00.0     04.5   00.53   00.5     17.3    12:59     WSW
10    65.6   077.3   16:07    52.8   06:07     00.0     00.6   00.00   00.1     14.9    13:45      W 
11    65.1   076.6   14:33    52.7   05:55     00.0     00.1   00.00   00.0     04.6    14:06     WSW
12    64.0   071.5   17:02    54.3   05:46     00.9     00.0   00.00   00.1     09.2    13:54      S 
13    72.1   084.6   17:15    58.7   00:00     00.0     07.2   00.02   00.0     06.9    16:36      SW
14    67.7   082.3   16:12    54.0   02:32     00.0     02.7   00.00   00.0     06.9    15:09     SSW
15    70.5   086.4   16:32    54.8   06:02     00.0     05.6   00.00   00.2     12.7    18:03     SSE
16    67.8   073.4   14:32    61.0   08:58     00.0     02.8   00.24   00.3     11.5    12:33      SW
17    76.8   087.9   15:50    67.9   23:36     00.0     11.8   00.00   00.3     17.3    13:04      W 
18    62.5   070.8   02:23    49.9   00:00     02.5     00.0   00.00   00.6     17.3    14:51      W 
19    59.1   072.2   15:31    44.2   06:41     05.8     00.0   00.00   00.3     14.9    15:11      S 
20    64.2   080.6   17:57    48.4   04:41     00.7     00.0   00.00   00.0     08.1    11:37      S 
21    62.1   076.0   15:00    48.4   06:04     02.8     00.0   00.00   00.0     04.6    21:39      SE
22    63.1   065.7   08:40    60.9   23:23     01.8     00.0   00.00   00.1     08.1    20:54      SE
23    64.1   070.6   16:47    59.2   00:00     00.8     00.0   00.02   00.0     04.6    19:15      SE
24    69.7   084.5   16:14    53.5   06:10     00.0     04.8   00.00   00.0     08.1    10:45     SSE
25    74.6   091.0   17:32    59.1   06:02     00.0     09.6   00.00   00.0     00.0    00:00     SSE
26    76.7   090.5   15:17    60.4   06:03     00.0     11.7   00.00   00.2     10.3    16:38     SSE
27    73.4   078.8   16:35    61.3   00:00     00.0     08.5   00.02   00.1     11.5    01:57      W 
28    67.9   078.8   18:22    57.9   06:30     00.0     02.9   00.00   00.0     04.6    10:26      SW
29    69.4   084.5   16:03    52.4   06:20     00.0     04.4   00.00   00.1     09.2    15:33      SW
30    72.2   087.2   16:51    55.9   06:23     00.0     07.3   00.00   00.0     08.1    15:27     WSW
--------------------------------------------------------------------------------------------------------
67.8 (67.4)   91.0  day 25     44.2  day 19   018.8    104.6   01.91   00.2     17.3   day 07     SSW
Max >=  86: 5
Min <=  86: 30
Max Rain: 0.74 ON 1-06-22
Days of Rain: 10 (> .008in) 4 (> .08in) 0 (> 0.8in)