MONTHLY CLIMATOLOGICAL SUMMARY for JUN. 2021

NAME: N2KI - Skywarn Spotter ID 15-360NYC   CITY: Washingtonville STATE: NY
ELEV: 300ft LAT: 041:26:00 LONG: 0074:07:00

                            TEMPERATURE ( F), RAIN (in.), WIND SPEED (mph)

                                               HEAT     COOL           AVG
      MEAN                                     DEG      DEG            WIND                       DOM
DAY   TEMP    HIGH   TIME     LOW    TIME      DAYS     DAYS    RAIN   SPEED    HIGH    TIME      DIR
--------------------------------------------------------------------------------------------------------
01    61.2   077.4   15:52    43.4   04:57     03.7     00.0   00.00   00.2     05.8    18:07      W 
02    64.7   077.2   12:03    51.2   06:10     00.3     00.0   00.04   00.5     13.8    22:10     WSW
03    65.9   073.2   17:08    57.6   06:19     00.0     00.9   00.01   00.4     05.8    18:54     WSW
04    69.8   079.3   14:12    61.7   00:00     00.0     04.8   00.00   00.2     04.6    13:25      W 
05    75.1   091.7   16:02    56.9   06:09     00.0     10.2   00.00   00.6     11.5    15:33     WSW
06    79.0   092.9   15:39    62.8   06:15     00.0     14.1   00.00   00.4     06.9    16:40      W 
07    78.1   094.9   15:14    65.7   06:13     00.0     13.2   00.05   00.3     06.9    15:19      W 
08    74.7   090.6   11:53    70.9   00:00     00.0     09.7   00.33   00.1     06.9    12:21      SW
09    76.8   090.9   15:56    68.6   06:02     00.0     11.9   00.04   00.2     04.6    18:40      SW
10    73.2   083.9   16:42    64.7   07:14     00.0     08.3   00.00   00.5     10.3    21:32      S 
11    67.2   077.7   15:04    56.0   06:01     00.0     02.2   00.00   00.4     05.8    14:30     SSE
12    65.1   069.6   15:42    58.2   00:00     00.0     00.1   00.00   00.1     04.6    16:36      SW
13    65.0   073.4   15:09    32.0   07:34     00.0     00.1   00.00   00.4     06.9    20:22      W 
14    66.3   072.9   17:23    61.7   22:58     00.0     01.4   00.44   00.7     12.7    07:49     ESE
15    67.2   078.4   13:56    60.1   00:00     00.0     02.3   00.00   00.4     08.1    13:56      SW
16    64.3   076.0   15:20    51.5   05:47     00.7     00.0   00.00   00.4     06.9    13:10     SSW
17    62.4   078.9   17:37    43.3   05:47     02.6     00.0   00.00   00.3     05.8    11:30      SW
18    68.1   084.2   15:09    46.7   05:38     00.0     03.2   00.00   00.4     08.1    15:29      W 
19    75.0   087.3   15:31    64.2   22:12     00.0     10.1   00.11   00.6     08.1    18:18      W 
20    74.7   087.4   15:42    61.7   05:57     00.0     09.8   00.00   00.4     05.8    15:15      W 
21    80.4   088.9   15:59    70.3   23:59     00.0     15.4   00.18   00.7     09.2    21:42     WSW
22    64.4   070.5   02:20    53.9   00:00     00.5     00.0   00.27   00.3     05.8    07:34      W 
23    61.5   075.4   17:29    47.5   04:22     03.4     00.0   00.00   00.3     06.9    14:58      W 
24    63.8   077.8   14:46    46.3   06:08     01.2     00.0   00.00   00.5     09.2    21:46      N 
25    66.5   082.2   16:24    47.6   05:28     00.0     01.5   00.00   00.4     11.5    23:06     WSW
26    75.1   083.2   13:23    66.6   04:56     00.0     10.2   00.06   00.6     09.2    13:41     WSW
27    81.4   090.6   15:33    73.2   05:59     00.0     16.5   00.00   00.7     09.2    09:39     WSW
28    83.5   093.7   14:36    74.7   03:58     00.0     18.6   00.02   00.5     06.9    13:28      W 
29    86.1   096.8   14:52    76.1   06:21     00.0     21.1   00.00   00.4     06.9    16:41     WNW
30    82.8   096.9   15:07    70.8   22:33     00.0     17.8   00.34   00.5     09.2    14:19     WSW
--------------------------------------------------------------------------------------------------------
71.3 (71.0)   96.9  day 30     32.0  day 13   012.3    203.4   01.89   00.4     13.8   day 25     WSW
Max >=  86: 12
Min <=  86: 30
Max Rain: 0.44 ON 14-06-21
Days of Rain: 12 (> .008in) 6 (> .08in) 0 (> 0.8in)