MONTHLY CLIMATOLOGICAL SUMMARY for JUN. 2020

NAME: N2KI - Skywarn Spotter ID 15-360NYC   CITY: Washingtonville STATE: NY
ELEV: 300ft LAT: 041:26:00 LONG: 0074:07:00

                            TEMPERATURE ( F), RAIN (in.), WIND SPEED (mph)

                                               HEAT     COOL           AVG
      MEAN                                     DEG      DEG            WIND                       DOM
DAY   TEMP    HIGH   TIME     LOW    TIME      DAYS     DAYS    RAIN   SPEED    HIGH    TIME      DIR
--------------------------------------------------------------------------------------------------------
01    55.3   070.7   17:10    39.7   04:28     09.6     00.0   00.00   00.7     11.5    10:32      W 
02    61.2   072.3   16:24    47.5   04:13     03.7     00.0   00.00   00.5     06.9    16:11     WNW
03    67.9   082.5   18:02    56.3   06:03     00.0     02.9   00.22   00.7     11.5    17:58      W 
04    72.9   087.3   15:34    59.9   06:24     00.0     08.0   00.00   00.4     05.8    12:51     WNW
05    73.0   081.9   17:18    66.5   06:12     00.0     08.1   00.04   00.6     11.5    19:14     WSW
06    76.4   087.8   14:11    62.8   00:00     00.0     11.5   00.00   00.7     10.3    16:56      W 
07    64.5   076.3   17:25    52.3   06:07     00.4     00.0   00.00   00.4     08.1    11:59      SW
08    64.4   081.3   15:47    45.8   05:41     00.5     00.0   00.00   00.3     08.1    13:42      SW
09    72.9   091.2   15:56    53.3   03:40     00.0     07.9   00.00   00.4     08.1    14:16      W 
10    76.0   088.0   15:00    64.9   05:40     00.0     11.0   00.00   00.8     12.7    22:47      W 
11    76.8   085.9   18:10    68.1   00:00     00.0     11.9   00.21   00.9     14.9    05:08     WSW
12    73.0   084.3   14:50    60.0   06:33     00.0     08.0   00.00   00.4     06.9    12:57      SW
13    62.3   074.3   15:32    50.2   06:20     02.6     00.0   00.00   00.6     05.8    14:39     NNE
14    59.6   072.6   16:10    47.1   03:31     05.3     00.0   00.00   00.4     05.8    13:48     ENE
15    61.9   075.6   18:07    44.7   05:49     03.1     00.0   00.00   00.2     06.9    10:35      S 
16    65.7   080.5   16:27    48.9   06:06     00.0     00.7   00.00   00.4     06.9    20:46     SSW
17    68.2   084.0   17:46    49.8   06:06     00.0     03.2   00.00   00.5     09.2    18:52      NE
18    71.8   082.7   15:06    60.1   04:15     00.0     06.9   00.00   00.4     06.9    16:12     WSW
19    74.9   086.0   14:25    64.0   03:37     00.0     09.9   00.00   00.4     08.1    21:21     WSW
20    75.2   090.9   16:08    63.1   06:21     00.0     10.2   00.23   00.4     06.9    18:48     WNW
21    75.4   088.0   18:10    61.3   06:05     00.0     10.4   00.00   00.2     06.9    16:10      W 
22    79.4   092.0   14:02    64.9   06:19     00.0     14.5   00.00   00.5     09.2    21:50      SW
23    79.5   090.1   14:05    67.6   06:21     00.0     14.6   00.00   00.8     11.5    21:50     SSW
24    75.6   084.7   17:42    64.3   00:00     00.0     10.7   00.25   00.6     10.3    19:01      W 
25    72.9   086.3   16:14    57.7   06:13     00.0     07.9   00.00   00.4     09.2    16:35      W 
26    73.1   087.4   15:18    58.6   04:57     00.0     08.1   00.00   00.5     09.2    16:01     WSW
27    67.4   076.5   18:03    56.7   05:45     00.0     02.4   00.43   00.1     08.1    15:22      S 
28    71.6   086.4   13:33    63.5   05:53     00.0     06.7   00.38   00.2     08.1    17:47      SE
29    69.9   086.6   15:56    61.5   06:02     00.0     05.0   00.77   00.2     06.9    17:17     WSW
30    68.4   078.8   18:26    61.0   05:01     00.0     03.5   00.19   00.1     04.6    15:13      SW
--------------------------------------------------------------------------------------------------------
70.2 (70.3)   92.0  day 22     39.7  day 01   025.3    184.2   02.72   00.5     15.0   day 10     WSW
Max >=  86: 13
Min <=  86: 30
Max Rain: 0.77 ON 29-06-20
Days of Rain: 9 (> .008in) 8 (> .08in) 0 (> 0.8in)