MONTHLY CLIMATOLOGICAL SUMMARY for JUN. 2018

NAME: N2KI - Skywarn Spotter ID 15-360NYC   CITY: Washingtonville STATE: NY
ELEV: 300ft LAT: 041:26:00 LONG: 0074:07:00

                            TEMPERATURE ( F), RAIN (in.), WIND SPEED (mph)

                                               HEAT     COOL           AVG
      MEAN                                     DEG      DEG            WIND                       DOM
DAY   TEMP    HIGH   TIME     LOW    TIME      DAYS     DAYS    RAIN   SPEED    HIGH    TIME      DIR
--------------------------------------------------------------------------------------------------------
01    74.5   085.5   16:57    68.0   06:57     00.0     09.6   00.06   00.0     05.8    15:11      SW
02    73.8   082.5   15:54    66.4   06:27     00.0     08.8   00.01   00.1     10.3    21:59     WSW
03    62.4   070.3   00:03    54.4   00:00     02.6     00.0   00.00   00.3     11.5    20:20     ESE
04    58.5   071.7   18:04    50.2   05:25     06.5     00.0   00.51   00.0     05.8    00:27      NE
05    60.1   070.7   13:58    49.1   05:29     04.8     00.0   00.00   00.3     14.9    14:03      W 
06    59.8   068.7   17:08    49.6   03:57     05.1     00.0   00.00   00.0     04.6    10:15     WSW
07    64.8   073.7   17:44    58.0   01:40     00.2     00.0   00.00   00.3     11.5    14:07     WSW
08    69.4   084.7   17:23    55.7   06:17     00.0     04.4   00.00   00.1     11.5    14:36     WNW
09    66.1   079.0   16:08    55.0   06:14     00.0     01.2   00.00   00.0     05.8    10:33     SSW
10    62.2   069.4   15:50    55.6   01:31     02.7     00.0   00.00   00.0     03.5    17:24      SE
11    64.5   075.0   16:00    55.8   07:24     00.4     00.0   00.00   00.1     09.2    21:20     SSE
12    64.1   077.8   17:35    46.1   06:17     00.9     00.0   00.00   00.4     12.7    15:46      W 
13    67.1   074.8   18:22    55.9   05:15     00.0     02.1   00.00   00.1     10.3    17:54      W 
14    72.6   082.1   15:34    61.0   00:00     00.0     07.6   00.00   00.5     20.7    12:06      W 
15    64.7   074.2   17:34    53.8   03:30     00.3     00.0   00.00   00.0     08.1    05:14     SSE
16    68.2   084.9   16:08    50.6   06:14     00.0     03.2   00.00   00.0     06.9    12:48      S 
17    73.7   090.5   15:31    52.4   05:51     00.0     08.8   00.00   00.1     10.3    22:22     SSW
18    79.7   093.6   16:34    66.8   05:51     00.0     14.8   00.16   00.3     16.1    16:34      W 
19    76.8   087.0   15:56    64.4   00:00     00.0     11.9   00.09   00.0     08.1    13:32     WSW
20    70.9   082.5   15:43    58.0   05:29     00.0     06.0   00.00   00.0     08.1    15:09     WSW
21    73.4   085.7   17:18    64.0   05:31     00.0     08.4   00.02   00.0     06.9    12:15      SE
22    68.3   075.9   14:06    59.6   06:28     00.0     03.4   00.00   00.2     10.3    17:34      SE
23    65.0   068.6   15:03    62.6   03:56     00.0     00.1   00.00   00.1     11.5    02:20      SE
24    71.3   085.5   16:24    62.9   05:32     00.0     06.3   00.14   00.1     13.8    16:01      SW
25    69.1   080.0   16:25    56.2   00:00     00.0     04.2   00.01   00.0     09.2    08:09     SSW
26    65.9   080.8   15:31    47.4   06:09     00.0     00.9   00.00   00.3     13.8    21:58     SSE
27    66.8   071.0   11:52    62.8   05:33     00.0     01.9   00.12   00.2     13.8    14:52     WSW
28    73.4   083.4   18:23    66.0   00:04     00.0     08.4   00.00   00.0     06.9    15:45      W 
29    76.5   090.6   17:16    63.3   06:01     00.0     11.6   00.00   00.1     10.3    13:35      W 
30    78.4   093.6   16:15    59.7   06:28     00.0     13.4   00.00   00.1     10.3    17:06      W 
--------------------------------------------------------------------------------------------------------
68.7 (68.7)   93.6  day 30     46.1  day 12   023.4    137.1   01.12   00.1     20.7   day 26      SW
Max >=  86: 5
Min <=  86: 30
Max Rain: 0.51 ON 4-06-18
Days of Rain: 9 (> .008in) 5 (> .08in) 0 (> 0.8in)