MONTHLY CLIMATOLOGICAL SUMMARY for JUN. 2017

NAME: N2KI - Skywarn Spotter ID 15-360NYC   CITY: Washingtonville STATE: NY
ELEV: 300ft LAT: 041:26:00 LONG: 0074:07:00

                            TEMPERATURE ( F), RAIN (in.), WIND SPEED (mph)

                                               HEAT     COOL           AVG
      MEAN                                     DEG      DEG            WIND                       DOM
DAY   TEMP    HIGH   TIME     LOW    TIME      DAYS     DAYS    RAIN   SPEED    HIGH    TIME      DIR
--------------------------------------------------------------------------------------------------------
01    64.4   076.9   17:32    52.3   06:19     00.5     00.0   00.12   00.6     17.3    13:58      W 
02    61.5   074.2   14:22    48.2   05:49     03.5     00.0   00.00   00.5     17.3    13:35      W 
03    59.3   073.5   17:42    44.8   03:34     05.7     00.0   00.00   00.3     14.9    13:52      W 
04    55.9   068.7   12:22    44.0   06:14     09.1     00.0   00.27   00.0     08.1    13:18      W 
05    60.8   068.3   15:16    55.7   05:38     04.1     00.0   00.11   00.1     09.2    18:49     SSE
06    53.9   056.4   00:03    51.3   00:00     11.0     00.0   00.31   00.0     08.1    10:53     ESE
07    58.6   071.2   17:50    50.4   06:18     06.3     00.0   00.00   00.1     09.2    12:28      SE
08    60.4   072.2   15:06    45.6   06:04     04.5     00.0   00.00   00.1     08.1    16:52      SE
09    64.5   080.6   17:48    49.2   06:03     00.5     00.0   00.00   00.3     13.8    16:20     WSW
10    68.9   084.4   15:10    51.0   05:46     00.0     03.9   00.01   00.3     13.8    13:49      W 
11    77.9   091.5   16:16    64.0   06:13     00.0     12.9   00.00   00.5     12.7    18:40      W 
12    78.8   093.1   17:35    62.7   06:01     00.0     13.9   00.00   00.3     09.2    15:24      W 
13    78.5   094.0   15:25    66.3   06:06     00.0     13.6   00.03   00.3     10.3    14:06      W 
14    73.2   082.7   16:51    60.7   00:00     00.0     08.3   00.00   00.0     04.6    15:47      SE
15    66.0   077.8   15:42    54.2   05:12     00.0     01.0   00.00   00.3     12.7    19:55      SE
16    64.0   068.2   12:26    57.4   03:51     00.9     00.0   00.17   00.1     10.3    08:51      SW
17    69.9   076.8   16:03    63.7   05:12     00.0     04.9   00.00   00.1     10.3    15:03     WSW
18    78.6   088.7   15:47    69.2   00:59     00.0     13.7   00.00   00.8     16.1    11:35     SSW
19    76.4   087.6   11:49    69.1   00:00     00.0     11.5   00.97   00.5     14.9    15:14     WSW
20    73.4   082.3   15:31    62.8   00:00     00.0     08.5   00.00   00.8     18.4    17:00      W 
21    69.8   082.9   16:37    57.5   05:10     00.0     04.9   00.00   00.3     12.7    14:25      W 
22    71.6   084.9   17:21    54.4   06:14     00.0     06.7   00.00   00.2     11.5    13:53      W 
23    77.9   084.4   12:03    71.9   06:00     00.0     13.0   00.22   00.3     13.8    15:53      W 
24    76.8   084.7   17:51    70.6   00:00     00.0     11.9   00.11   00.4     13.8    11:56      W 
25    70.6   080.7   17:26    58.8   06:22     00.0     05.7   00.00   00.1     10.3    11:51     WSW
26    66.9   078.3   16:07    53.5   06:09     00.0     02.0   00.00   00.2     10.3    16:21      W 
27    65.0   077.5   15:23    54.9   00:00     00.0     00.1   00.02   00.4     19.6    15:46      W 
28    65.5   079.4   17:06    52.0   04:53     00.0     00.5   00.00   00.3     12.7    17:34      W 
29    72.8   083.7   14:55    60.3   04:00     00.0     07.8   00.00   00.3     10.3    22:33     WSW
30    78.0   090.0   15:27    71.3   22:43     00.0     13.1   00.27   00.5     17.3    15:28      W 
--------------------------------------------------------------------------------------------------------
68.7 (68.7)   94.0  day 13     44.0  day 04   046.1    157.7   02.61   00.3     19.6   day 27     WSW
Max >=  86: 6
Min <=  86: 30
Max Rain: 0.97 ON 19-06-17
Days of Rain: 12 (> .008in) 9 (> .08in) 1 (> 0.8in)