MONTHLY CLIMATOLOGICAL SUMMARY for JUN. 2016

NAME: N2KI - Skywarn Spotter ID 13-330NYC   CITY: Washingtonville STATE: NY
ELEV: 300ft LAT: 041:26:00 LONG: 0074:07:00

                            TEMPERATURE ( F), RAIN (in.), WIND SPEED (mph)

                                               HEAT     COOL           AVG
      MEAN                                     DEG      DEG            WIND                       DOM
DAY   TEMP    HIGH   TIME     LOW    TIME      DAYS     DAYS    RAIN   SPEED    HIGH    TIME      DIR
--------------------------------------------------------------------------------------------------------
01    70.4   085.3   16:11    55.5   05:10     00.0     05.5   00.00   00.5     11.5    18:58      S 
02    70.2   081.2   15:00    58.4   06:17     00.0     05.2   00.00   00.5     12.7    14:12      SE
03    66.5   070.2   16:22    62.6   06:37     00.0     01.6   00.02   00.1     06.9    16:42     WSW
04    74.1   084.4   16:28    65.1   05:54     00.0     09.1   00.01   00.1     06.9    12:09     SSW
05    66.8   072.2   00:04    64.1   09:03     00.0     01.9   00.43   00.2     12.7    18:21     SSW
06    72.5   084.0   15:34    63.0   05:56     00.0     07.5   00.01   00.7     19.6    14:34     WNW
07    70.5   081.7   14:45    59.1   00:00     00.0     05.5   00.07   00.3     12.7    09:30      W 
08    57.7   063.5   10:28    53.9   14:33     07.2     00.0   00.07   00.6     17.3    16:58      W 
09    59.5   069.9   16:34    50.0   06:12     05.4     00.0   00.00   01.3     21.9    11:27      W 
10    61.7   077.3   16:37    45.6   02:03     03.3     00.0   00.00   00.4     12.7    16:03     WSW
11    64.0   086.4   18:16    43.8   05:56     00.9     00.0   00.06   00.1     11.5    18:17     WSW
12    69.5   077.3   08:41    58.7   00:00     00.0     04.6   00.00   01.1     20.7    12:22     WNW
13    62.0   071.4   17:02    53.2   06:19     02.9     00.0   00.00   00.6     14.9    13:18      W 
14    64.7   080.6   17:18    49.1   06:14     00.3     00.0   00.00   00.1     06.9    13:27      SW
15    67.5   085.0   16:09    47.2   06:05     00.0     02.5   00.00   00.2     10.3    14:31      W 
16    68.4   076.8   17:58    59.9   00:00     00.0     03.4   00.00   00.1     09.2    15:32      W 
17    68.3   079.5   17:05    57.4   06:16     00.0     03.4   00.00   00.3     09.2    13:14     WSW
18    71.2   087.1   17:38    50.3   05:49     00.0     06.3   00.00   00.4     17.3    21:33      SW
19    74.4   090.7   16:46    56.9   06:33     00.0     09.5   00.00   00.3     14.9    19:21      W 
20    75.3   091.0   15:47    57.3   06:13     00.0     10.3   00.00   00.4     11.5    15:47     WNW
21    76.0   085.2   15:08    58.5   00:00     00.0     11.1   00.03   00.5     13.8    03:30      W 
22    68.1   082.0   15:38    51.2   06:10     00.0     03.2   00.00   00.5     17.3    13:18     WSW
23    67.7   082.9   18:01    52.5   05:08     00.0     02.7   00.00   00.1     06.9    15:57      W 
24    72.1   084.7   15:07    57.9   05:51     00.0     07.2   00.00   00.4     11.5    22:50      S 
25    73.0   088.2   17:20    54.6   06:19     00.0     08.0   00.00   00.3     11.5    21:02      SW
26    75.7   089.6   16:02    58.1   06:34     00.0     10.8   00.00   00.5     12.7    21:32      W 
27    72.5   085.2   13:32    61.4   06:07     00.0     07.5   00.22   00.4     16.1    12:46     WSW
28    71.0   076.5   14:09    66.0   00:00     00.0     06.0   00.47   00.3     12.7    19:24      S 
29    71.8   082.5   17:00    62.5   00:00     00.0     06.8   00.00   00.2     11.5    15:51      SW
30    71.0   085.5   16:56    56.3   05:57     00.0     06.1   00.00   00.2     08.1    17:19      W 
--------------------------------------------------------------------------------------------------------
69.1 (68.8)   91.0  day 20     43.8  day 11   020.0    145.7   01.39   00.4     21.9   day 09     WSW
Max >=  86: 6
Min <=  86: 30
Max Rain: 0.47 ON 28-06-16
Days of Rain: 10 (> .008in) 3 (> .08in) 0 (> 0.8in)