MONTHLY CLIMATOLOGICAL SUMMARY for JUN. 2015

NAME: N2KI - Skywarn Spotter ID 13-330NYC   CITY: Washingtonville STATE: NY
ELEV: 300ft LAT: 041:26:00 LONG: 0074:07:00

                            TEMPERATURE ( F), RAIN (in.), WIND SPEED (mph)

                                               HEAT     COOL           AVG
      MEAN                                     DEG      DEG            WIND                       DOM
DAY   TEMP    HIGH   TIME     LOW    TIME      DAYS     DAYS    RAIN   SPEED    HIGH    TIME      DIR
--------------------------------------------------------------------------------------------------------
01    53.5   056.1   01:44    49.0   00:00     11.4     00.0   00.40   00.1     05.8    01:55     ESE
02    51.0   055.0   20:14    47.8   06:45     14.0     00.0   00.38   00.0     03.5    11:27     SSE
03    59.7   070.8   17:31    50.3   01:51     05.2     00.0   00.01   00.2     10.3    21:08     SSE
04    59.9   069.3   15:36    51.8   06:16     05.1     00.0   00.00   00.3     10.3    17:28      SE
05    64.6   075.1   17:00    54.8   06:08     00.4     00.0   00.01   00.1     06.9    16:04     SSW
06    65.0   073.4   17:08    49.2   00:00     00.0     00.0   00.01   00.5     12.7    17:22     ESE
07    61.7   077.0   15:45    45.1   02:56     03.3     00.0   00.00   01.0     21.9    21:56     SSE
08    68.4   081.1   16:37    59.3   09:53     00.0     03.5   00.35   00.8     12.7    13:01      SW
09    71.1   081.0   14:05    65.1   00:00     00.0     06.2   00.25   00.6     21.9    14:19      W 
10    70.3   082.7   16:05    54.9   06:04     00.0     05.3   00.00   00.4     09.2    22:48     WSW
11    77.2   088.1   15:48    69.8   05:38     00.0     12.3   00.00   00.4     12.7    14:17      W 
12    75.4   088.9   16:13    63.5   06:29     00.0     10.4   00.14   00.3     12.7    19:47     WSW
13    73.0   081.4   16:01    62.1   00:00     00.0     08.0   00.02   00.1     08.1    08:43     ESE
14    71.6   086.0   16:13    56.3   05:23     00.0     06.6   00.04   00.2     11.5    20:33     ESE
15    71.1   079.9   11:20    66.2   00:00     00.0     06.1   00.03   00.2     09.2    09:19     SSE
16    71.3   081.6   15:31    65.0   04:46     00.0     06.3   00.09   00.2     09.2    18:48     SSW
17    68.9   077.2   16:26    59.0   06:30     00.0     03.9   00.00   00.1     06.9    12:13     SSW
18    66.6   070.4   15:41    63.3   05:56     00.0     01.7   00.00   00.1     08.1    10:28     WSW
19    73.5   083.2   17:51    65.8   00:15     00.0     08.6   00.00   00.1     09.2    12:50     WSW
20    64.8   068.4   00:07    60.5   06:25     00.1     00.0   00.05   00.0     06.9    21:31      SE
21    73.2   086.9   16:20    66.1   00:08     00.0     08.2   00.92   00.3     11.5    17:36      SW
22    74.5   085.9   17:39    64.0   06:24     00.0     09.5   00.01   00.4     11.5    10:50     WSW
23    75.7   085.9   14:53    64.3   04:47     00.0     10.8   00.07   00.7     19.6    13:54     WSW
24    70.8   082.1   16:11    58.1   05:59     00.0     05.8   00.00   00.2     10.3    11:34      W 
25    67.9   081.4   14:23    52.4   06:03     00.0     03.0   00.00   00.2     08.1    14:49      W 
26    70.3   078.9   15:56    63.2   00:00     00.0     05.4   00.00   00.1     06.9    12:21     SSE
27    62.1   068.8   11:47    55.4   00:00     02.8     00.0   00.67   00.1     10.3    18:34      SE
28    60.1   065.6   16:59    55.1   01:17     04.9     00.0   00.19   00.0     08.1    22:43     SSW
29    66.5   075.4   18:37    58.7   05:43     00.0     01.6   00.00   00.4     11.5    13:33     WSW
30    69.0   078.7   14:55    60.7   00:37     00.0     04.0   00.02   00.4     19.6    21:08      S 
--------------------------------------------------------------------------------------------------------
67.6 (67.9)   88.9  day 12     45.1  day 07   047.1    127.4   03.67   00.3     21.9   day 09      SW
Max >=  86: 4
Min <=  86: 30
Max Rain: 0.92 ON 21-06-15
Days of Rain: 19 (> .008in) 9 (> .08in) 1 (> 0.8in)