MONTHLY CLIMATOLOGICAL SUMMARY for JUN. 2014

NAME: N2KI - Skywarn Spotter ID 13-330NYC   CITY: Washingtonville STATE: NY
ELEV: 300ft LAT: 041:26:00 LONG: 0074:07:00

                            TEMPERATURE ( F), RAIN (in.), WIND SPEED (mph)

                                               HEAT     COOL           AVG
      MEAN                                     DEG      DEG            WIND                       DOM
DAY   TEMP    HIGH   TIME     LOW    TIME      DAYS     DAYS    RAIN   SPEED    HIGH    TIME      DIR
----------------------------------------------------------------------------------------------------------------------------------------------------------
01    63.9   079.4   16:58    46.8   06:14     01.1     00.0   00.00   00.3     11.5    21:39      NW
02    69.4   084.8   17:15    50.0   06:28     00.0     04.5   00.00   00.5     16.1    09:15      W 
03    71.2   088.7   14:13    59.5   05:53     00.0     06.3   00.45   00.3     26.4    16:44      SW
04    68.8   081.4   15:06    60.2   05:53     00.0     03.9   00.07   00.1     10.3    15:29     NNE
05    64.5   074.5   16:37    59.5   22:16     00.4     00.0   00.34   00.1     11.5    19:15      W 
06    64.5   075.9   16:56    55.0   06:03     00.5     00.0   00.00   00.4     11.5    15:51      W 
07    66.3   082.4   17:38    49.7   06:06     00.0     01.3   00.00   00.1     09.2    13:17      W 
08    70.6   086.5   15:59    53.0   06:04     00.0     05.6   00.00   00.2     09.2    21:50     WSW
09    65.1   071.1   00:03    62.4   06:10     00.0     00.1   00.40   00.0     05.8    02:16      S 
10    68.8   075.8   18:03    63.2   05:17     00.0     03.8   00.00   00.0     03.5    15:22     ESE
11    64.1   068.8   02:26    61.5   11:36     00.9     00.0   00.03   00.1     09.2    02:51     ESE
12    63.1   068.0   00:00    59.6   06:14     01.8     00.0   00.00   00.0     05.8    01:41      E 
13    69.0   080.1   16:27    66.0   09:02     00.0     04.0   00.94   00.1     13.8    18:04      SE
14    64.8   071.1   14:25    55.2   00:00     00.1     00.0   00.01   00.4     18.4    14:42      W 
15    65.7   080.4   17:27    53.7   05:11     00.0     00.8   00.00   00.2     09.2    15:48     WSW
16    69.3   085.9   16:45    52.2   06:16     00.0     04.3   00.00   00.1     11.5    21:17      SE
17    77.8   090.7   16:38    62.3   05:50     00.0     12.9   00.00   00.3     12.7    23:59     WSW
18    79.7   086.2   17:01    68.3   00:00     00.0     14.8   00.00   00.6     13.8    07:53      W 
19    70.1   081.3   17:14    58.9   00:00     00.0     05.2   00.75   00.1     09.2    16:28     WSW
20    64.7   078.8   15:25    49.7   06:05     00.3     00.0   00.00   00.1     10.3    15:26      SW
21    64.4   077.1   17:45    49.4   06:02     00.5     00.0   00.00   00.0     06.9    11:33     SSW
22    67.1   080.2   17:05    54.8   06:14     00.0     02.2   00.00   00.0     06.9    11:27      SE
23    69.5   082.1   14:37    53.2   06:13     00.0     04.6   00.00   00.5     14.9    22:09      SW
24    73.3   082.6   17:53    64.3   05:55     00.0     08.4   00.00   00.7     14.9    22:02      SW
25    76.4   086.6   15:15    66.9   04:57     00.0     11.5   00.23   00.6     14.9    18:32     WSW
26    74.8   083.9   17:07    67.9   23:59     00.0     09.8   00.15   00.0     08.1    17:05      SW
27    72.1   083.0   16:57    62.4   06:13     00.0     07.2   00.00   00.0     04.6    15:50     ESE
28    72.2   086.3   15:20    56.0   06:13     00.0     07.2   00.00   00.1     11.5    20:32     SSE
29    73.3   086.3   13:49    59.1   06:14     00.0     08.3   00.00   00.3     11.5    18:59     WSW
30    75.0   084.8   17:22    63.1   05:48     00.0     10.0   00.00   00.3     10.3    11:52      W 
----------------------------------------------------------------------------------------------------------------------------------------------------------
69.3 (69.5)   90.7  day 17     46.8  day 01   005.6    136.8   03.38   00.2     26.5   day 03      SW
Max >=  86: 7
Min <=  86: 30
Max Rain: 0.94 ON 13-06-14
Days of Rain: 10 (> .008in) 7 (> .08in) 1 (> 0.8in)