MONTHLY CLIMATOLOGICAL SUMMARY for JUN. 2013

NAME: N2KI - Skywarn Spotter ID 10-535A   CITY: Washingtonville STATE: NY
ELEV: 300ft LAT: 041:26:00 LONG: 0074:07:00

                            TEMPERATURE ( F), RAIN (in.), WIND SPEED (mph)

                                               HEAT     COOL           AVG
      MEAN                                     DEG      DEG            WIND                       DOM
DAY   TEMP    HIGH   TIME     LOW    TIME      DAYS     DAYS    RAIN   SPEED    HIGH    TIME      DIR
----------------------------------------------------------------------------------------------------------------------------------------------------------
01    78.1   091.5   14:33    62.9   06:12     00.0     13.2   00.00   00.5     12.7    16:19     WSW
02    80.0   087.5   13:36    73.9   06:37     00.0     15.1   00.00   01.0     13.8    18:24     WSW
03    71.3   078.6   17:17    61.1   00:00     00.0     06.4   00.93   00.2     10.3    14:25      W 
04    61.9   076.0   17:31    50.2   04:08     03.0     00.0   00.00   00.5     13.8    12:28     WSW
05    61.2   075.9   17:28    43.5   06:03     03.7     00.0   00.00   00.2     10.3    18:32     SSW
06    60.0   069.1   10:56    49.5   05:42     04.9     00.0   00.17   00.2     12.7    15:16     ESE
07    59.1   060.9   15:48    57.2   00:00     05.9     00.0   01.58   00.1     04.6    22:49     ENE
08    64.6   075.5   14:18    55.8   03:50     00.4     00.0   00.15   00.4     12.7    14:03      W 
09    67.7   080.4   16:45    55.3   06:08     00.0     02.7   00.00   00.3     11.5    15:32      W 
10    62.7   069.6   12:25    58.2   04:13     02.2     00.0   00.56   00.3     18.4    14:22     SSW
11    67.8   077.5   13:27    61.2   00:01     00.0     02.9   00.30   00.8     17.3    21:30     WSW
12    66.4   074.8   17:32    56.4   00:00     00.0     01.4   00.00   00.6     14.9    08:21     WNW
13    57.2   060.6   15:08    53.2   03:54     07.8     00.0   01.44   00.5     13.8    15:12     NNE
14    59.4   075.0   15:45    51.9   05:48     05.5     00.0   00.48   00.1     10.3    16:17     SSW
15    66.8   080.1   17:16    53.6   06:06     00.0     01.9   00.00   00.3     11.5    15:55     WSW
16    66.0   078.9   16:43    51.8   05:39     00.0     01.0   00.00   00.4     12.7    17:10     WSW
17    72.2   086.8   15:57    59.6   05:50     00.0     07.3   00.00   00.4     12.7    15:58     WNW
18    65.8   080.9   13:55    58.2   23:58     00.0     00.8   00.45   00.0     13.8    15:03     ENE
19    63.6   075.0   15:54    52.9   05:44     01.4     00.0   00.00   00.0     05.8    13:08     ESE
20    66.4   081.4   17:03    48.5   06:20     00.0     01.4   00.00   00.2     09.2    14:24      S 
21    72.6   083.6   15:59    58.2   06:06     00.0     07.6   00.00   00.4     10.3    18:01      W 
22    73.6   084.0   17:02    58.7   06:24     00.0     08.6   00.00   00.5     11.5    12:49      W 
23    79.0   089.9   14:32    67.7   05:34     00.0     14.0   00.00   00.6     12.7    16:51     WSW
24    79.4   092.5   15:06    68.3   23:31     00.0     14.4   00.12   00.3     18.4    18:59     WSW
25    77.0   088.8   15:59    65.9   06:04     00.0     12.0   00.12   00.4     18.4    13:14     WSW
26    75.0   081.4   16:56    68.2   00:00     00.0     10.1   00.43   00.1     06.9    08:41      W 
27    73.6   084.1   15:04    63.8   06:15     00.0     08.6   00.85   00.3     18.4    23:54     ESE
28    76.3   084.9   16:41    67.6   00:00     00.0     11.3   00.17   00.7     13.8    00:02     WSW
29    73.7   084.3   17:02    64.4   06:00     00.0     08.7   00.01   00.4     12.7    15:08      SW
30    72.6   085.0   13:15    63.6   06:04     00.0     07.6   00.98   00.3     14.9    15:33     SSW
----------------------------------------------------------------------------------------------------------------------------------------------------------
69.0 (69.3)   92.5  day 24     43.5  day 05   034.7    157.3   08.74   00.4     18.4   day 27     WSW
Max >=  86: 6
Min <=  86: 30
Max Rain: 1.58 ON 7-06-13
Days of Rain: 16 (> .008in) 15 (> .08in) 5 (> 0.8in)