MONTHLY CLIMATOLOGICAL SUMMARY for JUN. 2011

NAME: N2KI Studio 1 - Bravo   CITY: Washingtonville STATE: New York
ELEV: 445 LAT: N41 25 29.5 LONG: W74 08 53.3

                            TEMPERATURE ( F), RAIN (in.), WIND SPEED (mph)

                                               HEAT     COOL           AVG
      MEAN                                     DEG      DEG            WIND                       DOM
DAY   TEMP    HIGH   TIME     LOW    TIME      DAYS     DAYS    RAIN   SPEED    HIGH    TIME      DIR
----------------------------------------------------------------------------------------------------------------------------------------------------------
01    79.8   090.3   14:11    68.5   06:24     00.0     14.9   00.00   01.5     19.6    16:57     WSW
02    66.5   077.0   00:01    53.6   00:00     00.0     01.6   00.00   01.3     23.0    10:00     WSW
03    62.5   075.6   16:09    49.9   05:38     02.5     00.0   00.00   00.8     18.4    13:14     WSW
04    61.1   073.9   14:42    46.5   03:38     03.8     00.0   00.00   00.6     14.9    12:41      SW
07    68.9   088.1   16:10    51.3   06:25     00.0     03.9   00.00   00.6     12.7    16:32      SW
08    80.8   095.3   17:25    66.8   05:03     00.0     15.8   00.00   00.7     11.5    17:04     WSW
09    77.5   094.9   14:13    67.3   06:12     00.0     12.6   00.10   00.5     13.8    15:01     WSW
10    74.1   083.9   15:46    65.7   06:10     00.0     09.2   00.00   00.2     05.8    17:28      S 
11    65.5   069.7   02:41    60.9   00:00     00.0     00.5   00.10   00.3     11.5    03:47      E 
12    63.7   071.1   16:11    57.5   06:44     01.2     00.0   00.80   00.0     03.5    21:21     ESE
13    63.6   069.4   13:45    57.3   00:00     01.4     00.0   00.00   00.3     11.5    10:34     WSW
14    59.7   066.5   10:48    52.4   06:15     05.3     00.0   00.00   00.1     06.9    16:52      E 
15    66.1   083.9   17:43    50.7   01:18     00.0     01.2   00.00   00.3     11.5    18:10      SW
16    67.6   080.0   13:44    53.1   06:03     00.0     02.7   00.00   00.4     11.5    16:06     WSW
17    67.2   077.1   13:07    61.2   00:00     00.0     02.3   01.50   00.2     11.5    13:59      SW
18    70.9   082.5   15:22    59.6   04:25     00.0     06.0   00.00   00.4     11.5    12:37     WSW
19    69.0   079.7   17:14    59.6   06:06     00.0     04.0   00.00   00.2     06.9    11:22      SE
20    70.6   082.9   17:11    54.8   05:50     00.0     05.6   00.00   00.4     08.1    15:13      SE
21    74.4   082.4   14:50    60.7   05:00     00.0     09.5   00.00   00.0     04.6    14:55     WSW
22    70.5   077.6   16:41    66.3   06:17     00.0     05.6   00.90   00.1     13.8    09:18      S 
23    69.6   072.4   17:35    66.9   00:00     00.0     04.7   00.50   00.1     09.2    17:03      NE
24    67.8   072.2   15:19    64.1   05:30     00.0     02.9   00.10   00.2     11.5    14:46      SE
25    72.0   081.1   17:46    64.3   06:02     00.0     07.0   00.00   00.9     13.8    16:26     WSW
26    69.9   077.8   14:05    60.7   05:58     00.0     05.0   00.00   00.3     08.1    15:37     WSW
27    72.7   084.0   17:44    58.3   06:20     00.0     07.8   00.00   00.2     11.5    21:37      W 
28    75.3   083.4   16:11    66.4   03:05     00.0     10.3   00.00   00.4     11.5    15:08     WSW
29    71.1   076.9   17:15    65.3   06:47     00.0     06.2   00.60   00.6     17.3    14:35     WSW
30    69.7   080.8   16:14    58.8   23:59     00.0     04.7   00.00   00.8     11.5    18:11     WSW
----------------------------------------------------------------------------------------------------------------------------------------------------------
69.6 (69.6)   95.3  day 08     46.5  day 04   014.1    144.0   04.70   00.4     23.0   day 02      SW
Max >=  86: 4
Min <=  86: 28
Max Rain: 1.50 ON 17-06-11
Days of Rain: 8 (> .008in) 8 (> .08in) 3 (> 0.8in)