MONTHLY CLIMATOLOGICAL SUMMARY for JUN. 2010

NAME: N2KI Studio 1 - Bravo   CITY: Washingtonville STATE: New York
ELEV: 445 LAT: N41 25 29.5 LONG: W74 08 53.3

                            TEMPERATURE ( F), RAIN (in.), WIND SPEED (mph)

                                               HEAT     COOL           AVG
      MEAN                                     DEG      DEG            WIND                       DOM
DAY   TEMP    HIGH   TIME     LOW    TIME      DAYS     DAYS    RAIN   SPEED    HIGH    TIME      DIR
----------------------------------------------------------------------------------------------------------------------------------------------------------
01    70.3   082.0   11:45    61.3   05:53     00.0     05.4   00.50   00.6     16.1    09:31     WSW
02    72.6   086.0   17:34    56.8   06:19     00.0     07.7   00.00   00.8     18.4    22:37     WSW
03    77.4   085.6   18:09    70.2   01:27     00.0     12.5   00.00   01.3     14.9    15:18      W 
04    75.1   086.3   16:59    62.5   06:08     00.0     10.2   00.00   00.4     11.5    16:35     WSW
05    77.9   087.6   16:55    67.6   00:00     00.0     13.0   00.40   01.3     20.7    16:20     WSW
06    70.8   082.5   14:00    58.7   00:00     00.0     05.9   00.00   01.7     23.0    14:37     WSW
07    62.1   073.8   16:46    51.1   06:18     02.9     00.0   00.00   00.7     12.7    16:57     WSW
08    59.5   071.6   16:20    47.3   05:05     05.4     00.0   00.00   00.6     13.8    13:40     WSW
09    54.0   060.6   12:58    44.6   05:50     10.9     00.0   00.40   00.2     10.3    15:56      SE
10    65.3   078.2   15:41    57.1   03:09     00.0     00.3   00.00   00.5     13.8    15:06      SW
11    64.6   076.4   18:14    49.9   06:10     00.4     00.0   00.00   00.7     16.1    17:26     WSW
12    68.8   080.7   16:34    56.2   05:30     00.0     03.8   00.10   00.7     11.5    13:05     WSW
13    68.2   072.0   13:14    65.7   00:00     00.0     03.3   00.10   00.1     05.8    14:51     ESE
14    69.3   078.1   15:43    63.7   00:00     00.0     04.3   00.00   00.1     06.9    13:48     SSW
15    68.7   081.1   17:16    58.5   06:35     00.0     03.8   00.00   00.3     06.9    15:21      S 
16    66.2   073.9   16:27    53.6   05:04     00.0     01.3   00.00   00.6     13.8    11:00      SW
17    67.9   073.4   17:44    58.2   00:00     00.0     02.9   00.00   01.0     24.1    10:47      W 
18    69.8   086.0   16:53    52.1   06:11     00.0     04.9   00.00   00.4     09.2    16:54     WSW
19    73.3   086.9   16:16    55.1   06:23     00.0     08.3   00.00   00.9     12.7    16:17      W 
20    79.8   091.7   16:33    68.3   00:00     00.0     14.8   00.00   00.8     12.7    17:53      W 
21    75.9   088.3   15:56    64.7   05:55     00.0     11.0   00.00   00.6     12.7    16:33     WSW
22    70.3   080.9   12:04    60.8   05:37     00.0     05.4   00.20   00.1     03.5    20:26      S 
23    77.6   089.9   18:19    67.7   02:39     00.0     12.7   00.10   00.9     18.4    14:27      W 
24    78.7   088.6   13:12    71.2   00:52     00.0     13.7   00.10   01.3     24.1    17:22      W 
25    74.2   084.4   17:29    62.5   06:18     00.0     09.2   00.00   00.5     11.5    16:32     WSW
26    72.1   085.2   14:50    59.1   06:19     00.0     07.2   00.00   00.4     11.5    13:56      W 
27    76.6   089.9   15:59    64.0   06:27     00.0     11.7   00.00   00.6     13.8    13:25      SW
28    80.8   089.6   13:19    73.1   23:28     00.0     15.9   00.10   01.3     19.6    12:02     WSW
29    77.0   083.9   17:45    63.9   00:00     00.0     12.1   00.00   01.0     18.4    15:10     WSW
30    64.4   076.5   15:36    51.2   05:59     00.6     00.0   00.00   01.0     16.1    12:36     WSW
----------------------------------------------------------------------------------------------------------------------------------------------------------
71.0 (70.8)   91.7  day 20     44.6  day 09   020.2    201.3   02.11   00.7     24.2   day 05     WSW
Max >=  86: 11
Min <=  86: 30
Max Rain: 0.50 ON 1-06-11
Days of Rain: 9 (> .008in) 9 (> .08in) 0 (> 0.8in)