MONTHLY CLIMATOLOGICAL SUMMARY for JUN. 2009

NAME: N2KI Studio 1 - Bravo   CITY: Washingtonville STATE: New York
ELEV: 445 LAT: N41 25 29.5 LONG: W74 08 53.3

                            TEMPERATURE ( F), RAIN (in.), WIND SPEED (mph)

                                               HEAT     COOL           AVG
      MEAN                                     DEG      DEG            WIND                       DOM
DAY   TEMP    HIGH   TIME     LOW    TIME      DAYS     DAYS    RAIN   SPEED    HIGH    TIME      DIR
----------------------------------------------------------------------------------------------------------------------------------------------------------
01    58.6   071.9   17:26    42.0   05:25     06.4     00.0   00.00   01.3     14.9    11:19     WSW
02    67.0   077.1   15:27    59.1   03:43     00.0     02.0   00.00   01.1     17.3    15:29     WSW
03    60.1   068.2   11:01    55.3   06:33     04.8     00.0   00.10   00.4     08.1    16:58     SSW
04    62.0   072.9   16:43    54.1   06:08     03.0     00.0   00.10   00.4     05.8    13:01      SW
05    57.5   061.8   11:02    55.0   04:54     07.4     00.0   00.10   00.3     08.1    12:08      E 
06    66.3   080.7   18:29    56.1   05:43     00.0     01.4   00.00   00.8     14.9    15:20     WSW
07    69.3   083.1   15:00    54.1   06:02     00.0     04.3   00.00   00.5     08.1    15:12     WSW
08    69.6   080.5   15:41    60.5   06:04     00.0     04.7   00.00   00.5     09.2    10:50      E 
09    64.3   069.2   13:00    59.5   06:20     00.6     00.0   01.30   00.4     13.8    07:23      SW
10    65.3   071.5   16:27    60.5   06:00     00.0     00.4   00.00   00.2     04.6    09:38      E 
11    63.4   067.4   13:13    61.2   23:05     01.6     00.0   00.60   00.1     04.6    11:23      E 
12    68.8   080.2   16:26    61.0   03:01     00.0     03.9   00.70   00.4     06.9    10:38      S 
13    68.1   074.6   11:52    63.7   23:59     00.0     03.1   00.10   00.4     06.9    18:39      SW
14    66.7   078.0   18:41    60.4   07:12     00.0     01.8   00.40   00.6     09.2    12:25      E 
15    62.4   071.4   13:24    56.1   03:41     02.6     00.0   01.20   00.7     16.1    15:27     WSW
16    61.7   072.4   15:51    53.9   05:47     03.3     00.0   00.00   00.6     11.5    20:28      W 
17    62.0   070.8   16:19    53.3   06:22     03.0     00.0   00.00   00.6     08.1    18:03     SSW
18    61.5   064.8   14:26    57.6   02:49     03.5     00.0   01.70   00.7     11.5    17:31      NW
19    69.0   079.0   16:12    62.0   06:27     00.0     04.0   00.00   00.4     09.2    15:23      W 
20    63.7   067.9   14:19    57.3   05:48     01.2     00.0   00.30   00.1     04.6    17:58      W 
21    67.9   075.6   14:19    62.1   04:10     00.0     03.0   00.60   00.6     09.2    19:33     ENE
22    67.9   073.7   16:49    64.0   00:53     00.0     03.0   00.00   01.2     11.5    18:06     ENE
23    72.5   083.1   17:25    65.3   07:46     00.0     07.6   00.00   00.7     05.8    18:10      E 
24    71.0   079.2   15:32    66.0   23:30     00.0     06.1   00.00   00.4     06.9    18:20      E 
25    73.9   086.4   17:06    65.2   05:46     00.0     08.9   00.00   00.5     09.2    18:07      W 
26    67.9   083.9   15:14    61.4   23:59     00.0     03.0   00.00   00.6     13.8    17:28     WSW
27    67.1   074.8   15:28    61.2   00:00     00.0     02.1   00.00   00.4     08.1    17:28     WSW
28    69.6   082.3   17:41    58.1   05:26     00.0     04.7   00.60   00.4     06.9    23:51      SW
29    71.9   083.2   16:20    63.2   06:04     00.0     07.0   00.00   01.1     11.5    15:05     WSW
30    66.7   083.5   13:02    58.3   05:23     00.0     01.7   00.60   00.5     17.3    14:26     WSW
----------------------------------------------------------------------------------------------------------------------------------------------------------
66.1 (67.3)   86.4  day 25     42.0  day 01   037.3    072.7   08.56   00.6     17.3   day 30     WSW
Max >=  86: 1
Min <=  86: 30
Max Rain: 1.70 ON 18-06-11
Days of Rain: 79 (> .008in) 79 (> .08in) 3 (> 0.8in)