MONTHLY CLIMATOLOGICAL SUMMARY for MAY. 2023

NAME: N2KI Weather System - KNYWASHI15   CITY: Washingtonville STATE: NY
ELEV: 300ft LAT: 041:26:00 LONG: 0074:07:00

                            TEMPERATURE ( F), RAIN (in.), WIND SPEED (mph)

                                               HEAT     COOL           AVG
      MEAN                                     DEG      DEG            WIND                       DOM
DAY   TEMP    HIGH   TIME     LOW    TIME      DAYS     DAYS    RAIN   SPEED    HIGH    TIME      DIR
--------------------------------------------------------------------------------------------------------
01    51.7   059.5   17:01    44.8   23:55     13.2     00.0   00.09   01.9     19.6    18:13     WSW
02    49.1   055.0   16:50    45.0   05:21     15.8     00.0   00.00   00.9     12.7    12:30      W 
03    48.3   055.4   14:08    43.1   05:45     16.7     00.0   00.00   00.4     06.9    14:13      W 
04    49.5   057.8   15:44    44.4   01:56     15.4     00.0   00.02   00.2     09.2    15:01      N 
05    52.5   063.7   15:03    43.5   05:17     12.4     00.0   00.00   00.3     10.3    16:37      E 
06    55.8   072.9   17:32    38.0   06:28     09.2     00.0   00.00   00.4     10.3    13:19     WNW
07    60.3   078.7   16:30    39.8   06:25     04.7     00.0   00.08   00.6     13.8    20:01      W 
08    63.8   075.5   16:26    53.4   00:00     01.1     00.0   00.03   00.5     11.5    16:34     WNW
09    55.7   067.6   13:48    42.4   06:33     09.3     00.0   00.00   00.3     09.2    14:04      NE
10    55.4   074.4   16:39    35.8   06:19     09.5     00.0   00.00   00.3     11.5    16:19      NW
11    62.6   082.8   16:48    42.2   05:56     02.3     00.0   00.00   00.5     11.5    16:21      W 
12    68.7   086.6   14:58    51.1   06:00     00.0     03.8   00.00   00.4     11.5    17:27     WNW
13    69.0   081.7   14:08    53.0   00:00     00.0     04.0   00.00   00.1     10.3    13:50      W 
14    57.9   069.7   15:54    44.8   04:37     07.0     00.0   00.00   00.2     09.2    15:06      SW
15    57.9   076.4   16:37    37.9   06:01     07.0     00.0   00.00   00.5     11.5    19:12      W 
16    63.1   079.0   15:38    46.8   05:25     01.8     00.0   00.00   00.6     14.9    16:58      W 
17    54.3   061.2   13:50    38.3   00:00     10.6     00.0   00.00   00.5     14.9    14:46     WNW
18    49.2   065.7   15:55    30.0   05:58     15.8     00.0   00.00   00.6     14.9    21:54     WSW
19    58.0   071.3   15:47    42.7   06:15     06.9     00.0   00.00   01.0     17.3    21:47      SW
20    58.4   065.4   18:02    46.8   05:46     06.6     00.0   00.33   00.0     03.5    00:28     WSW
21    60.1   071.2   17:40    50.2   06:34     04.9     00.0   00.01   00.3     11.5    15:13      W 
22    61.8   076.9   17:05    44.3   06:26     03.1     00.0   00.00   00.1     09.2    20:31     SSW
23    61.5   074.0   15:22    47.9   06:23     03.5     00.0   00.00   00.3     11.5    17:45     WSW
24    59.4   079.9   15:14    44.5   06:02     05.5     00.0   00.05   00.1     09.2    19:25      SW
25    54.8   066.1   17:17    42.8   06:05     10.1     00.0   00.00   00.5     11.5    10:19     ENE
26    56.8   072.4   17:42    38.7   06:03     08.2     00.0   00.00   00.1     08.1    15:51      SE
27    61.9   079.8   17:35    40.6   06:07     03.1     00.0   00.00   00.1     08.1    09:59      SE
28    68.2   086.0   17:46    47.0   06:19     00.0     03.3   00.00   00.0     05.8    19:24     WSW
29    67.5   082.3   15:02    51.4   06:25     00.0     02.5   00.00   00.2     11.5    17:45      S 
30    61.6   076.6   15:09    46.1   06:11     03.3     00.0   00.00   00.1     08.1    15:44      SE
31    63.2   082.8   16:07    42.5   06:15     01.7     00.0   00.00   00.0     06.9    17:52      SE
--------------------------------------------------------------------------------------------------------
58.6 (58.2)   86.6  day 12     30.0  day 18   208.7    013.6   00.61   00.4     19.6   day 01     WSW
Max >=  86: 2
Min <=  86: 31
Max Rain: 0.33 ON 20-05-23
Days of Rain: 7 (> .008in) 3 (> .08in) 0 (> 0.8in)