MONTHLY CLIMATOLOGICAL SUMMARY for MAY. 2022

NAME: N2KI - Skywarn Spotter ID 15-360NYC   CITY: Washingtonville STATE: NY
ELEV: 300ft LAT: 041:26:00 LONG: 0074:07:00

                            TEMPERATURE ( F), RAIN (in.), WIND SPEED (mph)

                                               HEAT     COOL           AVG
      MEAN                                     DEG      DEG            WIND                       DOM
DAY   TEMP    HIGH   TIME     LOW    TIME      DAYS     DAYS    RAIN   SPEED    HIGH    TIME      DIR
--------------------------------------------------------------------------------------------------------
20    65.6   073.9   15:00    62.7   22:57     00.0     00.6   00.27   00.3     11.5    18:58      SE
21    75.4   094.5   16:32    62.8   00:37     00.0     10.4   00.00   00.2     11.5    18:02     SSW
22    76.5   092.4   16:11    65.5   05:52     00.0     11.5   00.04   00.3     24.1    18:47     WSW
23    64.2   071.8   15:22    56.3   06:19     00.8     00.0   00.00   00.2     08.1    14:30     NNE
24    60.8   069.4   13:56    52.6   00:00     04.1     00.0   00.00   00.1     06.9    15:59      SE
25    61.3   075.6   16:13    48.4   06:21     03.7     00.0   00.00   00.2     09.2    17:37      E 
26    62.4   074.3   15:06    49.6   05:38     02.5     00.0   00.00   00.6     14.9    21:45      SW
27    69.6   078.9   15:47    63.5   03:35     00.0     04.6   00.05   00.4     13.8    18:10      SW
28    65.6   069.7   11:33    57.4   00:00     00.0     00.6   00.32   00.0     04.6    09:10      SW
29    64.6   079.6   18:22    49.6   06:20     00.4     00.0   00.01   00.0     08.1    16:21      W 
30    72.3   088.4   17:18    54.3   06:03     00.0     07.4   00.00   00.1     11.5    16:34     WSW
31    80.6   093.9   16:47    67.5   06:24     00.0     15.7   00.00   00.1     09.2    14:47      W 
--------------------------------------------------------------------------------------------------------
68.2 (68.9)   94.5  day 21     48.4  day 25   011.4    051.0   03.55   00.2     24.2   day 22     WSW
Max >=  86: 4
Min <=  86: 12
Max Rain: 0.32 ON 28-05-22
Days of Rain: 5 (> .008in) 2 (> .08in) 0 (> 0.8in)